NOAA Style Reports for San Sebastián

           escudo Sn.Sn

Report for 2017 Jun
                   MONTHLY CLIMATOLOGICAL SUMMARY for JUN. 2017

NAME: kocher   CITY: San Sebastian   STATE: Guipuzcoa 
ELEV:    80 m  LAT:  43 18' 42" N  LONG:   2 00' 56" W

                   TEMPERATURE (C), RAIN  (mm), WIND SPEED (km/hr)

                                      HEAT  COOL        AVG
    MEAN                              DEG   DEG         WIND                 DOM
DAY TEMP  HIGH   TIME   LOW    TIME   DAYS  DAYS  RAIN  SPEED HIGH   TIME    DIR
------------------------------------------------------------------------------------
 1  20.1  25.9   15:25  14.9    6:50   0.8   2.6   0.0   0.8  14.5   21:05   ESE
 2  18.3  20.1   11:25  16.1   23:50   0.4   0.4   0.8   1.1  24.1   10:30    SE
 3  15.4  16.9   17:05  12.9   23:50   2.9   0.0  22.2   0.5  14.5   21:40    SE
 4  13.6  15.1   15:45  12.5    8:15   4.8   0.0   9.4   0.0   8.0   20:05     W
 5  16.8  22.9   19:35  12.4    5:10   2.6   1.0  23.8   0.5  14.5   00:00    SE
 6  16.4  20.0    0:10  14.7    8:40   1.9   0.0   1.4   1.4  35.4    0:15    SE
 7  16.9  21.0   17:05  12.1    6:55   2.0   0.7   0.0   0.6  16.1   15:30    SE
 8  21.1  33.3   16:35  15.5    6:00   0.9   3.7   2.2   4.8  49.9   17:20   SSE
 9  17.9  20.3   14:35  14.8    7:50   1.0   0.6   6.8   1.1  27.4    1:05   ESE
10  20.8  27.4   16:25  17.6    4:55   0.1   2.6   0.0   2.1  33.8   17:30   WNW
11  19.2  22.0   12:10  17.6    7:15   0.1   1.0   0.0   1.8  20.9   12:25   SSE
12  19.2  22.2   14:10  17.2    6:55   0.3   1.2   5.4   0.5  11.3    7:25    SE
13  19.6  26.0   15:10  16.7    5:55   0.3   1.6   0.0   1.6  27.4   15:55   SSE
14  21.2  25.3   14:30  18.9    1:05   0.0   2.9   0.0   2.3  27.4    4:00     W
15  17.9  19.3    0:05  17.2    8:30   0.5   0.1   5.0   0.5  14.5    1:25    SE
16  18.8  21.3   14:20  16.8    6:55   0.5   1.0   2.6   0.3  11.3   14:10    SE
17  20.2  25.1   19:10  15.9    5:40   0.6   2.5   0.0   0.8  24.1   16:25    SE
18  22.2  27.9   15:45  16.1    5:35   0.4   4.2   0.0   0.5  17.7   16:45   SSE
19  27.1  37.5   16:45  19.7    5:55   0.0   8.8   0.0   6.1  40.2    9:50   SSE
20  27.7  33.8   15:20  22.4    8:00   0.0   9.4   0.0   2.6  29.0    3:20   SSE
21  28.1  35.2   14:20  22.1    6:15   0.0   9.8   0.0   1.0  14.5   20:00   SSE
22  20.8  25.1    0:05  19.2   21:45   0.0   2.5   0.8   1.1  22.5    3:35    SE
23  19.9  22.1   14:50  18.1    7:20   0.0   1.7   1.0   0.5  14.5   11:25    SE
24  21.0  24.0   15:20  18.8    7:20   0.0   2.7   0.0   0.6  14.5   15:45    SE
25  20.4  24.2   14:55  16.7    5:45   0.3   2.4   0.6   0.6  12.9   12:15    SE
26  20.8  27.6   12:50  18.8    7:25   0.0   2.6   5.2   1.9  30.6   13:55     W
27  19.5  22.5   14:35  17.8    6:35   0.0   1.2   0.2   1.0  17.7   15:20    SE
28  19.0  24.9   12:25  16.2   23:45   0.6   1.3   7.2   3.2  45.1   21:30   SSE
29  16.9  21.1   15:10  14.9   18:15   1.6   0.2   6.2   2.9  25.7   11:00    SE
30  14.9  18.1   13:20  12.9    7:10   3.4   0.0   5.8   2.3  25.7   12:35    SE
-------------------------------------------------------------------------------------
    19.7  37.5    19    12.1     7    25.9  68.5 106.6   1.5  49.9     8      SE

Max >=  32.0:  4
Max <=   0.0:  0
Min <=   0.0:  0
Min <= -18.0:  0
Max Rain: 23.80 ON 05/06/17
Days of Rain: 18 (> .2 mm) 12 (> 2 mm) 2 (> 20 mm)
Heat Base:  18.3  Cool Base:  18.3  Method: Integration