NOAA Style Reports for San Sebastián

           escudo Sn.Sn

Report for 2017 Aug
                   MONTHLY CLIMATOLOGICAL SUMMARY for AUG. 2017

NAME: kocher   CITY: San Sebastian   STATE: Guipuzcoa 
ELEV:    80 m  LAT:  43 18' 42" N  LONG:   2 00' 56" W

                   TEMPERATURE (C), RAIN  (mm), WIND SPEED (km/hr)

                                      HEAT  COOL        AVG
    MEAN                              DEG   DEG         WIND                 DOM
DAY TEMP  HIGH   TIME   LOW    TIME   DAYS  DAYS  RAIN  SPEED HIGH   TIME    DIR
------------------------------------------------------------------------------------
 1  20.6  23.8   16:50  18.0    7:30   0.0   2.4   0.2   0.5  11.3   16:40   ESE
 2  21.5  25.6   16:10  17.8    7:25   0.0   3.3   0.0   0.6  17.7   17:05    SE
 3  23.2  27.2   16:50  19.3    7:55   0.0   4.9   0.0   0.8  14.5   10:45    SE
 4  24.8  30.7   16:35  20.0    8:10   0.0   6.5   0.0   0.8  14.5   13:30     S
 5  20.3  23.6    0:05  18.3   23:20   0.0   2.0   7.4   0.5  14.5   13:35    SE
 6  20.3  23.2   12:45  17.9    8:20   0.0   2.0   0.0   1.0  17.7    3:40    SE
 7  20.1  23.8   15:00  17.2    2:10   0.2   1.9   0.0   1.0  17.7   14:15     W
 8  17.6  21.1   13:30  15.3   15:50   1.0   0.3   6.0   1.9  19.3    1:20    SE
 9  16.6  20.7   16:00  14.4   10:40   1.9   0.1   6.6   1.9  22.5   14:00    SE
10  16.4  20.1   13:35  14.4    5:50   2.0   0.1  27.8   1.3  20.9   10:20    SE
11  17.9  21.7   14:25  13.9    8:00   1.3   0.9   0.2   1.4  20.9   10:10    SE
12  18.1  23.2   17:25  12.8    6:40   1.9   1.7   0.0   1.1  16.1   13:30    SE
13  20.4  23.7   15:55  17.1    8:05   0.1   2.3   0.0   0.8  14.5   13:10   ESE
14  23.7  36.6   17:55  16.3    7:55   0.4   5.8   0.0   4.0  56.3   19:10   SSE
15  20.8  22.2   13:55  19.3   21:55   0.0   2.5   0.2   0.8  20.9    0:50    SE
16  20.4  24.5   15:20  18.2    8:10   0.0   2.1   0.2   0.5  12.9   17:15   SSW
17  21.1  26.2   12:20  16.3    7:45   0.4   3.2   0.0   1.1  17.7   14:35   WSW
18  20.2  24.2   15:15  18.2    5:50   0.0   1.9   0.2   0.3  11.3    5:40   SSE
19  20.6  24.3   16:00  17.8    7:50   0.0   2.3   0.0   1.1  14.5   13:30    SE
20  20.1  23.5   17:15  16.4    7:55   0.2   2.0   0.0   1.0  12.9   12:35    SE
21  23.0  33.0   16:45  14.4    7:50   1.1   5.8   0.0   1.0  11.3    8:45   SSE
22  25.2  30.6    4:45  21.2   23:45   0.0   6.9   0.0   4.3  37.0   12:20    SE
23  21.4  23.8   13:50  19.3    3:15   0.0   3.1   0.0   0.6  11.3    0:55    SE
24  21.8  25.9   15:15  19.7    8:10   0.0   3.5   0.0   0.8  17.7   17:00    SE
25  20.8  23.4   13:35  18.4    7:45   0.0   2.5   0.0   0.5  12.9   12:55   SSW
26  21.3  25.7   14:15  19.0    7:45   0.0   3.0   0.4   0.8  22.5   18:00   WNW
27  23.1  27.2    3:30  19.4    7:35   0.0   4.8   1.0   1.9  33.8   11:00     S
28  23.5  31.8   15:35  19.2    7:10   0.0   5.2   2.6   1.6  32.2   19:05     S
29  21.2  25.4   14:35  17.4    8:20   0.1   2.9  18.0   1.0  24.1    1:25     W
30  20.4  25.7   13:35  16.4   00:00   0.1   2.2  44.0   1.0  17.7   18:20    SE
31  17.3  21.3   16:15  15.6    7:45   1.4   0.5   2.4   0.6  17.7   13:40     W
-------------------------------------------------------------------------------------
    20.8  36.6    14    12.8    12    12.2  88.5 117.2   1.2  56.3    14      SE

Max >=  32.0:  2
Max <=   0.0:  0
Min <=   0.0:  0
Min <= -18.0:  0
Max Rain: 43.99 ON 30/08/17
Days of Rain: 15 (> .2 mm) 8 (> 2 mm) 2 (> 20 mm)
Heat Base:  18.3  Cool Base:  18.3  Method: Integration