NOAA Style Reports for San Sebastián

           escudo Sn.Sn

Report for 2017 Nov
                   MONTHLY CLIMATOLOGICAL SUMMARY for NOV. 2017

NAME: kocher   CITY: San Sebastian   STATE: Guipuzcoa 
ELEV:    80 m  LAT:  43 18' 42" N  LONG:   2 00' 56" W

                   TEMPERATURE (C), RAIN  (mm), WIND SPEED (km/hr)

                                      HEAT  COOL        AVG
    MEAN                              DEG   DEG         WIND                 DOM
DAY TEMP  HIGH   TIME   LOW    TIME   DAYS  DAYS  RAIN  SPEED HIGH   TIME    DIR
------------------------------------------------------------------------------------
 1  18.1  21.2   14:55  11.8    0:05   0.8   0.6   0.0  11.3  37.0    8:50     S
 2  19.6  22.3   13:30  17.2    7:55   0.1   1.4   0.0  11.1  37.0   12:00     S
 3  19.2  21.7   14:25  16.0   22:55   0.2   1.2   0.0   5.5  35.4    9:20     S
 4  15.3  17.6    3:40  13.2   22:05   3.0   0.0  54.8   1.1  19.3   19:10   SSE
 5  12.1  14.4   12:45  10.7   21:00   6.3   0.0  22.0   2.4  41.8    6:25    SE
 6  10.3  13.3   13:25   7.4   23:55   7.9   0.0   5.0   1.0  32.2    2:30    SE
 7   8.2  13.3   16:00   4.1    7:15  10.1   0.0   0.2   1.0  12.9   20:40     W
 8   9.4  12.2    1:30   6.7   21:35   8.9   0.0  17.0   1.8  22.5   14:10    NW
 9  10.2  12.3   11:05   7.1    0:05   8.1   0.0  11.8   1.4  22.5    6:10    SE
10  11.0  14.3   14:55   8.2    2:10   7.3   0.0  13.6   0.8  25.7   15:35   NNW
11  12.7  13.9   15:10  11.8   23:50   5.7   0.0   8.6   0.8  17.7   11:25    SE
12  13.2  15.3   14:55  11.8    0:05   5.1   0.0   4.8   1.6  25.7   23:05    SE
13  10.2  12.9    0:05   7.4    9:05   8.1   0.0   4.0   1.9  24.1    3:05    SE
14   7.8  12.3   15:00   3.7    7:55  10.5   0.0   0.0   0.6  12.9   13:10    SE
15   7.2  13.2   15:05   2.7    7:40  11.1   0.0   0.0   0.5   9.7    0:50   SSE
16   8.7  15.8   14:05   4.4    8:00   9.6   0.0   0.0   0.5  14.5   15:25     W
17  10.3  16.1   15:45   5.9    5:15   7.9   0.0   0.0   0.5  14.5   13:45   SSE
18   9.9  14.3   13:30   7.5   23:55   8.4   0.0   0.0   0.2   6.4   12:40    SE
19   8.3  13.9   15:35   5.0    4:20  10.0   0.0   0.0   1.0  11.3    8:00     W
20   9.6  16.8   14:15   4.6    6:40   8.7   0.0   0.0   0.6  11.3   11:00    SE
21  13.3  20.9   16:00   9.2    3:50   5.2   0.3   0.0   1.1  11.3   10:50   SSE
22  17.3  21.7   14:45   9.3    0:50   1.6   0.6   0.0  11.6  46.7    8:30     S
23  19.4  22.1   14:15  17.3    8:00   0.0   1.1   0.0   9.3  46.7    5:15   SSE
24  16.6  20.6    0:15  12.7   00:00   2.0   0.3   0.6   4.3  33.8    0:10     S
25  11.2  12.9    0:35   8.1   23:50   7.1   0.0  19.0   1.1  22.5    4:20    SE
26   8.7  12.1   14:45   7.2   23:55   9.6   0.0   7.8   0.6  25.7    0:25     W
27   7.3  10.9   14:20   4.8    7:30  11.0   0.0   0.0   0.6  11.3    6:05     W
28   8.7  13.7   15:10   4.3    7:05   9.6   0.0  16.2   1.3  20.9   14:15     W
29   6.6   8.7    0:05   4.2   22:50  11.7   0.0  25.6   1.1  16.1   16:30     W
30   5.2   8.1   12:50   2.9    7:55  13.1   0.0  28.4   1.3  17.7   21:15   SSE
-------------------------------------------------------------------------------------
    11.5  22.3     2     2.7    15   209.0   5.5 239.4   2.6  46.7    22     SSE

Max >=  32.0:  0
Max <=   0.0:  0
Min <=   0.0:  0
Min <= -18.0:  0
Max Rain: 54.79 ON 04/11/17
Days of Rain: 16 (> .2 mm) 14 (> 2 mm) 4 (> 20 mm)
Heat Base:  18.3  Cool Base:  18.3  Method: Integration