NOAA Style Reports for San Sebastián

           escudo Sn.Sn

Report for 2017 Dec
                   MONTHLY CLIMATOLOGICAL SUMMARY for DEC. 2017

NAME: kocher   CITY: San Sebastian   STATE: Guipuzcoa 
ELEV:    80 m  LAT:  43 18' 42" N  LONG:   2 00' 56" W

                   TEMPERATURE (C), RAIN  (mm), WIND SPEED (km/hr)

                                      HEAT  COOL        AVG
    MEAN                              DEG   DEG         WIND                 DOM
DAY TEMP  HIGH   TIME   LOW    TIME   DAYS  DAYS  RAIN  SPEED HIGH   TIME    DIR
------------------------------------------------------------------------------------
 1   3.7   7.7    2:40   0.6   13:25  14.6   0.0  22.6   1.8  30.6    6:25     W
 2   2.6   4.1    0:05   1.4   23:40  15.7   0.0  10.8   0.6  12.9    2:15     W
 3   3.2   5.9   19:00  -0.3    6:10  15.1   0.0   1.2   0.8  14.5   12:25   SSE
 4   6.9   9.9   16:05   5.2    0:30  11.4   0.0   3.8   0.2  11.3    1:00     S
 5   6.1  11.9   15:40   2.5    8:10  12.3   0.0   0.0   0.5   9.7   10:50     W
 6   7.2  13.8   14:20   2.3    8:10  11.1   0.0   0.0   1.0  16.1   19:25     W
 7  11.1  14.4   14:20   6.8    2:20   7.2   0.0   0.0   6.0  29.0   11:25     S
 8   9.7  11.5    1:20   8.7   22:20   8.6   0.0  27.6   0.6  17.7    0:05   SSE
 9   9.0  12.5   00:00   7.0    8:45   9.3   0.0   9.2   1.4  17.7   19:05   SSE
10  14.4  19.7   23:50  11.2   20:40   3.9   0.1  12.4   7.7  62.8   22:20   SSE
11   9.3  19.5    0:35   5.4   00:00   9.0   0.0  21.4   4.3  59.5    1:05   SSE
12   7.2  10.9   14:05   4.2    8:00  11.1   0.0   2.2   1.1  20.9    2:10     W
13  11.1  14.3   22:25   7.9    2:45   7.2   0.0   0.0   5.8  35.4   12:15   SSE
14  12.2  15.0   12:50  10.6    8:20   6.2   0.0  10.8   1.0  17.7   21:30   SSE
15   8.4  11.9    0:10   5.9   17:30   9.8   0.0  34.0   2.4  29.0   14:50   SSE
16   7.8   9.6    6:05   6.1   00:00  10.5   0.0  11.0   1.0  25.7    1:45    NW
17   7.2  10.0   14:00   5.2    6:35  11.1   0.0   6.0   0.5  11.3   13:30     W
18   9.2  12.3   19:20   6.8    1:35   9.2   0.0   3.0   0.6  20.9   19:25   SSE
19   7.2  10.4    0:05   3.8    8:30  11.0   0.0   0.0   0.2  14.5    0:15    SE
20   7.3  10.7   13:40   4.9    4:50  11.0   0.0   0.0   0.0   8.0    8:45    SE
21   8.8  13.4   13:55   6.8    3:05   9.5   0.0   0.0   0.2  11.3   15:35     S
22   8.3   9.4   16:05   7.2    9:15  10.0   0.0   1.0   0.2   8.0   13:35     S
23   9.1  10.8   14:55   8.1    8:45   9.2   0.0   3.4   0.0   4.8    6:05   ESE
24   8.9  14.4   13:40   5.0    8:55   9.4   0.0   0.0   0.3  12.9   14:55   SSE
25  10.5  15.3   15:20   5.7    4:20   7.8   0.0   0.6   7.2  45.1   21:35     S
26   9.7  12.8   21:10   7.8    7:10   8.6   0.0   3.0  10.0  61.2   21:35     S
27   8.8  11.3    0:15   6.2   23:40   9.5   0.0  15.4   4.7  41.8    6:25   SSE
28   7.8  11.7   23:25   5.7    4:35  10.5   0.0  22.8   0.8  20.9   19:10   SSE
29  12.7  15.9   13:05   9.2    8:40   5.6   0.0   5.0   1.6  25.7   13:50   SSE
30  16.3  19.3   15:00  13.2   20:40   2.0   0.1   0.0   3.7  37.0   22:55   SSE
31  13.8  19.0   15:00   9.0   19:00   4.5   0.0   4.6  13.5  75.6    9:20     S
-------------------------------------------------------------------------------------
     8.9  19.7    10    -0.3     3   292.0   0.2 231.8   2.6  75.6    31     SSE

Max >=  32.0:  0
Max <=   0.0:  0
Min <=   0.0:  1
Min <= -18.0:  0
Max Rain: 34.01 ON 15/12/17
Days of Rain: 22 (> .2 mm) 19 (> 2 mm) 5 (> 20 mm)
Heat Base:  18.3  Cool Base:  18.3  Method: Integration