NOAA Style Reports for San Sebastián

           escudo Sn.Sn

Report for 2018 Jan
                   MONTHLY CLIMATOLOGICAL SUMMARY for JAN. 2018

NAME: kocher   CITY: San Sebastian   STATE: Guipuzcoa 
ELEV:    80 m  LAT:  43 18' 42" N  LONG:   2 00' 56" W

                   TEMPERATURE (C), RAIN  (mm), WIND SPEED (km/hr)

                                      HEAT  COOL        AVG
    MEAN                              DEG   DEG         WIND                 DOM
DAY TEMP  HIGH   TIME   LOW    TIME   DAYS  DAYS  RAIN  SPEED HIGH   TIME    DIR
------------------------------------------------------------------------------------
 1  11.3  14.9   14:25   9.2    6:15   6.9   0.0  13.6   8.2  53.1   12:55     S
 2  12.8  15.6   18:10   9.8    4:40   5.1   0.0   6.0   1.0  14.5    6:30   SSE
 3  15.7  17.8   11:45  13.7   23:15   2.6   0.0   3.8   1.3  27.4    7:20   SSE
 4  16.7  19.8   14:20  14.1    0:05   1.8   0.1   0.0   3.5  32.2   21:15   SSE
 5  12.3  17.1    1:05   8.1   23:55   5.9   0.0  14.6   7.6  53.1    6:20   SSE
 6   4.5   8.1    0:05   1.4   19:35  13.8   0.0  61.8   0.3   9.7    4:20   SSE
 7   5.1   7.8   16:15   3.1    0:05  13.2   0.0   8.6   0.3  11.3   12:30   SSE
 8   7.7  13.0   15:30   4.1    0:20  10.6   0.0   0.0   1.8  22.5    9:30     W
 9   8.5  10.7   13:25   5.7    0:10   9.8   0.0   0.2  15.3  62.8   15:05     S
10   9.9  13.2   13:30   7.3   00:00   8.4   0.0   4.2   8.5  49.9    0:50     S
11   6.3   8.1    4:35   5.0   19:20  12.0   0.0  16.2   2.6  33.8    4:35   SSE
12   7.7  11.9   16:00   5.5    1:45  10.6   0.0   4.8   0.2   8.0   22:35   SSE
13   9.4  11.5   12:35   6.1    1:20   8.9   0.0   5.0   9.0  45.1    9:30     S
14   6.9   8.4   13:50   5.7    2:10  11.3   0.0  22.0   2.1  19.3   12:35    SE
15   9.4  12.7   15:05   6.8    0:05   8.9   0.0   1.6   3.5  29.0   13:25   SSE
16  12.4  14.1   16:25  10.7   10:00   5.9   0.0   4.4   1.1  22.5    7:15   SSE
17  10.7  12.6    1:00   9.1   23:50   7.6   0.0   5.8   1.3  22.5   15:05   ESE
18   9.7  13.5   14:35   5.6    8:50   8.6   0.0   0.0   1.3  20.9   14:10    SE
19  10.9  11.8    2:20  10.2   19:50   7.4   0.0   3.6   0.6  19.3   14:15    SE
20  11.6  14.3   13:15   9.1    5:00   6.7   0.0   6.2   1.8  35.4   13:40    SE
21  12.7  13.3   17:25  12.1    1:25   5.6   0.0   8.0   0.8  19.3    8:30     E
22  12.9  15.2   13:35  11.8    9:20   5.4   0.0   3.8   0.6  22.5   12:40   SSE
23  12.9  14.7   16:15  11.3   23:25   5.4   0.0   4.4   0.2  11.3    2:45   WSW
24  13.2  18.3   14:40   9.5    5:05   5.1   0.0   0.0   3.9  27.4    9:00     S
25  11.0  14.3    2:15   6.7   22:30   7.3   0.0  21.2   4.8  30.6    3:10   SSE
26   8.6  10.7   13:30   6.9    0:20   9.8   0.0  12.0   1.4  35.4   21:10    NW
27   8.0  10.8   16:20   5.7   23:55  10.3   0.0  11.2   0.5  20.9    2:40    SE
28   6.7  11.7   15:05   2.8    8:00  11.6   0.0   0.0   0.6  12.9   13:05   SSE
29   8.6  14.0   13:35   4.6    2:20   9.8   0.0   0.0   0.8  20.9   14:00   WSW
30   7.9  10.9   13:55   5.3   23:35  10.3   0.0   0.0   0.2  11.3   15:15    SE
31   7.7  11.8   15:45   4.4    7:25  10.6   0.0   0.0   1.0  22.5   13:50   SSE
-------------------------------------------------------------------------------------
    10.0  19.8     4     1.4     6   257.0   0.1 243.0   2.8  62.8     9     SSE

Max >=  32.0:  0
Max <=   0.0:  0
Min <=   0.0:  0
Min <= -18.0:  0
Max Rain: 61.80 ON 06/01/18
Days of Rain: 23 (> .2 mm) 21 (> 2 mm) 3 (> 20 mm)
Heat Base:  18.3  Cool Base:  18.3  Method: Integration