NOAA Style Reports for San Sebastián

           escudo Sn.Sn

Report for 2018 Mar
                   MONTHLY CLIMATOLOGICAL SUMMARY for MAR. 2018

NAME: kocher   CITY: San Sebastian   STATE: Guipuzcoa 
ELEV:    80 m  LAT:  43 18' 42" N  LONG:   2 00' 56" W

                   TEMPERATURE (C), RAIN  (mm), WIND SPEED (km/hr)

                                      HEAT  COOL        AVG
    MEAN                              DEG   DEG         WIND                 DOM
DAY TEMP  HIGH   TIME   LOW    TIME   DAYS  DAYS  RAIN  SPEED HIGH   TIME    DIR
------------------------------------------------------------------------------------
 1  14.2  17.7   16:30   7.4   23:35   4.1   0.0   4.2  16.6  69.2   14:50   SSE
 2  10.4  14.1   13:50   6.3    8:05   7.9   0.0   0.0  10.1  59.5   18:45   SSE
 3  14.5  18.2   16:00  10.6    7:00   3.8   0.0   0.0  10.5  54.7   12:35   SSE
 4  12.8  15.7   15:15   9.2   10:25   5.5   0.0   4.4   2.9  30.6    1:55   SSE
 5  12.6  16.8   14:20   8.4   22:55   5.6   0.0   3.4   6.4  40.2   12:45   SSE
 6   9.3  14.3   13:20   7.1   21:00   9.0   0.0   9.8   4.0  35.4   12:35   SSE
 7   9.7  14.3   14:35   5.7    8:10   8.6   0.0   1.2   2.4  35.4    5:25    SE
 8  13.6  17.2   17:25   6.9    0:35   4.7   0.0   0.0  13.4  46.7    8:15   SSE
 9  17.3  19.1   15:05  15.6    8:20   1.1   0.1   0.4  15.4  53.1   22:55   SSE
10  17.7  19.6   13:05  15.0   00:00   0.8   0.2   0.0   9.0  38.6    3:50   SSE
11  14.7  16.8   16:00  11.6   22:05   3.6   0.0   0.0  13.0  53.1   11:45     S
12  12.1  15.8   13:35   9.5   10:30   6.3   0.0   0.4   2.1  27.4   12:15    SE
13  11.7  16.1   15:50   8.9    8:30   6.6   0.0   0.6   1.1  17.7   12:35    SW
14  14.7  17.3   16:40  11.9   20:15   3.6   0.0   0.6  15.3  66.0   14:15   SSE
15  13.1  17.9   16:00   8.7   23:45   5.2   0.0   2.8   9.7  48.3    9:40   SSE
16  10.6  15.5   16:25   7.4    8:00   7.7   0.0   1.2   4.0  37.0   12:20   SSE
17   8.8  11.9   11:45   6.2   23:00   9.5   0.0   6.4   1.6  32.2   18:50    SE
18   6.9  10.1   12:35   5.0    3:35  11.4   0.0   9.4   1.3  27.4   12:05    SE
19   6.3   8.9   10:05   3.7   23:45  12.0   0.0   5.6   2.4  37.0    7:45    SE
20   5.6   7.6   23:40   3.5    1:40  12.8   0.0   4.6   2.7  32.2   12:25    SE
21   7.6  10.6   12:05   4.5    8:20  10.5   0.0   0.0   1.8  20.9   18:15    SE
22   7.9  11.4   15:40   4.2   00:00  10.3   0.0   0.0   0.5  12.9   12:00   ESE
23   8.9  15.5   18:00   2.9    3:15   9.4   0.0   3.8   1.4  33.8   23:05   SSE
24   8.9  11.6   14:05   6.8    7:55   9.3   0.0   8.8   3.7  33.8   10:05   SSE
25   8.7  11.4   17:55   6.9    6:10   9.2   0.0   5.2   4.3  32.2   11:40    SE
26  10.2  13.3   13:25   8.6   22:25   8.1   0.0   3.6   1.8  20.9    6:50   ESE
27  11.3  14.0   14:25   7.9    3:35   7.0   0.0   3.2   1.4  20.9   14:05    SE
28  13.1  17.2   15:20   9.6   00:00   5.2   0.0   7.2   1.6  22.5   13:10    SE
29  11.3  15.1   19:35   7.8    7:50   7.0   0.0   3.4   1.0  20.9   23:10    SE
30  12.1  15.3   17:25   7.3    7:45   6.2   0.0   0.0   8.0  46.7   17:35   SSE
31   9.6  13.1   16:05   6.2    6:25   8.7   0.0  10.4   3.9  41.8    6:20    SE
-------------------------------------------------------------------------------------
    11.2  19.6    10     2.9    23   220.6   0.3 100.6   5.6  69.2     1     SSE

Max >=  32.0:  0
Max <=   0.0:  0
Min <=   0.0:  0
Min <= -18.0:  0
Max Rain: 10.39 ON 31/03/18
Days of Rain: 23 (> .2 mm) 17 (> 2 mm) 0 (> 20 mm)
Heat Base:  18.3  Cool Base:  18.3  Method: Integration