NOAA Style Reports for San Sebastián

           escudo Sn.Sn

Report for 2018 Apr
                   MONTHLY CLIMATOLOGICAL SUMMARY for APR. 2018

NAME: kocher   CITY: San Sebastian   STATE: Guipuzcoa 
ELEV:    80 m  LAT:  43 18' 42" N  LONG:   2 00' 56" W

                   TEMPERATURE (C), RAIN  (mm), WIND SPEED (km/hr)

                                      HEAT  COOL        AVG
    MEAN                              DEG   DEG         WIND                 DOM
DAY TEMP  HIGH   TIME   LOW    TIME   DAYS  DAYS  RAIN  SPEED HIGH   TIME    DIR
------------------------------------------------------------------------------------
 1  13.1  19.8   16:55   5.8    4:45   5.4   0.2   0.0   4.2  29.0   12:20   SSE
 2  18.9  22.6   17:50  16.1    9:30   0.4   1.0   0.0  15.9  64.4    3:00   SSE
 3  17.5  20.8   18:20  14.3    8:05   1.2   0.4   0.0  10.3  51.5    1:55     S
 4  14.9  20.0   15:10  11.2   23:55   3.5   0.1   7.0   7.9  48.3    4:20   SSE
 5  14.3  20.1   19:30   9.3    8:00   4.1   0.2   0.0   1.4  32.2   23:55    SE
 6  20.1  25.3   17:05  15.6   22:45   0.1   1.9   0.4  16.6  78.9   22:30   SSE
 7  14.1  18.2    0:10  10.2   22:30   4.2   0.0  12.4   9.3  66.0    0:05   SSE
 8  11.1  13.8   16:25   9.6    4:30   7.2   0.0  22.4   0.3  14.5   16:05     W
 9   9.3  13.3   13:20   7.7   23:35   8.9   0.0   8.0   1.9  27.4   18:25   SSE
10   8.9  12.1   13:50   6.4   23:00   9.4   0.0  16.2   5.1  37.0   11:40   SSE
11   9.2  10.9   19:45   6.2    0:20   9.1   0.0  44.0   1.6  27.4   14:40   ESE
12  11.5  15.1   16:40   9.7   10:00   6.8   0.0  15.8   0.6  17.7    9:55   ESE
13  11.8  16.7   16:00   8.7    4:05   6.5   0.0   2.2   1.4  32.2   11:55   SSE
14  13.0  16.9   18:10   9.7    7:15   5.3   0.0   0.2   0.3  19.3   14:40   ESE
15  15.0  18.1   10:15  12.7   23:45   3.3   0.0   0.0   1.9  33.8   10:30     S
16  12.1  14.7   18:40  10.3    7:15   6.2   0.0   8.2   0.2   9.7    4:10   ESE
17  16.2  23.8   15:20   9.1    6:20   3.5   1.4   0.0   1.0  22.5   10:50    SE
18  21.6  28.9   16:35  12.9    4:50   1.4   4.6   0.0   8.2  40.2   23:45     S
19  23.8  27.8   18:05  21.4   10:30   0.0   5.6   0.0   7.9  41.8    6:45   SSE
20  20.9  23.7   19:15  17.3    9:00   0.0   2.6   0.0   4.8  41.8    4:40     S
21  21.6  26.9   16:30  16.6    1:55   0.2   3.5   0.0   5.5  38.6   14:00     S
22  19.7  22.1    1:15  14.8   23:55   0.5   1.9   2.2   5.6  33.8    7:55     S
23  14.9  16.7   16:15  14.2    9:25   3.3   0.0   1.4   0.2   9.7    3:20     E
24  16.7  22.1   15:50  14.2    3:10   2.2   0.5   0.2   0.8  19.3   17:25    SE
25  14.3  15.8   16:45  12.8   22:05   4.0   0.0   3.6   0.5  12.9   16:30    SE
26  13.9  17.1   15:20  11.4    7:30   4.4   0.0   0.0   0.6  11.3    0:50    SE
27  12.4  16.6   10:00   9.3    4:10   5.8   0.0   0.0   0.8  17.7   13:15    SE
28  11.2  12.2   13:05   9.8    6:35   7.1   0.0   5.4   0.2   9.7   13:20     W
29  11.8  16.0   14:55   9.2   23:10   6.5   0.0   0.2   1.9  27.4   12:05    SE
30   9.5  12.2   13:40   7.9   23:15   8.8   0.0   4.0   1.0  19.3   10:55    SE
-------------------------------------------------------------------------------------
    14.8  28.9    18     5.8     1   129.4  23.8 153.8   3.9  78.9     6     SSE

Max >=  32.0:  0
Max <=   0.0:  0
Min <=   0.0:  0
Min <= -18.0:  0
Max Rain: 43.99 ON 11/04/18
Days of Rain: 18 (> .2 mm) 13 (> 2 mm) 2 (> 20 mm)
Heat Base:  18.3  Cool Base:  18.3  Method: Integration