NOAA Style Reports for San Sebastián

           escudo Sn.Sn

Report for 2018 May
                   MONTHLY CLIMATOLOGICAL SUMMARY for MAY. 2018

NAME: kocher   CITY: San Sebastian   STATE: Guipuzcoa 
ELEV:    80 m  LAT:  43 18' 42" N  LONG:   2 00' 56" W

                   TEMPERATURE (C), RAIN  (mm), WIND SPEED (km/hr)

                                      HEAT  COOL        AVG
    MEAN                              DEG   DEG         WIND                 DOM
DAY TEMP  HIGH   TIME   LOW    TIME   DAYS  DAYS  RAIN  SPEED HIGH   TIME    DIR
------------------------------------------------------------------------------------
 1  10.1  14.6   16:25   7.1    3:40   8.2   0.0   7.0   0.5  17.7   11:35    SE
 2  10.9  15.9   14:10   6.7    6:15   7.4   0.0   7.8   0.5  22.5   12:25     W
 3  12.1  15.1   16:25  10.2   11:30   6.2   0.0   5.4   1.3  20.9   12:55   ESE
 4  13.7  17.3   15:35  11.1    3:00   4.6   0.0   0.0   1.1  19.3   19:50    SE
 5  12.8  14.6   18:45  11.0    5:10   5.5   0.0   0.0   0.6  14.5    9:20    SE
 6  15.9  21.2   16:00  10.6    5:55   3.1   0.8   0.0   0.5  14.5   14:35    NW
 7  16.7  21.3   15:20  12.4    7:05   2.2   0.6   0.0   2.6  24.1   17:05   WNW
 8  14.3  15.3   12:55  13.4   23:25   4.0   0.0   0.0   0.6  12.9   17:20    SE
 9  13.6  15.2   18:30  12.1    6:30   4.8   0.0   0.0   0.2  12.9   15:40    SE
10  13.0  16.4   17:20  10.4   00:00   5.3   0.0   4.8   0.5  19.3   13:00    SE
11  14.4  25.8   14:10   7.1    7:25   4.6   0.7   0.0   3.4  41.8   14:50   SSE
12  11.4  14.1    0:05   8.6   23:20   6.9   0.0  10.0   0.5  17.7   16:05    SE
13   9.6  13.6   16:10   6.9    4:40   8.7   0.0  14.8   2.3  33.8   15:00   SSE
14  11.8  16.2   13:05   8.7    6:05   6.5   0.0  11.2   1.0  16.1    0:40   ESE
15  13.0  15.8   17:30  11.5    6:50   5.3   0.0   0.0   0.8  17.7   17:40    SE
16  13.3  17.2   18:00  10.3    7:30   5.0   0.0   0.0   0.6  19.3   15:35     S
17  13.7  15.7   15:40  11.3    7:15   4.6   0.0   0.0   0.2   9.7   15:10    SE
18  15.3  18.5   14:40  13.4    3:00   3.0   0.0   0.0   2.3  22.5   19:35    NW
19  16.1  19.4   13:00  13.5    7:30   2.3   0.1   0.0   2.4  22.5   15:15   WNW
20  15.4  19.4   14:20  10.9    7:05   3.0   0.2   0.0   1.6  19.3   14:20     W
21  16.7  22.6   12:50  12.6    5:25   2.3   0.7   0.0   2.1  27.4   17:30     W
22  17.1  21.2   11:45  12.7    6:45   1.9   0.7   0.0   1.9  25.7   18:00   WNW
23  17.4  22.1   17:55  13.2    7:00   1.8   0.9   0.0   0.6  16.1   13:20    NW
24  18.9  23.9   16:00  15.8    3:05   0.7   1.4   6.6   1.1  19.3   16:45     W
25  18.1  21.0   16:05  16.8    6:00   0.5   0.3   2.6   0.8  17.7    4:10    SE
26  17.3  23.8   15:55  15.6    4:15   1.5   0.5  22.0   1.3  41.8   16:20    NW
27  16.1  17.6   12:10  14.2    3:50   2.2   0.0   0.4   0.0   8.0   12:15   ENE
28  15.4  16.5    0:15  14.3   10:20   2.9   0.0   6.6   0.2  11.3    6:05   ESE
29  16.5  20.8   14:40  14.2    4:20   2.1   0.3   4.6   0.5  14.5   12:15     W
30  16.2  18.4   18:25  14.7    3:15   2.1   0.0   1.8   0.2  12.9   12:05    SE
31  16.6  20.5   16:35  14.9   12:25   1.9   0.1   7.6   0.2  11.3   12:25   ESE
-------------------------------------------------------------------------------------
    14.6  25.8    11     6.7     2   120.9   7.3 113.2   1.0  41.8    11      SE

Max >=  32.0:  0
Max <=   0.0:  0
Min <=   0.0:  0
Min <= -18.0:  0
Max Rain: 22.00 ON 26/05/18
Days of Rain: 15 (> .2 mm) 13 (> 2 mm) 1 (> 20 mm)
Heat Base:  18.3  Cool Base:  18.3  Method: Integration