NOAA Style Reports for San Sebastián

           escudo Sn.Sn

Report for 2018 Jun
                   MONTHLY CLIMATOLOGICAL SUMMARY for JUN. 2018

NAME: kocher   CITY: San Sebastian   STATE: Guipuzcoa 
ELEV:    80 m  LAT:  43 18' 42" N  LONG:   2 00' 56" W

                   TEMPERATURE (C), RAIN  (mm), WIND SPEED (km/hr)

                                      HEAT  COOL        AVG
    MEAN                              DEG   DEG         WIND                 DOM
DAY TEMP  HIGH   TIME   LOW    TIME   DAYS  DAYS  RAIN  SPEED HIGH   TIME    DIR
------------------------------------------------------------------------------------
 1  17.4  20.8   14:30  15.6    6:45   1.1   0.3   1.2   1.0  17.7   14:00     W
 2  19.3  23.1   18:10  16.7    4:10   0.6   1.6   0.2   1.0  19.3   16:40    NW
 3  18.9  23.0   15:30  16.2    8:00   0.4   1.1   6.0   0.6  19.3   14:30   SSE
 4  16.6  17.7    0:20  15.8    7:40   1.7   0.0   3.2   0.5  20.9    7:40    SE
 5  15.5  18.3   15:10  13.6   10:30   2.8   0.0  15.8   0.8  19.3   14:55    SE
 6  16.2  20.6   16:15  11.9    7:15   2.5   0.4   0.0   0.8  17.7   16:05   SSW
 7  18.8  22.9   16:10  15.5    5:35   1.0   1.5   0.0   0.6  17.7   16:05    SE
 8  20.9  27.3   15:35  15.6    4:40   0.7   3.3   0.0   3.2  35.4   22:25   SSE
 9  18.4  20.5   11:20  16.8    6:35   0.3   0.4   1.6   0.6  17.7    9:45    SE
10  18.3  23.3   14:05  14.7    6:50   1.2   1.1   0.4   1.3  22.5   17:40    SE
11  16.6  19.9   18:50  14.3    6:10   1.8   0.1   2.2   1.1  19.3   12:55     W
12  16.1  16.7   19:05  15.0    7:00   2.2   0.0  29.0   3.2  32.2   21:35    SE
13  16.4  18.4   14:15  15.4    6:05   1.9   0.0   0.8   1.6  22.5    1:20   ESE
14  16.6  19.8   17:20  14.3    7:25   1.9   0.2   0.0   0.8  19.3   17:40   WNW
15  15.6  18.8   14:45  11.8    7:05   2.8   0.0   1.0   0.5  12.9   16:35    SE
16  17.7  21.2   16:25  15.7    6:25   1.2   0.7   0.8   0.5  14.5    9:45   ESE
17  17.5  21.6   16:10  14.6    8:05   1.6   0.8   1.6   0.8  22.5   12:30     S
18  16.4  18.9   13:50  13.9    3:35   2.0   0.0   0.6   0.3  12.9   17:45    SE
19  18.4  21.6   17:10  16.1    6:15   0.8   1.0   0.0   0.3  12.9   17:50   ESE
20  19.5  24.4   13:10  15.4    6:50   0.7   1.9   0.0   2.6  27.4   16:35   WNW
21  20.4  22.8   12:30  19.2    7:10   0.0   2.1   0.0   0.8  20.9   14:05   SSE
22  19.7  21.7   16:00  17.1   23:50   0.0   1.5   0.0   1.4  19.3    6:00   SSE
23  18.8  23.1   14:15  14.1    6:55   1.3   1.8   0.0   1.1  17.7   14:25    SW
24  20.6  25.6   18:35  14.7    7:10   0.9   3.1   0.0   1.0  14.5   15:00    SE
25  21.2  25.4   12:25  16.2    6:40   0.3   3.2   0.0   0.8  17.7   12:50     W
26  20.9  26.4   11:45  16.9    6:05   0.2   2.8   0.0   3.4  25.7   15:55   WNW
27  19.2  20.2    9:30  17.9    6:30   0.0   0.9   0.6   0.6  14.5    0:10   ESE
28  18.7  20.1   17:25  17.7    7:20   0.2   0.6   1.6   0.3  14.5   22:20   ESE
29  21.5  25.9   16:55  18.1    6:55   0.0   3.2   0.0   0.8  16.1   14:05   ESE
30  23.8  30.8   14:25  19.2    7:05   0.0   5.5  16.6   1.1  22.5   11:45    NW
-------------------------------------------------------------------------------------
    18.5  30.8    30    11.8    15    32.1  39.1  83.2   1.1  35.4     8      SE

Max >=  32.0:  0
Max <=   0.0:  0
Min <=   0.0:  0
Min <= -18.0:  0
Max Rain: 29.01 ON 12/06/18
Days of Rain: 17 (> .2 mm) 6 (> 2 mm) 1 (> 20 mm)
Heat Base:  18.3  Cool Base:  18.3  Method: Integration