NOAA Style Reports for San Sebastián

           escudo Sn.Sn

Report for 2018 Jul
                   MONTHLY CLIMATOLOGICAL SUMMARY for JUL. 2018

NAME: kocher   CITY: San Sebastian   STATE: Guipuzcoa 
ELEV:    80 m  LAT:  43 18' 42" N  LONG:   2 00' 56" W

                   TEMPERATURE (C), RAIN  (mm), WIND SPEED (km/hr)

                                      HEAT  COOL        AVG
    MEAN                              DEG   DEG         WIND                 DOM
DAY TEMP  HIGH   TIME   LOW    TIME   DAYS  DAYS  RAIN  SPEED HIGH   TIME    DIR
------------------------------------------------------------------------------------
 1  21.6  25.9   16:00  19.5    7:45   0.0   3.3   4.6   1.8  25.7   17:20   SSE
 2  22.1  26.1   18:20  17.5    7:30   0.1   3.8   0.0   1.0  20.9    2:10    NW
 3  22.3  25.8   17:05  19.4    6:40   0.0   4.0   0.0   0.6  16.1   14:25   ESE
 4  21.6  24.8   12:00  19.1   18:15   0.0   3.3   7.2   0.6  16.1   15:50   ESE
 5  19.4  23.1   12:55  17.6    7:25   0.1   1.2   1.6   1.6  17.7   14:20    SE
 6  20.8  24.6   17:05  17.6    7:15   0.1   2.6   0.0   0.8  11.3   12:40    SW
 7  21.6  25.8   15:45  18.3    8:45   0.0   3.2   2.4   1.4  17.7   11:40     W
 8  22.7  26.3   12:35  19.6    6:20   0.0   4.3   0.0   1.8  19.3   15:20     W
 9  22.8  26.3   13:55  19.5    7:45   0.0   4.5   0.0   2.1  24.1   15:05    SW
10  22.4  25.7   15:00  18.9    6:00   0.0   4.1   0.0   1.3  24.1   16:55    SE
11  22.3  26.8   14:30  18.3    6:45   0.0   4.0   0.0   1.4  20.9   12:20   SSE
12  21.1  24.8   16:50  17.7   12:00   0.0   2.8  28.6   1.0  22.5    9:40   WNW
13  20.6  25.4   15:30  16.4    5:40   0.4   2.7   1.2   1.3  14.5   14:40   WSW
14  22.8  27.0   18:00  18.7    7:05   0.0   4.5   4.2   2.4  24.1    0:50     W
15  22.7  27.2   16:05  19.1    6:35   0.0   4.4  10.2   1.8  19.3   13:00     W
16  20.7  22.2   15:45  18.9    8:00   0.0   2.3   6.4   2.1  22.5   10:45    SE
17  21.2  25.7   16:20  17.4    4:25   0.2   3.0   0.0   1.0  14.5   16:35   SSE
18  23.1  27.7   16:45  19.2    7:35   0.0   4.8   0.0   1.1  19.3   18:10     W
19  22.7  25.9   14:25  20.4    7:40   0.0   4.3   0.0   1.3  19.3   14:30   SSE
20  19.3  21.8    0:05  17.8   23:00   0.0   1.1  21.4   0.6  14.5   15:15    SE
21  19.4  23.3   16:55  16.3    6:35   0.6   1.7   2.2   1.0  16.1   11:20     S
22  20.5  24.6   17:10  15.9    7:30   0.4   2.6   0.0   1.1  16.1   15:00   SSE
23  22.4  28.3   16:20  17.1    6:55   0.2   4.3   0.0   0.8  14.5   15:30   ESE
24  22.6  25.0   14:05  20.4    7:25   0.0   4.3   0.8   1.0  16.1   13:30    SE
25  23.4  26.3   16:00  21.7    6:25   0.0   5.1   0.0   0.6  16.1   15:20   ESE
26  22.8  26.4   15:25  19.3    7:40   0.0   4.5   0.0   1.0  19.3   13:20   SSE
27  23.3  26.7   16:00  20.8    7:20   0.0   5.1   0.0   0.5  12.9   12:40   ESE
28  21.1  24.5   17:15  18.6   11:25   0.0   2.7  12.6   0.8  16.1   15:00    SE
29  22.2  25.3   12:20  19.5    6:20   0.0   3.9   0.0   0.8  19.3   13:05   NNW
30  23.7  27.7   15:20  20.6    7:00   0.0   5.4   0.0   0.6  12.9   16:10   ESE
31  22.9  26.9   14:45  20.9    7:30   0.0   4.6   2.0   1.0  22.5   15:25   SSW
-------------------------------------------------------------------------------------
    21.9  28.3    23    15.9    22     2.1 112.9 105.4   1.2  25.7     1      SE

Max >=  32.0:  0
Max <=   0.0:  0
Min <=   0.0:  0
Min <= -18.0:  0
Max Rain: 28.60 ON 12/07/18
Days of Rain: 14 (> .2 mm) 11 (> 2 mm) 2 (> 20 mm)
Heat Base:  18.3  Cool Base:  18.3  Method: Integration