NOAA Style Reports for San Sebastián

           escudo Sn.Sn

Report for 2018 Aug
                   MONTHLY CLIMATOLOGICAL SUMMARY for AUG. 2018

NAME: kocher   CITY: San Sebastian   STATE: Guipuzcoa 
ELEV:    80 m  LAT:  43 18' 42" N  LONG:   2 00' 56" W

                   TEMPERATURE (C), RAIN  (mm), WIND SPEED (km/hr)

                                      HEAT  COOL        AVG
    MEAN                              DEG   DEG         WIND                 DOM
DAY TEMP  HIGH   TIME   LOW    TIME   DAYS  DAYS  RAIN  SPEED HIGH   TIME    DIR
------------------------------------------------------------------------------------
 1  22.5  25.3   15:35  21.0    8:30   0.0   0.0   0.0   0.8  17.7   15:00    SW
 2  23.6  29.0   16:55  19.9    5:15   0.0   0.7   0.0   0.8  17.7   14:45    SW
 3  25.2  30.9   17:15  20.1    6:50   0.0   1.7   0.0   1.6  19.3   14:05   WNW
 4  23.7  28.1   11:50  19.9    7:30   0.0   0.5   0.0   1.4  22.5   14:30     S
 5  23.9  28.6   16:20  19.2    7:55   0.0   0.8   0.0   1.6  19.3   14:35    NW
 6  27.0  33.9   15:00  20.6    6:40   0.0   3.5   0.0   1.4  38.6   23:05     W
 7  22.2  24.2    1:55  19.0   23:30   0.0   0.0   1.8   1.9  20.9    0:05    SE
 8  21.0  24.3   16:05  18.2    2:15   0.0   0.0   5.4   0.5  16.1   12:45     W
 9  19.3  23.6   16:20  16.9    7:40   0.2   0.0   2.6   3.1  30.6    3:50    SE
10  20.2  25.2   15:35  15.8    8:00   0.6   0.0   0.0   1.1  16.1   13:55   SSE
11  21.1  27.4   16:45  15.8    8:20   0.4   0.2   0.0   1.4  20.9   17:55     W
12  22.2  26.2   11:20  19.2    7:00   0.0   0.1   0.4   1.6  22.5   15:15     W
13  20.4  23.6   17:10  18.7    9:55   0.0   0.0   7.8   1.0  14.5   16:30   ESE
14  20.6  25.0   16:50  17.8    8:00   0.0   0.0   3.4   1.3  14.5   16:35     S
15  21.3  25.6   17:15  16.8    8:10   0.1   0.0   0.0   1.0  14.5   11:40    SE
16  20.6  23.2   13:55  18.2    5:20   0.0   0.0   1.2   0.8  14.5   11:25   ESE
17  18.9  21.6   16:20  17.6    9:30   0.0   0.0  18.0   1.0  24.1    8:30     W
18  19.3  24.3   15:40  14.7    8:10   0.8   0.0   0.0   1.0  17.7   14:05    NW
19  20.2  24.8   17:25  15.8    7:25   0.6   0.0   0.0   1.3  19.3   16:15     W
20  20.6  24.8   16:05  16.7    7:20   0.2   0.0   0.0   0.8  16.1   14:20     S
21  21.6  26.2   16:00  17.3    5:05   0.1   0.1   0.0   1.0  16.1   13:25   SSE
22  22.7  26.7   15:20  18.8    7:50   0.0   0.3   0.0   1.3  17.7   16:00   WNW
23  22.2  24.2   16:20  20.7    6:45   0.0   0.0   0.2   0.3  14.5   15:30   SSE
24  20.2  22.1   15:55  19.1    9:25   0.0   0.0   6.0   0.5  14.5   10:05   WNW
25  19.3  23.1   16:30  16.3    7:25   0.3   0.0   0.0   0.6  16.1   14:20   ESE
26  20.2  25.1   17:30  15.7    7:40   0.6   0.0   0.0   1.0  12.9   16:30     W
27  21.4  26.4   16:35  16.4    6:50   0.3   0.2   0.0   1.0  11.3   11:55   ESE
28  21.7  25.3   17:00  18.4    7:20   0.0   0.0   0.0   3.1  30.6   15:50   WNW
29  20.9  25.4   14:00  18.7   22:50   0.0   0.0   5.8   0.6  17.7   17:10   WSW
30  20.6  23.9   14:30  17.6   00:00   0.0   0.0   0.0   0.8  16.1   12:15    SE
31  20.2  24.1   16:35  16.8    8:05   0.3   0.0   0.0   0.8  14.5   11:15    SW
-------------------------------------------------------------------------------------
    21.4  33.9     6    14.7    18     4.6   8.1  52.6   1.2  38.6     6      SE

Max >=  32.0:  1
Max <=   0.0:  0
Min <=   0.0:  0
Min <= -18.0:  0
Max Rain: 18.01 ON 17/08/18
Days of Rain: 11 (> .2 mm) 7 (> 2 mm) 0 (> 20 mm)
Heat Base:  18.0  Cool Base:  25.0  Method: Integration