NOAA Style Reports for San Sebastián

           escudo Sn.Sn

Report for 2018 Nov
                   MONTHLY CLIMATOLOGICAL SUMMARY for NOV. 2018

NAME: kocher   CITY: San Sebastian   STATE: Guipuzcoa 
ELEV:    80 m  LAT:  43 18' 42" N  LONG:   2 00' 56" W

                   TEMPERATURE (C), RAIN  (mm), WIND SPEED (km/hr)

                                      HEAT  COOL        AVG
    MEAN                              DEG   DEG         WIND                 DOM
DAY TEMP  HIGH   TIME   LOW    TIME   DAYS  DAYS  RAIN  SPEED HIGH   TIME    DIR
------------------------------------------------------------------------------------
 1  11.3  14.7   15:40   9.1    2:15   6.7   0.0   7.8   1.0  14.5   13:45    SE
 2  11.7  14.2   14:40  10.8    6:20   6.3   0.0  10.2   0.6  16.1    3:00     W
 3   9.6  13.6   13:50   6.5    8:20   8.4   0.0   0.0   0.5  16.1   13:15   SSE
 4  12.6  19.9   15:40   4.8    7:55   5.6   0.0   0.0   6.3  45.1   21:05   SSE
 5  15.1  18.1    0:05  11.2   00:00   3.0   0.0   0.0  12.1  56.3    3:30   SSE
 6  12.8  16.2   22:45   9.2    4:45   5.2   0.0   0.0   9.5  54.7   19:10   SSE
 7  14.2  16.8   10:55  10.1   00:00   3.8   0.0   2.2   9.0  57.9    9:55   SSE
 8  13.6  18.0   14:50   8.2    3:05   4.4   0.0   0.8   8.7  45.1   13:05   SSE
 9  13.3  16.7   15:25   9.9    8:00   4.7   0.0   2.8   6.0  51.5   23:15   SSE
10  16.7  20.2   15:40  13.1   23:05   1.6   0.0   0.8  11.1  51.5    4:10   SSE
11  17.3  20.5   13:15  13.2   22:35   1.3   0.0   1.2  10.1  56.3   10:00   SSE
12  12.4  13.3    0:05  11.4   10:55   5.6   0.0  12.8   0.2  11.3    4:00   SSE
13  12.6  15.0   14:20  10.5   00:00   5.4   0.0   0.2   0.0   9.7   15:40   NNW
14  17.3  21.3   14:45   9.6    1:20   1.8   0.0   0.2  10.1  41.8   14:05   SSE
15  19.2  22.2   14:50  17.2   23:45   0.0   0.0   0.0   8.0  45.1    0:10   SSE
16  17.6  21.6   14:45  14.1    8:30   1.1   0.0   0.0   3.9  29.0   13:20   SSE
17  17.4  22.3   14:25  13.6   23:55   1.2   0.0   0.0   4.2  30.6    4:15     S
18  13.3  16.2   14:45  10.3    7:00   4.7   0.0   0.0   1.9  24.1   17:50   ESE
19  10.9  13.7   12:10   8.5   22:35   7.1   0.0   0.0   0.6  19.3   13:10    SW
20   6.8   9.6    0:05   5.6   15:20  11.2   0.0   1.6   0.2   9.7    2:00   ESE
21  10.7  15.9   15:50   5.2    1:10   7.4   0.0   0.8   3.5  40.2   13:55   SSE
22  13.6  16.2   12:15  10.7    3:20   4.4   0.0   0.0   6.3  30.6   22:05   SSE
23  12.7  15.4   14:50   9.4    9:40   5.3   0.0   4.0   5.0  33.8   12:35   SSE
24  13.3  15.7   14:30  11.0    0:05   4.7   0.0   0.0   9.0  38.6   23:45   SSE
25  10.9  14.1    0:05   8.3   23:50   7.1   0.0   8.6   3.7  49.9    0:25   SSE
26   8.9  10.2   21:40   7.8    7:55   9.1   0.0  31.0   1.4  20.9    9:50    NW
27  11.3  16.0   15:20   9.2    8:35   6.7   0.0   2.8   0.8  12.9   12:20    SE
28  14.4  20.6   14:25   8.9    3:55   3.8   0.0   0.0   3.7  51.5   23:25     S
29  14.9  17.8   12:30  10.1   22:50   3.1   0.0   6.4  11.9  53.1   10:20   SSE
30  10.9  14.6   14:00   9.7   22:20   7.0   0.0  13.2   1.1  22.5   12:10     W
-------------------------------------------------------------------------------------
    13.2  22.3    17     4.8     4   147.8   0.0 107.4   5.0  57.9     7     SSE

Max >=  32.0:  0
Max <=   0.0:  0
Min <=   0.0:  0
Min <= -18.0:  0
Max Rain: 30.99 ON 26/11/18
Days of Rain: 18 (> .2 mm) 11 (> 2 mm) 1 (> 20 mm)
Heat Base:  18.0  Cool Base:  25.0  Method: Integration