NOAA Style Reports for San Sebastián

           escudo Sn.Sn

Report for 2019 Jan
                   MONTHLY CLIMATOLOGICAL SUMMARY for JAN. 2019

NAME: kocher   CITY: San Sebastian   STATE: Guipuzcoa 
ELEV:    80 m  LAT:  43 18' 42" N  LONG:   2 00' 56" W

                   TEMPERATURE (C), RAIN  (mm), WIND SPEED (km/hr)

                                      HEAT  COOL        AVG
    MEAN                              DEG   DEG         WIND                 DOM
DAY TEMP  HIGH   TIME   LOW    TIME   DAYS  DAYS  RAIN  SPEED HIGH   TIME    DIR
------------------------------------------------------------------------------------
 1   5.0   6.1   16:55   3.6    4:25  13.0   0.0   0.4   0.3   8.0    5:25   SSE
 2   6.1   6.9   23:35   5.4    8:30  12.0   0.0   0.4   0.2   9.7   23:45   ESE
 3   5.2   8.1   13:10   1.4    9:15  12.8   0.0   0.0   0.3  12.9   12:05    SE
 4   3.7   8.7   13:45   0.3    8:25  14.3   0.0   0.0   0.6  11.3   11:15   SSE
 5   4.4  10.8   14:55   0.4    9:00  13.6   0.0   0.0   0.8  14.5   13:50   WSW
 6   4.4   6.4   15:15   2.8    0:05  13.6   0.0   0.0   0.2   6.4   21:50   ESE
 7   4.8   6.3   16:35   3.3    0:05  13.2   0.0   0.0   0.3  12.9    8:15     S
 8   7.3   9.4   15:20   5.7    0:05  10.7   0.0   2.2   0.6  12.9   23:55    SE
 9   8.6   9.9   15:00   6.2   00:00   9.4   0.0   2.0   1.3  24.1   10:20    SE
10   5.4   8.1   15:45   2.8    8:25  12.5   0.0   0.0   0.8  17.7    2:35    SE
11   4.9   9.1   15:05   0.8    7:55  13.1   0.0   0.0   0.5  11.3   13:40     W
12   7.1  10.1   15:30   4.2    3:25  10.9   0.0   0.0   0.5  14.5   00:00   SSE
13   9.4  10.1    0:05   8.9   10:45   8.6   0.0   1.2   0.5  14.5   12:00    SE
14   9.8  10.7   15:15   9.1    0:55   8.2   0.0  12.8   0.6  14.5    8:05    SE
15   9.0  12.3   15:50   5.8   00:00   9.0   0.0   0.2   0.3   9.7   13:30    SE
16  10.4  14.1   13:55   4.7    2:20   7.6   0.0   0.0   1.9  20.9    5:45     W
17   8.7  11.1   13:00   6.4   00:00   9.3   0.0   9.2   1.6  20.9   12:00   SSE
18   7.4   9.5   14:50   5.8    5:15  10.6   0.0   1.2   1.1  11.3    7:25     W
19   9.1  12.3   15:00   6.4    1:40   8.9   0.0   2.0   5.3  30.6   12:15     S
20   9.1  12.4   15:55   7.7    5:05   9.0   0.0   8.2   1.1  22.5   21:55     W
21   7.6   8.6   15:10   6.5   00:00  10.4   0.0   6.2   0.8  16.1    9:25   ESE
22   6.4   7.6   17:10   5.2    5:15  11.6   0.0  21.2   1.8  29.0   12:00     W
23   8.7  10.6    7:00   7.4    0:05   9.3   0.0  25.8   4.2  32.2    8:05   ESE
24   6.1   8.4    0:35   4.3    9:10  12.0   0.0   3.8   1.9  24.1    0:50    SE
25   9.5  10.7   12:35   5.6    0:10   8.5   0.0  19.8   1.6  16.1    5:20   ESE
26  10.5  14.4   14:55   7.9   00:00   7.5   0.0   2.6   0.5  14.5    4:55   WSW
27   8.4   9.9    4:30   6.3    2:30   9.5   0.0  13.2   3.7  29.0    8:00   ESE
28   9.3  11.3   14:30   6.9    1:55   8.7   0.0  12.0   3.9  29.0   12:05   ESE
29   8.4  11.0   15:20   6.6   23:50   9.5   0.0   8.2   4.0  43.5   15:10   SSE
30   7.9  10.7   14:30   5.3    8:15  10.1   0.0  13.4   5.0  33.8   21:40   SSE
31  10.7  16.8   15:45   7.5    0:45   7.3   0.0  31.8   6.3  37.0    0:10   SSE
-------------------------------------------------------------------------------------
     7.5  16.8    31     0.3     4   324.8   0.0 197.8   1.7  43.5    29      SE

Max >=  32.0:  0
Max <=   0.0:  0
Min <=   0.0:  0
Min <= -18.0:  0
Max Rain: 31.80 ON 31/01/19
Days of Rain: 22 (> .2 mm) 17 (> 2 mm) 3 (> 20 mm)
Heat Base:  18.0  Cool Base:  25.0  Method: Integration