NOAA Style Reports for San Sebastián

           escudo Sn.Sn

Report for 2019 Feb
                   MONTHLY CLIMATOLOGICAL SUMMARY for FEB. 2019

NAME: kocher   CITY: San Sebastian   STATE: Guipuzcoa 
ELEV:    80 m  LAT:  43 18' 42" N  LONG:   2 00' 56" W

                   TEMPERATURE (C), RAIN  (mm), WIND SPEED (km/hr)

                                      HEAT  COOL        AVG
    MEAN                              DEG   DEG         WIND                 DOM
DAY TEMP  HIGH   TIME   LOW    TIME   DAYS  DAYS  RAIN  SPEED HIGH   TIME    DIR
------------------------------------------------------------------------------------
 1   9.2  12.9   15:05   5.6   18:35   8.8   0.0   5.8   5.3  51.5   11:30   SSE
 2   7.1   9.4   14:25   4.9    3:00  10.9   0.0  15.8   4.7  45.1    6:35   ESE
 3   5.2   7.6    0:25   3.8    2:30  12.6   0.0   5.2   1.1  24.1    5:05     W
 4   7.0  12.0   15:25   2.7    5:55  11.0   0.0   0.8   1.8  16.1   11:30   SSE
 5  10.6  11.8   12:30   8.8    0:05   7.4   0.0   2.6   0.3   9.7    5:05     W
 6  12.6  17.3   16:30   9.9    5:30   5.4   0.0   0.0   1.0  29.0   23:10     W
 7  10.1  12.1   14:00   7.3   23:50   7.9   0.0   0.4   0.5  14.5    0:05    SE
 8  10.3  17.3   13:55   5.6    7:45   7.7   0.0   0.0   3.5  32.2   10:40     S
 9  14.3  18.6   16:10  10.3    9:20   3.7   0.0   0.0   6.6  41.8   21:15   SSE
10  12.1  15.7    0:20   9.3   23:55   5.9   0.0   6.0   9.7  66.0    3:45   SSE
11   9.2  11.7   15:15   7.7    7:45   8.8   0.0  13.0   1.1  17.7   13:05    SE
12   8.9  13.5   15:55   4.9    7:30   9.1   0.0   0.2   1.0  14.5   11:35     W
13   9.7  16.8   17:25   3.8    8:10   8.3   0.0   0.0   0.5  12.9   14:50    SW
14  15.9  19.7   16:30  10.4    0:05   2.3   0.0   0.0  15.1  53.1   12:05     S
15  16.7  21.1   16:15  12.9   23:50   1.8   0.0   0.0  10.1  33.8    1:45     S
16  16.0  20.2   15:00  10.3    6:30   2.3   0.0   0.0   8.0  35.4   22:35   SSE
17  18.2  21.8   16:25  15.9    5:40   0.6   0.0   0.0  16.6  62.8    1:15   SSE
18  14.1  18.2   11:40  10.4   23:45   3.9   0.0   0.0   5.8  46.7    0:15     S
19  10.6  14.4   16:40   8.5   00:00   7.4   0.0   0.0   1.3  19.3   14:10    SE
20  13.2  20.6   15:25   7.6    2:35   5.0   0.0   0.0   2.9  24.1   13:10     S
21  15.6  21.4   17:00   9.8    0:10   3.0   0.0   0.0   6.3  32.2   10:20     S
22  15.8  22.8   13:10  11.3    6:15   3.0   0.0   0.0   1.0  14.5    1:30     S
23  13.0  18.9   12:20   8.1    8:05   5.0   0.0   0.0   1.6  24.1   14:40   SSE
24  12.5  19.3   15:25   7.6    8:10   5.6   0.0   0.0   0.6  12.9   14:00    SE
25  12.6  20.8   13:20   7.3    7:50   5.6   0.0   0.0   0.5  17.7   14:35   ESE
26  16.6  24.7   15:05   7.6    4:30   3.7   0.0   0.0   4.0  30.6   12:35    SE
27  18.4  27.7   15:20  13.6   23:55   1.9   0.3   0.0   3.1  37.0   17:55    SE
28  12.2  16.4   11:50   8.6    7:55   5.8   0.0   0.0   0.5  14.5   13:05   ESE
-------------------------------------------------------------------------------------
    12.4  27.7    27     2.7     4   164.5   0.3  49.8   4.1  66.0    10     SSE

Max >=  32.0:  0
Max <=   0.0:  0
Min <=   0.0:  0
Min <= -18.0:  0
Max Rain: 15.80 ON 02/02/19
Days of Rain: 9 (> .2 mm) 6 (> 2 mm) 0 (> 20 mm)
Heat Base:  18.0  Cool Base:  25.0  Method: Integration