NOAA Style Reports for San Sebastián

           escudo Sn.Sn

Report for 2019 Mar
                   MONTHLY CLIMATOLOGICAL SUMMARY for MAR. 2019

NAME: kocher   CITY: San Sebastian   STATE: Guipuzcoa 
ELEV:    80 m  LAT:  43 18' 42" N  LONG:   2 00' 56" W

                   TEMPERATURE (C), RAIN  (mm), WIND SPEED (km/hr)

                                      HEAT  COOL        AVG
    MEAN                              DEG   DEG         WIND                 DOM
DAY TEMP  HIGH   TIME   LOW    TIME   DAYS  DAYS  RAIN  SPEED HIGH   TIME    DIR
------------------------------------------------------------------------------------
 1  11.2  16.7   13:45   7.4    4:35   6.8   0.0   0.0   0.8  16.1   15:15   SSE
 2  12.9  17.5   16:30   8.9    2:25   5.1   0.0   0.0   0.6  14.5   12:40     S
 3  18.0  24.7   13:45   9.7    5:35   2.1   0.0   0.0   9.2  64.4   11:50   SSE
 4  13.6  20.3    0:05  10.8   00:00   4.6   0.0   0.2   2.6  56.3    1:10   ESE
 5  14.8  19.8   15:15   8.1    7:00   3.5   0.0   0.0   8.5  54.7   23:50   SSE
 6  16.6  19.9   10:45  10.7   23:55   1.7   0.0   1.0  15.8  62.8   16:25   SSE
 7  12.5  17.3   15:30   8.7    7:40   5.5   0.0   0.2   4.5  32.2    0:55   SSE
 8  11.2  14.4   13:10   8.4    7:10   6.8   0.0  13.4   1.6  22.5   14:45   SSE
 9  13.9  18.7   15:25   9.8    0:05   4.2   0.0   0.0   1.1  16.1    8:45     W
10  11.8  15.7   12:50  10.0    5:00   6.2   0.0   1.2   0.6  14.5   12:25    SE
11  11.2  14.8   14:35   7.8   23:35   6.8   0.0   0.0   0.8  14.5   11:40    SE
12  11.8  19.9   12:50   5.9    2:55   6.2   0.0   4.4   4.0  37.0   13:40   SSE
13   9.5  12.5   16:25   7.5    7:25   8.5   0.0   4.2   2.3  27.4   10:25    SE
14   9.7  12.7   16:05   8.2    7:40   8.3   0.0   3.0   1.0  20.9    5:25    SE
15  11.2  14.6   15:20   8.8   00:00   6.8   0.0   0.0   0.5  14.5   15:25    SE
16  12.3  19.7   13:15   5.3    7:45   5.9   0.0   0.0   1.4  45.1   21:25    SE
17  10.7  12.8    9:50   9.0   22:40   7.3   0.0   1.8   1.1  16.1   11:40    SE
18   9.9  13.7   15:55   7.4    4:35   8.1   0.0   7.2   1.1  20.9   23:40    SE
19  10.1  13.5   13:00   8.0    1:30   7.9   0.0  11.0   0.8  14.5   12:15    SE
20  10.4  14.1   12:50   5.8    7:45   7.6   0.0   0.0   1.1  17.7   14:10    SE
21   9.9  14.6   14:55   5.8    7:15   8.0   0.0   0.0   1.1  22.5   13:10    SE
22  13.1  21.6   14:25   5.3    5:30   5.5   0.0   0.0   1.9  32.2   12:40   SSE
23  13.6  19.8   13:05   7.9    7:30   4.6   0.0   0.0   0.8  12.9   13:10   SSE
24  12.0  16.7   11:05   7.9    6:30   6.0   0.0   0.0   2.9  30.6   14:30     W
25  12.1  15.0   14:50  10.3    7:40   5.9   0.0   0.0   1.6  17.7   14:30    SE
26  10.7  13.6   16:05   7.4    7:45   7.3   0.0   0.0   1.4  16.1   12:30   ESE
27   9.5  13.8   16:10   4.3    7:25   8.5   0.0   0.0   1.4  22.5   13:50   WNW
28  10.9  15.2   12:25   7.1    7:30   7.1   0.0   0.0   1.1  19.3   16:00     W
29  14.2  22.4   17:00   5.8    7:30   4.7   0.0   0.0   4.2  43.5   23:25   SSE
30  17.3  23.2   14:55  12.5   00:00   1.7   0.0   0.0  10.6  46.7    3:25     S
31  14.6  21.8   13:40   9.7    8:15   3.5   0.0   0.0   0.6  14.5   13:55   ESE
-------------------------------------------------------------------------------------
    12.3  24.7     3     4.3    27   182.6   0.0  47.6   2.8  64.4     3     SSE

Max >=  32.0:  0
Max <=   0.0:  0
Min <=   0.0:  0
Min <= -18.0:  0
Max Rain: 13.41 ON 08/03/19
Days of Rain: 11 (> .2 mm) 6 (> 2 mm) 0 (> 20 mm)
Heat Base:  18.0  Cool Base:  25.0  Method: Integration