NOAA Style Reports for San Sebastián

           escudo Sn.Sn

Report for 2019 Apr
                   MONTHLY CLIMATOLOGICAL SUMMARY for APR. 2019

NAME: kocher   CITY: San Sebastian   STATE: Guipuzcoa 
ELEV:    80 m  LAT:  43 18' 42" N  LONG:   2 00' 56" W

                   TEMPERATURE (C), RAIN  (mm), WIND SPEED (km/hr)

                                      HEAT  COOL        AVG
    MEAN                              DEG   DEG         WIND                 DOM
DAY TEMP  HIGH   TIME   LOW    TIME   DAYS  DAYS  RAIN  SPEED HIGH   TIME    DIR
------------------------------------------------------------------------------------
 1  12.8  16.4   15:50  10.3    8:50   5.2   0.0   4.8   1.4  27.4    2:40     W
 2  12.7  16.2   14:50   9.9   23:55   5.3   0.0   4.8   1.1  19.3   10:55    SE
 3   7.6   9.9    0:05   3.7   23:50  10.5   0.0  10.4   3.2  27.4   20:05    SE
 4   8.6  14.2   16:35   3.4    8:15   9.5   0.0   3.0   2.6  29.0    6:10   SSE
 5  11.2  14.5   14:40   7.6   19:40   6.8   0.0   6.8   5.8  37.0   10:50   SSE
 6  10.6  15.9   16:30   6.9    7:00   7.4   0.0   7.0   4.2  38.6   15:20   SSE
 7   9.7  14.6   18:10   7.2    8:05   8.3   0.0   7.2   0.3  12.9   10:05     W
 8  12.3  14.8   17:35   9.1   23:55   5.6   0.0   1.6   2.4  27.4    5:55   SSE
 9  11.5  17.8   13:15   6.6    7:45   6.5   0.0   0.2   1.9  22.5   12:25    SE
10  10.8  13.9   15:55   8.3    7:20   7.2   0.0   5.6   1.8  22.5   13:40     W
11  11.1  12.4   18:10   9.6    3:05   7.0   0.0   2.2   0.8  17.7    7:10    SE
12  12.1  15.7   16:15   9.0   23:50   5.9   0.0   0.2   0.8  19.3   14:10     W
13  11.6  18.4   16:05   5.2    7:45   6.4   0.0   0.0   1.3  14.5   13:20   SSW
14  13.1  17.4   19:35   9.8    3:10   4.9   0.0   0.0   0.5  12.9   15:25   ESE
15  15.9  24.8   17:10  11.9    4:05   3.4   0.0  17.2   3.9  40.2   12:50   SSE
16  14.1  17.6   16:10   9.9    7:40   3.9   0.0   0.4   0.8  17.7   16:20     W
17  18.8  23.3   17:45  12.7    1:35   0.8   0.0   0.0   8.7  48.3   11:00   SSE
18  17.2  21.6    0:05  14.0   13:25   1.4   0.0   0.2   5.8  51.5    4:20   SSE
19  15.1  19.8   13:15  12.0    8:05   3.0   0.0   0.0   0.5  11.3    2:50   SSE
20  13.8  17.7   15:55  10.7    6:50   4.2   0.0   0.0   2.6  27.4   16:50     W
21  12.9  16.4   15:20   9.3    7:40   5.1   0.0   0.0   0.5  14.5   16:10   WNW
22  15.8  20.6   19:10  10.9    7:55   2.8   0.0   0.0   1.3  17.7   23:30   SSW
23  16.2  20.4   14:05  10.3   23:55   2.0   0.0   3.4   6.8  38.6   15:55   SSE
24  12.4  16.4   15:45   8.7    5:20   5.6   0.0   4.8  10.5  77.2   17:00   SSE
25  14.4  18.9   16:20  10.6    7:30   3.6   0.0   2.4   9.2  54.7   14:20   SSE
26  12.3  15.8   14:40   9.4    6:50   5.7   0.0   4.6   2.1  24.1    1:40    SE
27  11.8  14.2   14:10  10.2    2:45   6.2   0.0   0.4   0.8  14.5   13:55   SSE
28  12.7  16.2   16:40   9.6    7:55   5.3   0.0   0.0   0.8  14.5   11:20   ESE
29  12.6  17.7   14:40   6.9    7:15   5.4   0.0   0.0   1.0  14.5   13:25    SE
30  14.2  18.4   15:35  10.1    8:00   3.9   0.0   0.0   1.0  20.9   13:50     W
-------------------------------------------------------------------------------------
    12.9  24.8    15     3.4     4   158.8   0.0  87.2   2.8  77.2    24     SSE

Max >=  32.0:  0
Max <=   0.0:  0
Min <=   0.0:  0
Min <= -18.0:  0
Max Rain: 17.20 ON 15/04/19
Days of Rain: 20 (> .2 mm) 14 (> 2 mm) 0 (> 20 mm)
Heat Base:  18.0  Cool Base:  25.0  Method: Integration