NOAA Style Reports for San Sebastián

           escudo Sn.Sn

Report for 2019 May
                   MONTHLY CLIMATOLOGICAL SUMMARY for MAY. 2019

NAME: kocher   CITY: San Sebastian   STATE: Guipuzcoa 
ELEV:    80 m  LAT:  43 18' 42" N  LONG:   2 00' 56" W

                   TEMPERATURE (C), RAIN  (mm), WIND SPEED (km/hr)

                                      HEAT  COOL        AVG
    MEAN                              DEG   DEG         WIND                 DOM
DAY TEMP  HIGH   TIME   LOW    TIME   DAYS  DAYS  RAIN  SPEED HIGH   TIME    DIR
------------------------------------------------------------------------------------
 1  12.5  16.9   12:05   8.1    7:35   5.1   0.0   0.0   1.4  29.0   13:45    SE
 2  13.7  16.7   16:40  12.0    6:20   4.3   0.0   0.0   1.4  19.3    5:10    SE
 3  11.8  13.8   17:25   9.8    8:50   6.2   0.0  10.0   1.0  16.1   14:25   ESE
 4  12.5  16.9   15:30   9.6    6:10   5.5   0.0   0.6   2.1  22.5   20:10    SE
 5  10.1  13.9   17:15   4.7    7:45   7.9   0.0   0.0   1.6  22.5    1:10    SE
 6  12.6  19.3   16:50   5.5    7:30   5.5   0.0   0.0   1.4  19.3   13:00    SE
 7  14.5  19.4   12:40   9.9    6:50   3.6   0.0   0.0   0.6  14.5   13:55    SE
 8  16.5  21.2    3:05  12.3   11:25   2.0   0.0   2.6   4.2  46.7    9:10   SSE
 9  13.7  19.6   13:40  10.6    6:55   4.4   0.0   4.4   1.3  17.7   23:55    NW
10  17.0  21.4   12:50  12.9    0:20   1.6   0.0   2.0   1.4  19.3   12:15     W
11  14.8  17.6   15:25  12.7    7:45   3.2   0.0   1.2   1.6  19.3   14:45    SE
12  14.3  18.3   16:35  10.2    7:40   3.7   0.0   0.0   1.1  20.9   15:10    SE
13  13.6  17.1   15:15   9.6    7:50   4.4   0.0   0.0   2.1  22.5   16:00     S
14  14.2  19.2   15:50   8.6    7:35   3.9   0.0   0.0   1.3  19.3   11:35     W
15  15.0  19.9   15:00   9.8    6:00   3.2   0.0   0.0   1.3  20.9   13:45   SSE
16  14.6  21.4   11:30  10.2    7:05   3.6   0.0   3.4   1.8  32.2   12:15    SE
17  12.1  14.3   14:45  10.2   23:55   5.9   0.0  27.2   1.8  20.9   12:15    SE
18  10.1  11.8   12:25   8.8    5:05   7.9   0.0  34.8   1.6  19.3   23:40   SSE
19  11.3  12.2   17:50  10.3    0:40   6.7   0.0  60.0   1.9  20.9    3:00    SE
20  12.7  16.9   16:25   9.1    5:55   5.3   0.0   0.0   1.0  19.3   14:40    NW
21  13.7  17.9   17:20   9.2    7:30   4.3   0.0   0.0   1.0  16.1   11:25    SE
22  15.4  20.0   16:30  10.4    6:30   3.0   0.0   0.0   0.8  16.1   12:40    SE
23  15.4  19.7   11:45  12.8    6:50   2.7   0.0   2.4   1.1  22.5   12:10   SSE
24  14.0  14.9   15:00  12.9    7:30   4.0   0.0   1.6   1.1  16.1   11:35    SE
25  14.2  16.1   13:10  13.1   22:30   3.9   0.0   4.2   0.6  12.9   12:55    SE
26  13.6  15.2   17:00  12.6    7:20   4.4   0.0   3.8   0.6  12.9   21:20   SSE
27  13.6  15.2   18:15  12.3    6:25   4.4   0.0   8.6   0.6  16.1   16:15     S
28  13.8  16.3   12:40  12.2    4:45   4.1   0.0   2.8   1.4  17.7   15:50   SSE
29  15.4  18.4   15:10  12.9    6:20   2.6   0.0   0.2   1.1  22.5   12:55    SE
30  15.9  21.3   16:50  10.0    6:55   3.0   0.0   0.0   1.1  17.7   14:40   WNW
31  19.2  25.8   14:45  13.1    7:10   1.4   0.0   0.0   0.8  14.5   16:50    SE
-------------------------------------------------------------------------------------
    13.9  25.8    31     4.7     5   131.7   0.0 169.8   1.4  46.7     8      SE

Max >=  32.0:  0
Max <=   0.0:  0
Min <=   0.0:  0
Min <= -18.0:  0
Max Rain: 59.99 ON 19/05/19
Days of Rain: 17 (> .2 mm) 13 (> 2 mm) 3 (> 20 mm)
Heat Base:  18.0  Cool Base:  25.0  Method: Integration