NOAA Style Reports for San Sebastián

           escudo Sn.Sn

Report for 2019 Jun
                   MONTHLY CLIMATOLOGICAL SUMMARY for JUN. 2019

NAME: kocher   CITY: San Sebastian   STATE: Guipuzcoa 
ELEV:    80 m  LAT:  43 18' 42" N  LONG:   2 00' 56" W

                   TEMPERATURE (C), RAIN  (mm), WIND SPEED (km/hr)

                                      HEAT  COOL        AVG
    MEAN                              DEG   DEG         WIND                 DOM
DAY TEMP  HIGH   TIME   LOW    TIME   DAYS  DAYS  RAIN  SPEED HIGH   TIME    DIR
------------------------------------------------------------------------------------
 1  24.7  33.6   16:05  16.2    6:25   0.2   2.6   0.0   3.2  24.1   12:15     S
 2  20.8  26.6   12:10  16.4    6:15   0.2   0.1   0.0   2.3  27.4   18:20     S
 3  18.9  22.7   16:45  15.2    7:35   0.6   0.0   0.0   1.0  14.5   10:50     W
 4  17.6  22.6   10:55  13.9   23:15   1.2   0.0   4.4   1.8  29.0   11:15   SSW
 5  13.8  16.8   17:40  11.7    9:30   4.2   0.0  28.0   1.6  16.1   14:05   SSE
 6  18.1  26.1   19:30  10.4    6:30   2.8   0.1   0.0   5.8  43.5   22:25     S
 7  17.2  23.9    0:05  13.7    4:55   1.4   0.0   0.0   6.8  38.6    2:25     S
 8  15.4  20.2   15:35  10.2    6:55   2.9   0.0   0.0   1.4  16.1   11:30   SSE
 9  16.2  20.3   14:10  13.8    6:55   2.1   0.0   0.0   1.8  24.1   13:15    SE
10  15.2  17.9   15:20  12.9   23:40   2.8   0.0   0.4   1.1  19.3   14:30    SE
11  12.6  16.0   16:50  10.8    7:00   5.4   0.0  12.0   1.8  24.1   10:20   SSE
12  14.1  18.4   17:00  11.2    7:35   3.9   0.0   0.2   1.3  27.4   14:30   SSE
13  14.2  18.2   13:25   9.6    6:50   3.9   0.0   2.6   1.0  14.5   10:50    SE
14  14.5  16.4   13:40  12.6    6:40   3.5   0.0   1.6   0.2  11.3   18:30   NNW
15  16.1  20.6   13:45  12.2    7:20   2.4   0.0   0.6   0.8  16.1   12:10   WNW
16  17.1  22.4   15:30  11.9    7:35   2.1   0.0   0.0   2.4  24.1   22:25   SSE
17  18.7  25.3   16:35  14.7    6:00   1.1   0.0   0.0   2.1  33.8   19:50    SE
18  20.8  33.4   16:25  16.1    7:05   0.6   1.1   0.0   1.6  46.7   18:05    SE
19  18.9  23.7   12:20  15.5    5:40   0.7   0.0   0.0   0.6  14.5   12:35    NW
20  17.6  18.8    0:05  16.1    9:00   0.7   0.0   4.8   0.3   9.7   13:55   ESE
21  16.2  19.9   17:20  13.2    8:15   2.0   0.0  14.4   0.8  16.1   12:35    SE
22  19.0  26.4   19:25  11.3    7:05   2.2   0.1   0.0   1.0  14.5   16:25   WNW
23  22.3  26.4    5:25  18.4   22:05   0.0   0.2   0.0   5.0  37.0    9:50    NW
24  19.1  23.3   16:15  17.5    4:35   0.1   0.0   0.0   1.6  32.2   17:10   SSE
25  19.7  23.3   13:05  16.7    7:40   0.2   0.0   0.0   1.8  20.9   23:45     W
26  24.7  35.4   18:35  18.2    6:50   0.0   3.0   0.0   2.3  43.5   22:15    NW
27  24.2  35.2   17:45  17.9    6:55   0.0   2.5   0.0   2.7  59.5   22:15    NW
28  20.8  24.4   14:30  17.7    6:30   0.0   0.0   0.0   1.0  16.1   13:10     W
29  18.7  19.4    0:45  17.9    8:20   0.0   0.0   0.0   0.6  14.5   14:05   SSE
30  19.0  21.5   17:30  16.9    4:50   0.1   0.0   0.0   1.3  19.3   19:05   SSE
-------------------------------------------------------------------------------------
    18.2  35.4    26     9.6    13    47.1   9.8  69.0   1.9  59.5    27     SSE

Max >=  32.0:  4
Max <=   0.0:  0
Min <=   0.0:  0
Min <= -18.0:  0
Max Rain: 27.99 ON 05/06/19
Days of Rain: 10 (> .2 mm) 6 (> 2 mm) 1 (> 20 mm)
Heat Base:  18.0  Cool Base:  25.0  Method: Integration