NOAA Style Reports for San Sebastián

           escudo Sn.Sn

Report for 2019 Jul
                   MONTHLY CLIMATOLOGICAL SUMMARY for JUL. 2019

NAME: kocher   CITY: San Sebastian   STATE: Guipuzcoa 
ELEV:    80 m  LAT:  43 18' 42" N  LONG:   2 00' 56" W

                   TEMPERATURE (C), RAIN  (mm), WIND SPEED (km/hr)

                                      HEAT  COOL        AVG
    MEAN                              DEG   DEG         WIND                 DOM
DAY TEMP  HIGH   TIME   LOW    TIME   DAYS  DAYS  RAIN  SPEED HIGH   TIME    DIR
------------------------------------------------------------------------------------
 1  18.5  20.6   17:35  16.7    5:25   0.2   0.0   5.6   1.1  19.3   17:20   SSE
 2  18.7  21.4   16:00  17.0    6:20   0.2   0.0   1.4   0.8  20.9    0:35     S
 3  20.3  23.7   13:35  17.3    6:35   0.1   0.0   0.2   0.8  22.5   22:05    NW
 4  23.9  28.9   14:45  19.6    6:50   0.0   0.9   0.2   1.0  35.4   00:00   WNW
 5  22.5  26.3   18:00  20.4    6:45   0.0   0.0   0.0   3.4  41.8    0:05    NW
 6  21.4  23.9   12:15  19.6    7:15   0.0   0.0   0.0   1.3  16.1   20:35   SSE
 7  19.8  21.0   14:05  18.8   10:15   0.0   0.0   0.0   0.3  14.5   13:30   SSE
 8  19.5  20.6   15:25  18.4   23:10   0.0   0.0   7.0   1.0  29.0   22:55   SSE
 9  19.1  21.4   17:15  17.9    8:30   0.0   0.0   5.4   1.3  22.5   12:55   SSE
10  20.1  24.2   19:50  15.6    7:20   0.3   0.0   0.0   1.3  20.9   15:30    NW
11  20.4  25.4   17:40  15.5    7:35   0.5   0.0   0.0   1.4  20.9   14:05     W
12  20.9  25.4   15:35  15.7    6:25   0.5   0.0   0.0   1.0  17.7   16:00     S
13  20.9  24.3   14:20  17.4    6:50   0.0   0.0   0.0   0.6  12.9   15:15    SW
14  21.5  24.5   15:00  19.4    7:40   0.0   0.0   0.0   1.8  20.9   15:35   SSE
15  21.4  25.5   16:20  17.7    7:40   0.0   0.0   0.0   1.3  22.5   11:35     S
16  20.6  25.0   14:55  16.4    5:50   0.3   0.0   0.0   1.1  19.3   12:55     W
17  21.1  24.1   16:30  18.8    7:50   0.0   0.0   0.0   0.8  16.1   13:00     W
18  21.4  25.0   15:55  18.4    7:15   0.0   0.0   0.0   1.0  16.1   12:30    SE
19  21.4  28.0   16:35  15.1    7:15   0.6   0.5   0.0   1.3  14.5   11:05   SSE
20  22.3  23.8   15:05  21.1    7:55   0.0   0.0   0.0   0.3  11.3    8:00   SSE
21  22.7  25.6   15:05  20.2    7:20   0.0   0.0   0.0   0.8  14.5   10:35     S
22  24.2  28.6   17:10  20.1    7:35   0.0   0.9   0.0   0.6  14.5   14:20    NW
23  28.4  39.9   17:00  20.4    7:55   0.0   4.7   1.4   5.5  43.5   19:00     S
24  25.3  29.6   16:55  21.9    8:25   0.0   1.3   0.0   1.3  33.8   19:30     W
25  23.6  28.4    1:40  21.7   00:00   0.0   0.2   5.0   3.4  51.5    2:20    NW
26  19.4  21.8    0:05  16.9   00:00   0.1   0.0  34.4   1.0  20.9   10:55   SSE
27  16.8  18.9   18:25  15.8   10:00   1.2   0.0  50.2   0.6  16.1    9:45   SSE
28  18.6  23.1   17:20  15.8    5:05   0.8   0.0  12.0   1.0  17.7    9:20     S
29  19.8  24.8   14:15  15.5    5:25   0.5   0.0   0.4   0.8  22.5   11:15     W
30  18.7  22.9   16:50  15.8    8:30   0.6   0.0   8.6   0.6  16.1    6:50    SE
31  18.8  23.5   15:45  13.7    7:45   1.2   0.0   0.0   0.2  16.1   13:30   SSE
-------------------------------------------------------------------------------------
    21.0  39.9    23    13.7    31     7.4   8.6 131.8   1.2  51.5    25     SSE

Max >=  32.0:  1
Max <=   0.0:  0
Min <=   0.0:  0
Min <= -18.0:  0
Max Rain: 50.19 ON 27/07/19
Days of Rain: 13 (> .2 mm) 8 (> 2 mm) 2 (> 20 mm)
Heat Base:  18.0  Cool Base:  25.0  Method: Integration