NOAA Style Reports for San Sebastián

           escudo Sn.Sn

Report for 2019 Sep
                   MONTHLY CLIMATOLOGICAL SUMMARY for SEP. 2019

NAME: kocher   CITY: San Sebastian   STATE: Guipuzcoa 
ELEV:    80 m  LAT:  43 18' 42" N  LONG:   2 00' 56" W

                   TEMPERATURE (C), RAIN  (mm), WIND SPEED (km/hr)

                                      HEAT  COOL        AVG
    MEAN                              DEG   DEG         WIND                 DOM
DAY TEMP  HIGH   TIME   LOW    TIME   DAYS  DAYS  RAIN  SPEED HIGH   TIME    DIR
------------------------------------------------------------------------------------
 1  19.7  24.5   16:00  16.9   23:45   0.1   0.0   1.4   0.0  22.5   17:10   SSE
 2  19.4  23.7   14:35  15.3    8:50   0.4   0.0   0.0   0.2  12.9   15:55   SSE
 3  18.3  23.1   18:55  13.3    6:55   1.4   0.0   0.0   0.3  17.7   16:05     W
 4  18.6  24.2   15:55  14.4    5:25   1.2   0.0   0.0   0.3  16.1   14:50   SSE
 5  18.1  20.3   13:30  16.4    3:45   0.4   0.0   3.6   0.0  16.1    1:55   SSE
 6  18.0  21.9   16:25  13.5    8:20   1.0   0.0   0.8   0.0  14.5   13:10    SE
 7  18.1  24.2   11:55  13.0    7:40   1.1   0.0   0.4   0.0  14.5   13:15    SE
 8  17.7  21.9   17:15  14.2   00:00   1.3   0.0   4.2   0.0  12.9   14:40   ENE
 9  15.9  20.6   15:35  11.6    7:40   2.5   0.0   0.0   0.0  16.1   15:25     W
10  15.9  19.3   15:55  12.1    7:50   2.2   0.0  25.8   0.2  20.9   10:45   SSE
11  19.6  22.4   15:10  17.7    7:50   0.0   0.0   0.0   0.0  12.9    4:25   ESE
12  17.7  21.6   13:30  13.5    8:10   1.3   0.0   0.0   0.0  11.3   14:25     E
13  18.0  22.6   15:05  13.8    6:40   1.4   0.0   0.0   0.8  24.1   15:20     W
14  21.0  26.4   14:20  17.3    1:50   0.1   0.1   0.0   0.0  16.1   16:00    SE
15  21.3  26.7   13:35  18.4    8:30   0.0   0.1   2.0   0.2  27.4   17:45     W
16  21.4  25.7   16:00  18.5    8:10   0.0   0.0   0.4   0.0  12.9   13:45     W
17  20.9  25.9   14:50  17.3    6:40   0.1   0.1   0.0   0.3  17.7   17:25   WNW
18  19.9  23.5   14:45  17.9    8:05   0.0   0.0   9.0   0.0  19.3   15:10     W
19  19.4  23.0   13:35  16.3    7:10   0.3   0.0   0.0   0.3  20.9   14:20     W
20  23.1  31.3   17:00  15.9    7:20   0.5   1.6   0.0   3.7  43.5   14:40   SSE
21  24.5  27.2   14:15  22.3    4:30   0.0   0.4   0.0   8.4  56.3    6:00   SSE
22  19.7  24.6    0:20  15.8    9:55   0.4   0.0  22.4   0.8  25.7    3:00     S
23  18.9  23.8   17:10  14.7    6:50   1.1   0.0   0.0   0.8  24.1   14:30   WSW
24  21.1  24.5   12:40  16.2   00:00   0.1   0.0   0.8   2.4  43.5    5:35   SSE
25  18.3  22.1   14:30  15.7    1:30   0.7   0.0   0.2   0.3  17.7   12:10   SSE
26  18.8  22.7   15:10  14.9    6:50   0.8   0.0   0.0   0.2  12.9   13:50   ESE
27  19.0  24.4   13:10  15.6    6:20   0.7   0.0   0.4   0.3  19.3   13:20   SSE
28  18.4  22.2   17:10  15.6    7:20   0.9   0.0   1.2   0.0  11.3   15:35    SE
29  20.3  27.3   16:30  14.3    7:20   0.8   0.2   0.0   0.3  22.5   13:40     W
30  20.9  26.1   16:35  17.0    6:25   0.1   0.1   0.4   0.0   8.0   14:25   SSE
-------------------------------------------------------------------------------------
    19.4  31.3    20    11.6     9    21.2   2.6  73.0   0.7  56.3    21     SSE

Max >=  32.0:  0
Max <=   0.0:  0
Min <=   0.0:  0
Min <= -18.0:  0
Max Rain: 25.81 ON 10/09/19
Days of Rain: 15 (> .2 mm) 6 (> 2 mm) 2 (> 20 mm)
Heat Base:  18.0  Cool Base:  25.0  Method: Integration