NOAA Style Reports for San Sebastián

           escudo Sn.Sn

Report for 2019 Dec
                   MONTHLY CLIMATOLOGICAL SUMMARY for DEC. 2019

NAME: kocher   CITY: San Sebastian   STATE: Guipuzcoa 
ELEV:    80 m  LAT:  43 18' 42" N  LONG:   2 00' 56" W

                   TEMPERATURE (C), RAIN  (mm), WIND SPEED (km/hr)

                                      HEAT  COOL        AVG
    MEAN                              DEG   DEG         WIND                 DOM
DAY TEMP  HIGH   TIME   LOW    TIME   DAYS  DAYS  RAIN  SPEED HIGH   TIME    DIR
------------------------------------------------------------------------------------
 1  10.8  15.2   13:30   8.1    5:20   7.2   0.0   0.0   1.0  14.5    3:50   SSW
 2   8.2   9.3   11:30   6.1   00:00   9.8   0.0   2.2   0.6  17.7   13:25   ESE
 3   5.6   7.2   16:55   3.7   23:50  12.4   0.0   1.0   0.2   8.0   19:00     S
 4   6.2  10.1   17:45   2.2    6:40  11.8   0.0   0.0   0.5  14.5   17:55   SSW
 5  10.1  14.1   14:50   7.9    6:30   7.9   0.0   0.0   0.6  17.7   13:40     W
 6   9.9  16.2   13:40   5.9    7:50   8.1   0.0   0.0   1.3  20.9   18:00   SSE
 7  11.3  16.5   13:55   8.1    8:15   6.7   0.0   0.0   0.6   9.7    3:15     W
 8  11.6  13.4   10:15   9.4    3:55   6.4   0.0   6.2   1.4  17.7    6:30     W
 9  11.8  14.1   14:20  10.4   19:50   6.2   0.0   4.4   2.6  25.7   15:20   ESE
10  11.6  15.7   15:15   8.5    9:40   6.4   0.0   0.6   1.3  14.5   12:15   SSE
11  11.2  13.9    3:05   8.7   23:20   6.8   0.0  44.8   2.7  27.4   13:15    SE
12  10.2  13.6   00:00   8.2    8:50   7.8   0.0  34.4   4.3  40.2   17:10   SSE
13  14.4  15.2    9:20  13.5   17:50   3.6   0.0   5.0   4.3  40.2    8:25   ESE
14  14.9  17.7   14:25  12.6    2:45   3.1   0.0   0.0   6.0  37.0   14:40   SSE
15  16.8  19.1   13:45  15.4   23:15   1.3   0.0   0.0  10.9  46.7    2:55   SSE
16  16.4  18.0   16:05  14.8    2:15   1.5   0.0   0.0  18.0  61.2   16:35   SSE
17  11.3  17.6    0:10   8.2   23:35   6.7   0.0   5.4   4.3  62.8    0:40   SSE
18  13.3  17.3   16:30   8.1    0:20   4.7   0.0   0.0  10.5  48.3   14:30   SSE
19  17.1  19.8   23:50  15.3    2:15   1.0   0.0   0.0  17.1  62.8    6:15   SSE
20  12.7  19.2    0:05  10.3   18:10   5.3   0.0  16.6   4.7  61.2    2:20   SSE
21  13.2  22.0   14:55   9.0    7:10   5.0   0.0   8.2   5.0  59.5   13:20   SSE
22  12.2  15.7   13:55  10.2   19:50   5.8   0.0  12.0   3.4  38.6    2:20   SSE
23  12.6  15.1   16:15   9.6    2:15   5.4   0.0   5.4   1.4  22.5   23:30     S
24  15.8  21.3   14:50  11.8   23:40   2.6   0.0   0.0   3.1  25.7    0:25   SSE
25  15.1  21.1   15:50   8.3    8:00   3.7   0.0   0.0   1.4  22.5   23:45   WSW
26  13.9  19.4    0:05   7.8   00:00   4.3   0.0   0.0   0.8  17.7    0:05   WNW
27   8.4  13.9   14:30   4.7    8:25   9.2   0.0   0.0   0.5   9.7    1:25   WSW
28   7.2  11.7   15:25   3.4    8:20  10.8   0.0   0.0   0.2  11.3   14:45   SSE
29   7.9  13.4   13:30   4.6    2:45  10.1   0.0   0.0   0.0   8.0   14:05    SE
30   8.9  14.3   15:35   5.2    6:30   9.0   0.0   0.0   1.0  22.5   12:50   SSE
31   7.8  11.2   16:55   4.2    8:50  10.2   0.0   0.0   0.0   9.7   12:05     W
-------------------------------------------------------------------------------------
    11.6  22.0    21     2.2     4   200.9   0.0 146.2   3.5  62.8    17     SSE

Max >=  32.0:  0
Max <=   0.0:  0
Min <=   0.0:  0
Min <= -18.0:  0
Max Rain: 44.81 ON 11/12/19
Days of Rain: 13 (> .2 mm) 11 (> 2 mm) 2 (> 20 mm)
Heat Base:  18.0  Cool Base:  25.0  Method: Integration