NOAA Style Reports for San Sebastián

           escudo Sn.Sn

Report for 2020 Feb
                   MONTHLY CLIMATOLOGICAL SUMMARY for FEB. 2020

NAME: kocher   CITY: San Sebastian   STATE: Guipuzcoa 
ELEV:    80 m  LAT:  43 18' 42" N  LONG:   2 00' 56" W

                   TEMPERATURE (C), RAIN  (mm), WIND SPEED (km/hr)

                                      HEAT  COOL        AVG
    MEAN                              DEG   DEG         WIND                 DOM
DAY TEMP  HIGH   TIME   LOW    TIME   DAYS  DAYS  RAIN  SPEED HIGH   TIME    DIR
------------------------------------------------------------------------------------
 1  17.1  19.6    1:25  14.0   22:20   1.1   0.0   0.6   3.1  38.6    1:55     S
 2  20.6  24.1   15:10  15.6    0:05   0.0   0.0   0.0   5.8  29.0   13:35     S
 3  20.4  26.4   16:25  15.3    7:45   0.3   0.2   0.0   4.3  30.6   20:25   WNW
 4  12.9  17.1    2:15  10.4   22:30   5.1   0.0   8.2   1.1  24.1   23:05    SE
 5   9.8  13.6   16:00   5.9    9:10   8.2   0.0   0.0   1.3  16.1   14:05   SSE
 6  12.2  19.4   16:05   4.1    5:30   5.9   0.0   0.0   6.8  48.3   10:45   SSW
 7  15.2  18.8   16:05  12.8    9:25   2.9   0.0   0.0   6.9  27.4   12:10     S
 8  12.8  14.8   10:20  10.2   23:50   5.2   0.0   0.6   2.9  27.4   10:45     S
 9  15.2  18.3   22:10   8.6    2:50   2.9   0.0   0.0  13.0  45.1   14:55   SSW
10  15.4  18.4   11:45  13.2   22:55   2.5   0.0   0.2   3.5  33.8    2:20    NW
11  12.5  13.9   14:45  10.3   21:20   5.5   0.0   4.8   0.6  16.1   19:15   SSE
12  11.7  14.9   14:50   9.1    8:30   6.3   0.0   0.0   1.3  20.9   23:50   WNW
13  15.7  19.3   13:20  13.2   23:30   2.4   0.0   0.0   5.3  29.0    2:50     S
14  13.7  17.9   15:55  10.3   22:55   4.3   0.0   0.0   1.3  14.5   15:25    NW
15  15.8  21.1   15:05   8.4    6:50   3.2   0.0   0.0   7.9  38.6   12:00     S
16  20.4  23.1   15:15  18.2    3:10   0.0   0.0   0.0  18.8  67.6   14:20     S
17  12.9  20.3    0:10   9.8   23:30   5.4   0.0  13.8   4.7  38.6    5:00     S
18  10.1  13.9   14:30   7.2    7:25   7.9   0.0   4.0   1.1  16.1   14:30   WNW
19   9.9  14.2   16:20   6.7    6:20   8.1   0.0   0.0   1.1  12.9   12:30   WNW
20  10.9  15.1   13:05   6.5    3:25   7.1   0.0   0.0   1.8  25.7   13:55    NW
21  10.9  14.4   13:50   8.3    1:35   7.0   0.0   0.0   1.0  11.3   13:40   WSW
22  12.0  18.1   14:25   7.7    8:35   6.0   0.0   0.0   2.1  19.3   14:40   WNW
23  11.3  16.2   13:50   6.9    7:45   6.7   0.0   0.0   1.6  20.9   12:35     W
24   9.8  14.7   14:15   5.6    8:25   8.2   0.0   0.0   2.6  32.2   14:45     S
25  11.1  13.4   14:40   9.7   23:45   6.9   0.0   7.8   1.4  14.5   18:20   SSW
26   9.6  11.0   14:50   8.3   19:00   8.5   0.0  32.2   2.1  22.5    8:55   SSE
27  12.3  15.8   11:55   8.9    0:05   5.7   0.0  14.8   3.5  25.7    5:05     S
28  14.7  18.9   23:50  10.2    8:05   3.3   0.0   0.4   1.9  35.4   23:30    NW
29  14.4  18.8    0:05  10.9   21:10   3.7   0.0   5.0   8.0  51.5    8:05     S
-------------------------------------------------------------------------------------
    13.5  26.4     3     4.1     6   140.3   0.2  92.4   4.0  67.6    16       S

Max >=  32.0:  0
Max <=   0.0:  0
Min <=   0.0:  0
Min <= -18.0:  0
Max Rain: 32.21 ON 26/02/20
Days of Rain: 12 (> .2 mm) 8 (> 2 mm) 1 (> 20 mm)
Heat Base:  18.0  Cool Base:  25.0  Method: Integration