NOAA Style Reports for San Sebastián

           escudo Sn.Sn

Report for 2020 Mar
                   MONTHLY CLIMATOLOGICAL SUMMARY for MAR. 2020

NAME: kocher   CITY: San Sebastian   STATE: Guipuzcoa 
ELEV:    80 m  LAT:  43 18' 42" N  LONG:   2 00' 56" W

                   TEMPERATURE (C), RAIN  (mm), WIND SPEED (km/hr)

                                      HEAT  COOL        AVG
    MEAN                              DEG   DEG         WIND                 DOM
DAY TEMP  HIGH   TIME   LOW    TIME   DAYS  DAYS  RAIN  SPEED HIGH   TIME    DIR
------------------------------------------------------------------------------------
 1  12.9  18.2   12:30   7.4    5:45   5.1   0.0   1.6   4.5  41.8   10:35     S
 2  10.2  16.1    3:15   6.8   22:40   7.7   0.0  20.8   5.8  48.3    2:20     S
 3  10.9  17.3   12:00   7.3    0:30   7.0   0.0   6.4   4.8  38.6   11:55     S
 4  13.5  17.2   15:05   9.4    0:50   4.5   0.0   6.2   1.6  12.9    4:25   NNW
 5  13.7  19.2    5:40   8.8   23:30   4.5   0.0  11.6   6.3  48.3    6:20     S
 6   9.0  11.9   13:30   5.4   10:00   8.9   0.0  16.8   4.5  38.6    3:35    SE
 7  10.6  12.5   12:30   8.3    1:55   7.4   0.0  12.0   1.4  20.9    7:35   SSE
 8  10.7  15.7   14:05   6.5    7:10   6.7   0.0   0.4   1.6  17.7   23:30     S
 9  11.2  13.2   15:00   9.7    3:40   6.8   0.0   8.4   1.9  19.3    0:25    SE
10  11.4  15.6   12:45   8.0    7:20   6.6   0.0   0.0   1.1  14.5   14:20   WNW
11  12.3  17.7   15:45   7.4    7:55   5.7   0.0   0.0   1.4  16.1   21:15    SW
12  12.6  14.8   14:10  11.2    0:55   5.4   0.0   2.0   0.6  12.9    1:35     E
13  11.7  14.3   13:20   9.7    7:05   6.3   0.0   1.2   1.3  17.7    2:10    SE
14  11.3  15.7   15:55   6.8    7:20   6.7   0.0   0.0   1.3  16.1   11:50     W
15  12.3  21.0   12:05   6.9    4:25   5.8   0.0  21.2   6.3  45.1    8:50     S
16  10.4  11.6   22:55   9.2    3:30   7.6   0.0  60.0   1.4  19.3    0:25    SE
17  12.1  13.9   16:30  11.1    6:15   5.9   0.0   1.4   0.3   4.8    0:25   ENE
18  13.8  18.2   13:40   9.7    4:00   4.2   0.0   0.0   0.8  12.9   14:40   WNW
19  16.4  22.9   14:15  11.0    8:20   2.7   0.0   0.0   3.5  32.2   13:05     S
20  17.5  20.4   15:50  15.4    6:35   1.0   0.0   0.0   8.7  37.0   12:30     S
21  16.4  20.2   13:55  13.2   22:50   1.8   0.0   0.0   8.4  45.1    4:20     S
22  13.2  15.6    0:10  10.4    5:45   4.8   0.0   0.0   1.6  17.7    3:30   WNW
23  12.7  15.8   15:35  10.8    4:35   5.3   0.0   0.8   0.8  14.5   15:50   WNW
24  13.6  18.4   16:50  10.2    3:40   4.4   0.0   0.0   1.4  12.9   12:40     W
25  11.7  15.6   14:10   8.5    7:35   6.3   0.0   0.0   2.1  22.5   10:50     S
26  11.6  14.2   15:35   7.7   23:35   6.4   0.0   0.0   3.4  25.7    8:50    SE
27   9.4  14.4   15:10   4.7    6:55   8.6   0.0   0.0   1.9  14.5   15:15    NW
28  10.7  15.7   16:15   6.3    5:55   7.3   0.0   0.0   1.9  17.7   13:40     W
29   9.4  14.1   13:40   5.9    8:15   8.2   0.0   1.2   1.9  19.3   21:25   SSE
30   5.3   8.2   16:25   2.8   10:20  12.7   0.0   6.8   2.1  17.7    9:05     S
31   6.1   8.9   20:25   3.8    5:10  11.9   0.0   5.0   0.6   9.7   20:15   SSE
-------------------------------------------------------------------------------------
    11.8  22.9    19     2.8    30   194.2   0.0 183.8   2.8  48.3     2       S

Max >=  32.0:  0
Max <=   0.0:  0
Min <=   0.0:  0
Min <= -18.0:  0
Max Rain: 59.99 ON 16/03/20
Days of Rain: 18 (> .2 mm) 12 (> 2 mm) 3 (> 20 mm)
Heat Base:  18.0  Cool Base:  25.0  Method: Integration