NOAA Style Reports for San Sebastián

           escudo Sn.Sn

Report for 2020 Apr
                   MONTHLY CLIMATOLOGICAL SUMMARY for APR. 2020

NAME: kocher   CITY: San Sebastian   STATE: Guipuzcoa 
ELEV:    80 m  LAT:  43 18' 42" N  LONG:   2 00' 56" W

                   TEMPERATURE (C), RAIN  (mm), WIND SPEED (km/hr)

                                      HEAT  COOL        AVG
    MEAN                              DEG   DEG         WIND                 DOM
DAY TEMP  HIGH   TIME   LOW    TIME   DAYS  DAYS  RAIN  SPEED HIGH   TIME    DIR
------------------------------------------------------------------------------------
 1  11.8  16.3   13:15   8.1    8:05   6.2   0.0   0.8   1.3  20.9   13:30   WNW
 2  11.9  14.8   17:15   9.7    7:05   6.1   0.0   0.0   1.4  17.7   15:30   WNW
 3  10.5  14.6   16:15   6.4    6:25   7.5   0.0   0.0   1.3  16.1   15:35    NW
 4  15.2  23.9   17:20   5.4    7:15   4.4   0.0   0.0   8.0  45.1   22:25     S
 5  18.7  23.2   17:00  15.6    8:40   0.7   0.0   0.0  15.3  51.5    6:00     S
 6  15.2  19.5    0:05  12.3   23:10   2.9   0.0   9.4   4.7  32.2    0:50     S
 7  15.6  21.6   17:50  11.2    7:40   3.0   0.0   0.2   4.0  27.4   14:50     S
 8  17.3  21.8   15:30  12.8    8:10   1.5   0.0   0.0   1.8  16.1    1:25     N
 9  19.5  25.1   17:40  13.5    2:40   1.1   0.0   0.0   2.6  27.4   22:25   SSE
10  19.8  22.9   11:50  17.0   23:55   0.0   0.0   0.0   5.5  29.0    2:35   SSW
11  16.8  20.2   12:15  14.8    6:05   1.3   0.0   1.4   3.1  24.1   17:40    NW
12  16.8  22.1   18:00  14.4    5:40   2.0   0.0   6.2   2.6  33.8   21:25     S
13  15.8  18.3   12:30  13.1   00:00   2.2   0.0   1.0   3.9  29.0   13:50    SW
14  15.2  19.7   14:25  12.3    2:20   2.8   0.0   0.0   1.3  17.7   14:30   NNW
15  18.2  23.3   13:25  12.6    3:15   1.3   0.0   0.0   7.6  48.3   23:30     S
16  19.4  24.7   16:25  15.8   22:15   0.2   0.0   0.8  10.5  62.8    1:45     S
17  19.1  23.8   17:55  14.9   19:15   0.5   0.0   5.6   6.1  35.4   14:50     S
18  16.5  21.4   15:00  14.0    5:30   1.8   0.0   7.6   1.6  20.9    1:20   SSW
19  14.3  14.8    0:35  13.9   12:30   3.7   0.0   1.2   1.4  16.1   12:00   SSE
20  14.2  16.3   16:40  12.5   23:55   3.8   0.0   1.0   1.3  12.9   14:10     S
21  13.2  13.8   17:15  12.4    0:15   4.8   0.0  38.4   1.3  12.9   20:40    SE
22  13.5  15.7   15:15  11.7    6:05   4.5   0.0  18.2   1.3  12.9    1:40   SSE
23  15.0  18.8   16:00  12.7    3:45   3.0   0.0   0.0   1.0  19.3   18:15   WNW
24  16.4  20.9   12:50  13.2    0:45   2.1   0.0   2.6   1.6  22.5   19:05    NW
25  16.1  19.4   15:05  14.3    6:55   1.9   0.0   0.0   1.9  19.3   15:25   WNW
26  15.9  18.7   16:25  14.4   22:45   2.2   0.0   2.4   1.3  14.5   15:30   SSE
27  14.8  17.6   10:55  11.8   23:20   3.2   0.0   3.4   1.8  20.9   11:05    NW
28  13.7  18.0   16:05  11.6    7:00   4.3   0.0   2.4   2.3  17.7   11:30   WNW
29  15.8  20.4   20:00  10.5    6:25   2.8   0.0   0.0   5.5  37.0   13:10     S
30  15.9  19.8   12:15  12.9    3:45   2.1   0.0   0.4   2.6  25.7   10:50     S
-------------------------------------------------------------------------------------
    15.7  25.1     9     5.4     4    84.0   0.0 103.0   3.5  62.8    16       S

Max >=  32.0:  0
Max <=   0.0:  0
Min <=   0.0:  0
Min <= -18.0:  0
Max Rain: 38.40 ON 21/04/20
Days of Rain: 18 (> .2 mm) 10 (> 2 mm) 1 (> 20 mm)
Heat Base:  18.0  Cool Base:  25.0  Method: Integration