NOAA Style Reports for San Sebastián

           escudo Sn.Sn

Report for 2020 May
                   MONTHLY CLIMATOLOGICAL SUMMARY for MAY. 2020

NAME: kocher   CITY: San Sebastian   STATE: Guipuzcoa 
ELEV:    80 m  LAT:  43 18' 42" N  LONG:   2 00' 56" W

                   TEMPERATURE (C), RAIN  (mm), WIND SPEED (km/hr)

                                      HEAT  COOL        AVG
    MEAN                              DEG   DEG         WIND                 DOM
DAY TEMP  HIGH   TIME   LOW    TIME   DAYS  DAYS  RAIN  SPEED HIGH   TIME    DIR
------------------------------------------------------------------------------------
 1  17.9  21.1   12:30  15.2    0:10   0.5   0.0   1.2   4.3  30.6   13:55     S
 2  19.3  22.9   14:30  16.4    0:05   0.3   0.0   0.0   1.3  14.5   16:25    NW
 3  18.9  23.6   15:40  14.3    8:20   0.8   0.0   0.0   1.8  16.1   16:15   WNW
 4  24.6  32.1   18:40  16.8    4:10   0.1   2.5   1.6   6.9  45.1   11:25     S
 5  19.3  23.6   12:30  15.0    7:55   0.4   0.0   0.0   1.8  16.1   15:15   WNW
 6  18.2  22.3   18:10  14.6    7:10   1.0   0.0   0.0   2.6  25.7   14:00    NW
 7  18.7  26.6   23:55  14.8    7:40   0.8   0.0   0.0   1.9  27.4   23:40   SSW
 8  23.3  28.3   15:30  18.9   23:45   0.0   0.3   1.6   5.0  40.2    7:40     S
 9  19.2  24.8   14:05  16.3    8:40   0.5   0.0   6.4   3.4  25.7   17:50    NW
10  15.6  17.5   15:00  14.1   23:20   2.4   0.0  66.4   2.1  24.1    4:25   SSE
11  14.1  17.8   15:35  11.8   23:45   3.9   0.0  25.6   2.1  20.9   16:20   SSE
12  12.5  14.1   12:25  11.1    3:10   5.5   0.0   3.4   0.8  11.3   10:35     S
13  13.6  16.2   16:25  11.9    8:20   4.4   0.0  24.4   0.8  14.5   17:00   NNW
14  13.8  14.6   10:35  13.2    8:05   4.2   0.0   2.0   0.5   9.7   13:50    NW
15  14.2  15.7   13:45  12.8   23:00   3.8   0.0   0.4   1.6  16.1   13:25    SE
16  15.4  18.1   16:20  13.9    2:25   2.6   0.0   0.0   2.4  19.3    5:20     S
17  15.1  18.6   16:25  10.7    6:35   2.9   0.0   0.0   1.9  20.9   13:15   WNW
18  15.6  19.9   14:40  11.0    6:20   2.7   0.0   0.0   1.9  20.9   16:55     W
19  16.8  21.4   18:00  11.9    6:55   2.1   0.0   0.0   1.9  20.9   14:45     W
20  18.4  23.9   16:35  12.6    6:45   1.6   0.0   0.0   1.8  20.9   15:15     W
21  19.2  24.2   18:10  14.7    7:30   0.7   0.0   0.0   1.9  27.4    0:20   SSE
22  19.2  21.8   13:25  16.8   22:45   0.1   0.0   0.4   2.3  22.5    5:10    SE
23  16.3  17.8   17:45  14.3   11:10   1.7   0.0  16.0   1.6  27.4   11:00    NW
24  16.4  21.3   16:25  12.1    6:30   2.1   0.0   0.0   1.8  20.9   11:15   SSE
25  17.5  21.1   16:40  14.5    6:10   1.2   0.0   0.0   2.1  24.1   12:50   WNW
26  17.6  21.4   17:35  13.9    3:30   1.3   0.0   0.0   2.4  20.9   15:20   WNW
27  19.1  24.4   17:00  13.9    5:55   1.1   0.0   0.0   1.8  17.7   11:55   WSW
28  23.9  29.7   14:20  17.1    4:55   0.0   1.3   0.0   2.3  19.3   10:50     S
29  22.5  27.4   13:25  17.3    6:30   0.0   0.3   0.0   1.8  19.3   14:15   WSW
30  21.8  27.2   16:25  15.6    6:40   0.3   0.3   0.0   1.4  14.5   12:20   NNW
31  22.7  28.4   12:25  17.1    6:50   0.0   0.5   0.0   3.1  22.5    9:40   WNW
-------------------------------------------------------------------------------------
    18.1  32.1     4    10.7    17    49.2   5.2 149.4   2.2  45.1     4       S

Max >=  32.0:  1
Max <=   0.0:  0
Min <=   0.0:  0
Min <= -18.0:  0
Max Rain: 66.40 ON 10/05/20
Days of Rain: 12 (> .2 mm) 7 (> 2 mm) 3 (> 20 mm)
Heat Base:  18.0  Cool Base:  25.0  Method: Integration