NOAA Style Reports for San Sebastián

           escudo Sn.Sn

Report for 2020 Jun
                   MONTHLY CLIMATOLOGICAL SUMMARY for JUN. 2020

NAME: kocher   CITY: San Sebastian   STATE: Guipuzcoa 
ELEV:    80 m  LAT:  43 18' 42" N  LONG:   2 00' 56" W

                   TEMPERATURE (C), RAIN  (mm), WIND SPEED (km/hr)

                                      HEAT  COOL        AVG
    MEAN                              DEG   DEG         WIND                 DOM
DAY TEMP  HIGH   TIME   LOW    TIME   DAYS  DAYS  RAIN  SPEED HIGH   TIME    DIR
------------------------------------------------------------------------------------
 1  22.1  26.1   11:00  19.6   00:00   0.0   0.0   0.0   4.0  33.8   11:30    NW
 2  21.1  24.8   15:50  18.0    7:50   0.0   0.0   0.0   1.8  19.3   13:15   NNW
 3  20.3  21.4    0:20  18.3   23:30   0.0   0.0   0.6   1.3  14.5   14:15     S
 4  16.1  18.9    1:25  14.3    9:05   2.0   0.0  40.4   2.4  22.5   15:50     S
 5  16.9  20.2   16:30  14.7    9:00   1.3   0.0   0.2   2.6  17.7    8:10   SSE
 6  17.4  20.4   14:05  15.6   23:30   0.9   0.0   3.6   1.9  17.7   13:50     S
 7  15.1  17.6   14:30  13.1    5:05   2.9   0.0   9.2   1.6  16.1    5:25    SE
 8  14.3  18.7   15:25  12.0    7:20   3.7   0.0  16.2   2.9  17.7   15:15     S
 9  15.1  18.7   18:40  12.5    6:35   2.9   0.0  11.4   2.4  19.3   15:20   SSE
10  16.3  19.1   13:30  14.2    6:45   1.8   0.0   1.8   2.1  17.7   14:30     S
11  14.6  20.4   14:05  11.7   00:00   3.5   0.0  22.6   2.1  27.4   14:10   WNW
12  14.8  20.1   13:20  10.2    3:15   3.3   0.0   4.8   5.6  38.6   13:25     S
13  16.5  21.1   15:00  12.9    0:05   1.9   0.0   2.0   2.3  20.9    3:20   WNW
14  17.4  21.8   13:35  13.6    8:00   1.5   0.0   0.0   1.4  16.1   15:50   WNW
15  18.0  22.2   16:30  14.3    3:30   1.2   0.0   0.0   1.4  12.9   12:45   WNW
16  16.8  21.4   12:45  15.2    5:30   1.4   0.0   2.2   1.4  17.7   15:30   SSE
17  16.4  19.2   12:40  13.4    7:10   1.7   0.0   0.2   2.1  24.1   12:10     S
18  16.6  20.3   17:15  13.6    6:50   1.8   0.0   3.0   1.8  14.5   11:40   WNW
19  16.8  20.3   13:50  12.8    6:35   1.7   0.0   0.0   1.4  14.5   13:10   WNW
20  18.8  22.8   17:20  14.6    7:30   0.7   0.0   0.0   1.4  14.5   15:45   SSE
21  19.2  23.2   17:15  14.8    7:05   0.8   0.0   0.0   2.3  20.9   16:10   WNW
22  20.3  23.8   14:20  16.6    6:10   0.1   0.0   0.0   1.8  14.5   11:15   SSE
23  21.9  28.6   15:35  16.2    5:05   0.4   0.6   0.0   1.8  16.1   17:20    NW
24  22.4  26.6   11:55  19.7    6:45   0.0   0.1   0.0   3.4  29.0   19:40   WNW
25  20.5  23.9    6:50  18.3   22:15   0.0   0.0   4.2   3.2  37.0    7:50    NW
26  18.4  19.4   16:25  17.6   00:00   0.0   0.0   1.4   1.4  17.7    4:10   NNW
27  21.1  26.3   15:15  16.1    6:45   0.3   0.1   0.2   1.8  12.9   12:50   WNW
28  21.0  25.7   17:50  17.8    6:45   0.0   0.0   2.4   1.1  12.9    0:05     S
29  19.2  21.1   18:15  17.2   00:00   0.0   0.0   2.4   1.3  11.3   12:10     N
30  19.8  24.6   16:30  14.6    6:50   0.8   0.0   0.0   1.6  14.5   13:15   WNW
-------------------------------------------------------------------------------------
    18.2  28.6    23    10.2    12    36.7   0.8 128.8   2.1  38.6    12       S

Max >=  32.0:  0
Max <=   0.0:  0
Min <=   0.0:  0
Min <= -18.0:  0
Max Rain: 40.41 ON 04/06/20
Days of Rain: 19 (> .2 mm) 13 (> 2 mm) 2 (> 20 mm)
Heat Base:  18.0  Cool Base:  25.0  Method: Integration