NOAA Style Reports for San Sebastián

           escudo Sn.Sn

Report for 2020 Jul
                   MONTHLY CLIMATOLOGICAL SUMMARY for JUL. 2020

NAME: kocher   CITY: San Sebastian   STATE: Guipuzcoa 
ELEV:    80 m  LAT:  43 18' 42" N  LONG:   2 00' 56" W

                   TEMPERATURE (C), RAIN  (mm), WIND SPEED (km/hr)

                                      HEAT  COOL        AVG
    MEAN                              DEG   DEG         WIND                 DOM
DAY TEMP  HIGH   TIME   LOW    TIME   DAYS  DAYS  RAIN  SPEED HIGH   TIME    DIR
------------------------------------------------------------------------------------
 1  20.7  23.4   17:05  18.6    6:25   0.0   0.0   0.0   1.1  14.5   13:05    NW
 2  17.3  20.3    0:20  16.3   18:10   0.8   0.0  15.6   1.4  12.9   16:50     S
 3  18.3  22.1   16:10  15.6    6:30   0.7   0.0   0.0   2.1  17.7    1:00    SE
 4  18.5  23.6   18:00  13.3    6:35   1.5   0.0   0.0   1.8  12.9   11:55    SE
 5  20.2  24.8   16:25  14.7    7:15   0.7   0.0   0.0   1.9  17.7   13:25   SSE
 6  18.8  20.7    0:10  17.1   23:30   0.1   0.0  14.4   1.4  20.9   12:40   SSE
 7  19.1  23.4   16:55  15.2    6:30   0.7   0.0   0.0   1.8  19.3   12:15    NW
 8  20.3  25.0   17:35  15.3    7:05   0.6   0.0   0.0   2.3  17.7   21:45    NW
 9  21.4  24.5   15:00  18.3    7:35   0.0   0.0   0.0   2.1  20.9   13:40     S
10  20.2  22.2   15:20  18.4    8:30   0.0   0.0  18.8   1.0  12.9   12:45    SE
11  20.8  24.2   18:00  17.3    7:30   0.0   0.0   0.0   1.6  14.5   11:05    NW
12  20.2  25.9   14:15  16.9    6:30   0.1   0.0   6.8   2.3  22.5   14:25   WNW
13  20.8  24.3   14:30  17.7    6:40   0.0   0.0   0.0   2.3  19.3   15:30   WNW
14  19.6  23.3   14:00  16.2    7:05   0.3   0.0   0.0   2.1  19.3   14:55   SSW
15  18.8  21.8   13:50  16.3    5:30   0.4   0.0  12.6   1.8  19.3   13:55     S
16  19.9  23.6   15:45  17.5    8:00   0.0   0.0   0.0   1.3  16.1   13:30    SE
17  20.6  23.7   16:25  18.7    5:05   0.0   0.0   0.0   1.4  19.3   17:30    SE
18  21.6  26.1   15:45  16.8    7:25   0.1   0.1   0.0   1.6  14.5   12:35     N
19  22.6  29.0   15:15  16.8    7:20   0.1   0.6   0.0   2.1  27.4   17:05    NW
20  22.1  25.3   15:45  19.5    7:25   0.0   0.0   0.0   1.9  20.9   13:05     S
21  21.5  24.9   16:25  17.6    7:20   0.0   0.0   0.0   2.1  16.1   11:00   WNW
22  22.6  25.9   14:35  19.9    7:25   0.0   0.0   0.0   1.8  17.7    2:40     S
23  23.2  26.6   15:55  20.1   00:00   0.0   0.1   0.0   1.9  19.3   11:20    NW
24  21.2  24.7   16:15  17.6    7:10   0.0   0.0   0.0   2.1  19.3   11:10   WNW
25  21.4  25.4   15:55  17.8    1:25   0.0   0.0   0.0   1.9  16.1   14:05   WNW
26  22.0  26.5   14:15  17.7    5:00   0.0   0.2   0.0   2.1  16.1   12:35   WNW
27  22.7  27.4   11:20  19.0    6:45   0.0   0.2   0.0   2.1  25.7   15:10     S
28  22.1  24.7   14:45  20.6   23:45   0.0   0.0   0.0   1.3  16.1   18:35     W
29  21.4  24.0   17:20  19.6    8:15   0.0   0.0   0.0   1.6  16.1   14:55   WNW
30  27.6  41.1   16:30  17.9    7:40   0.0   5.1   0.0   4.7  56.3   19:50     S
31  24.7  30.6    0:30  21.7   23:55   0.0   0.5   0.4   2.6  29.0    3:35   SSE
-------------------------------------------------------------------------------------
    21.0  41.1    30    13.3     4     6.1   6.8  68.6   1.9  56.3    30       S

Max >=  32.0:  1
Max <=   0.0:  0
Min <=   0.0:  0
Min <= -18.0:  0
Max Rain: 18.80 ON 10/07/20
Days of Rain: 6 (> .2 mm) 5 (> 2 mm) 0 (> 20 mm)
Heat Base:  18.0  Cool Base:  25.0  Method: Integration