NOAA Style Reports for San Sebastián

           escudo Sn.Sn

Report for 2020 Aug
                   MONTHLY CLIMATOLOGICAL SUMMARY for AUG. 2020

NAME: kocher   CITY: San Sebastian   STATE: Guipuzcoa 
ELEV:    80 m  LAT:  43 18' 42" N  LONG:   2 00' 56" W

                   TEMPERATURE (C), RAIN  (mm), WIND SPEED (km/hr)

                                      HEAT  COOL        AVG
    MEAN                              DEG   DEG         WIND                 DOM
DAY TEMP  HIGH   TIME   LOW    TIME   DAYS  DAYS  RAIN  SPEED HIGH   TIME    DIR
------------------------------------------------------------------------------------
 1  20.9  22.6   16:15  19.7   10:05   0.0   0.0  17.8   1.6  19.3   15:35     S
 2  20.2  22.4   18:30  18.6    8:10   0.0   0.0   1.6   1.4  14.5   16:20   NNW
 3  20.8  24.0   15:45  17.7    8:45   0.0   0.0   0.0   1.6  19.3   14:55    NW
 4  20.3  24.2   17:40  17.3    5:35   0.1   0.0   3.8   1.6  12.9   14:55   SSW
 5  21.1  27.3   16:15  15.6    7:30   0.4   0.2   0.0   1.8  16.1   16:30    NW
 6  24.6  33.6   16:20  17.3    6:40   0.0   2.4   0.0   1.6  14.5   17:05    SE
 7  25.4  33.2    4:30  21.9   23:10   0.0   1.2   0.8   5.3  38.6    6:25    NW
 8  23.2  26.6   16:25  19.8    7:20   0.0   0.2   0.0   2.3  16.1   14:35   WNW
 9  23.9  26.6   15:05  21.8    7:15   0.0   0.1   0.0   3.1  22.5   16:30    NW
10  22.4  24.4   13:55  21.3    6:25   0.0   0.0   1.8   1.3  16.1    3:25     S
11  23.7  29.8   12:45  21.4    8:10   0.0   0.6   3.8   1.6  24.1   16:35   NNW
12  23.6  30.6   15:05  20.5    8:20   0.0   0.7   2.8   2.7  25.7   12:05   WNW
13  21.1  23.8   16:10  19.1    5:25   0.0   0.0   0.0   2.1  16.1   16:00   SSE
14  21.1  25.1   16:40  17.8    7:55   0.0   0.0   0.0   1.6  16.1   16:50   SSE
15  21.4  24.7   17:05  19.4    6:10   0.0   0.0   1.6   1.6  22.5   16:35   WNW
16  20.9  25.7   16:35  17.0    8:00   0.1   0.0   0.0   2.1  16.1   16:15   WNW
17  20.6  27.7   14:05  16.2    6:10   0.4   0.1   0.6   1.6  14.5   14:30     W
18  22.3  27.9   18:05  17.7    5:05   0.0   0.4   0.0   1.4   9.7    0:25    NW
19  28.7  36.5   18:30  21.4    1:45   0.0   4.3   0.0   7.1  45.1   15:00     S
20  26.3  35.3   17:00  21.8    6:20   0.0   2.3   0.0   4.0  37.0    2:40     S
21  22.2  25.3    5:55  18.8   00:00   0.0   0.0  13.0   2.1  27.4    6:10   WNW
22  20.6  25.1   15:15  16.9    7:10   0.2   0.0   0.0   1.9  17.7   12:35     W
23  20.9  24.7   15:20  17.7    8:35   0.0   0.0   0.0   1.4  16.1   16:40    NW
24  20.7  25.2   16:00  16.8    7:15   0.2   0.0   0.0   1.4  16.1   13:45     S
25  22.7  28.1   11:35  17.0    4:00   0.0   0.4   0.0   2.4  29.0   12:50   WNW
26  23.2  26.9   17:35  19.8    7:05   0.0   0.3   0.0   1.6  14.5   14:20   WNW
27  23.5  30.8   14:05  19.3    7:40   0.0   0.7   0.0   1.9  22.5   15:20   WNW
28  18.6  22.7    0:25  15.6   22:40   0.5   0.0  20.4   2.1  17.7   19:30     S
29  16.5  20.3   15:10  13.8   10:40   1.7   0.0  41.2   2.6  22.5   21:20   SSE
30  16.4  19.4   16:55  14.1    7:40   1.7   0.0  10.6   2.1  20.9   13:00   NNW
31  17.8  22.5   17:00  13.7    7:00   1.6   0.0   0.0   1.9  16.1   13:30     W
-------------------------------------------------------------------------------------
    21.8  36.5    19    13.7    31     6.9  13.8 119.8   2.2  45.1    19       S

Max >=  32.0:  4
Max <=   0.0:  0
Min <=   0.0:  0
Min <= -18.0:  0
Max Rain: 41.20 ON 29/08/20
Days of Rain: 13 (> .2 mm) 8 (> 2 mm) 2 (> 20 mm)
Heat Base:  18.0  Cool Base:  25.0  Method: Integration