NOAA Style Reports for San Sebastián

           escudo Sn.Sn

Report for 2020 Sep
                   MONTHLY CLIMATOLOGICAL SUMMARY for SEP. 2020

NAME: kocher   CITY: San Sebastian   STATE: Guipuzcoa 
ELEV:    80 m  LAT:  43 18' 42" N  LONG:   2 00' 56" W

                   TEMPERATURE (C), RAIN  (mm), WIND SPEED (km/hr)

                                      HEAT  COOL        AVG
    MEAN                              DEG   DEG         WIND                 DOM
DAY TEMP  HIGH   TIME   LOW    TIME   DAYS  DAYS  RAIN  SPEED HIGH   TIME    DIR
------------------------------------------------------------------------------------
 1  19.0  23.3   13:45  14.7    8:05   0.9   0.0   0.0   2.1  19.3   15:20     W
 2  19.5  24.4   16:10  15.2    7:35   0.7   0.0   0.0   1.4  17.7   16:30   WNW
 3  19.9  27.4   16:35  13.6    7:00   1.2   0.3   0.0   2.1  12.9   17:05     W
 4  23.9  34.7   18:15  16.2    6:20   0.2   2.2   0.0   1.1  17.7   19:35    NW
 5  21.5  24.1   14:40  19.8    7:25   0.0   0.0   0.0   1.6  19.3   13:25   SSE
 6  19.8  22.9   14:50  18.3    7:55   0.0   0.0   0.0   1.9  16.1   13:20     S
 7  18.9  22.4   16:15  14.5    7:10   0.6   0.0   0.4   2.3  17.7    3:30   SSE
 8  18.6  23.9   17:25  13.4    6:50   1.2   0.0   0.0   1.6  16.1   15:00   SSE
 9  19.8  25.6   13:55  14.7    8:20   0.8   0.0   0.0   2.3  17.7   15:25     S
10  20.2  24.6   15:00  15.7    7:55   0.4   0.0   0.0   2.1  19.3   16:50     S
11  20.9  24.9   16:55  18.0    4:25   0.0   0.0   0.0   1.6  14.5   14:50    NW
12  20.2  25.1   14:55  17.0    7:50   0.1   0.0   0.0   1.4  24.1   15:35   WNW
13  24.7  34.2   17:40  16.2    8:10   0.2   2.9   0.0   1.8  19.3   00:00   WNW
14  28.9  36.4   16:30  22.4   23:40   0.0   4.3   0.0  11.3  53.1   17:25     S
15  24.3  29.4   13:40  20.6    7:45   0.0   1.0   0.0   1.9  16.1   12:15     S
16  22.4  27.8   17:15  18.3    7:15   0.0   0.3   0.0   1.1  16.1   14:50   SSW
17  24.0  30.7   16:25  19.0    8:10   0.0   1.2   0.0   0.8   8.0    9:00   WNW
18  24.9  28.6    2:45  20.9   23:00   0.0   0.9   1.4   5.3  41.8   17:55     S
19  21.3  24.7   11:10  17.5   23:10   0.0   0.0  17.2   4.7  35.4    0:25   SSW
20  20.4  24.4   15:50  17.2    0:25   0.0   0.0   0.0   2.4  20.9   15:25   WNW
21  18.9  20.8   18:25  17.8   10:05   0.0   0.0  26.2   0.8  14.5   15:35   WNW
22  19.6  23.2   16:50  16.9    6:30   0.2   0.0   0.0   1.6  14.5   11:55   WNW
23  20.3  26.8   13:25  16.5    6:45   0.2   0.1   2.6   3.4  37.0   10:30     S
24  18.6  21.8   15:05  14.5   00:00   0.4   0.0  37.2   2.4  25.7   21:55   SSE
25  13.9  17.4   13:40  11.3    7:20   4.1   0.0  34.8   5.0  29.0   15:40    SE
26  14.7  17.1   18:55  12.7   00:00   3.3   0.0  36.4   3.7  24.1    4:30   SSE
27  14.0  18.7   15:30   9.7    8:35   4.0   0.0   8.8   2.3  17.7   16:40   SSE
28  15.8  19.5   16:15  13.7    6:45   2.3   0.0   0.0   1.8  16.1   17:30   WNW
29  14.9  19.8   17:05  11.4    7:10   3.2   0.0   0.0   1.8  12.9   16:40   WNW
30  16.2  21.3   13:55  11.9    8:10   2.5   0.0   0.0   2.3  19.3   13:10   WNW
-------------------------------------------------------------------------------------
    20.0  36.4    14     9.7    27    26.6  13.0 165.0   2.5  53.1    14       S

Max >=  32.0:  3
Max <=   0.0:  0
Min <=   0.0:  0
Min <= -18.0:  0
Max Rain: 37.21 ON 24/09/20
Days of Rain: 9 (> .2 mm) 7 (> 2 mm) 4 (> 20 mm)
Heat Base:  18.0  Cool Base:  25.0  Method: Integration