NOAA Style Reports for San Sebastián

           escudo Sn.Sn

Report for 2020 Dec
                   MONTHLY CLIMATOLOGICAL SUMMARY for DEC. 2020

NAME: kocher   CITY: San Sebastian   STATE: Guipuzcoa 
ELEV:    80 m  LAT:  43 18' 42" N  LONG:   2 00' 56" W

                   TEMPERATURE (C), RAIN  (mm), WIND SPEED (km/hr)

                                      HEAT  COOL        AVG
    MEAN                              DEG   DEG         WIND                 DOM
DAY TEMP  HIGH   TIME   LOW    TIME   DAYS  DAYS  RAIN  SPEED HIGH   TIME    DIR
------------------------------------------------------------------------------------
 01   10.8   13.5  14:48    8.0  07:34   13.6    0.0    5.6    1.4   12.9  13:12    186
 02    8.3   10.4  14:26    6.7  09:33   18.1    0.0    2.2    1.4   11.3  02:22    258
 03   10.7   13.4  21:26    7.9  00:18   13.7    0.0    1.6    6.4   40.2  19:47    196
 04    8.0   10.3  14:45    4.9  23:58   18.6    0.0    8.6    3.6   35.4  07:04    187
 05    6.3    7.6  12:30    4.7  01:06   21.6    0.0   21.6    3.9   24.1  06:11    183
 06    6.8    7.9  05:39    5.7  11:58   20.8    0.0   37.4    4.3   29.0  03:30    175
 07    9.1   11.4  10:37    6.5  00:00   16.5    0.0   25.2    4.5   32.2  16:24    196
 08    8.6   11.3  11:24    6.2  23:59   17.6    0.0   44.0    4.4   32.2  01:30    169
 09    8.6   10.7  12:30    5.4  01:01   17.5    0.0   13.4    2.9   19.3  13:54    203
 10   11.6   13.5  11:52    9.1  00:54   12.1    0.0   19.0    3.5   29.0  02:01    184
 11   14.0   15.8  12:27   12.1  23:25    7.8    0.0   18.4    3.2   20.9  14:37    164
 12   11.6   13.1  13:46   10.0  20:22   12.1    0.0   18.8    3.1   30.6  06:59    182
 13   14.9   19.1  17:30    9.8  02:27    6.1    0.0    0.0    5.7   33.8  23:19    202
 14   16.9   19.1  02:08   10.8  23:58    2.6    0.0    5.6    9.6   38.6  02:52    193
 15   12.5   16.3  14:52    9.7  09:12   10.5    0.0    0.2    2.5   20.9  15:34    211
 16   14.4   17.1  13:07   12.1  00:00    7.1    0.0    0.0   13.3   59.5  11:09    188
 17   12.3   16.3  13:37    8.9  23:19   10.9    0.0    0.0    0.8    8.0  00:16    253
 18   13.8   16.1  13:57    8.7  00:08    8.1    0.0    0.0   12.2   53.1  19:13    188
 19   14.5   15.8  14:13   12.7  23:59    6.8    0.0    0.4    7.0   45.1  01:39    193
 20   13.1   17.1  14:44    9.6  06:15    9.5    0.0    0.0    3.4   32.2  22:46    209
 21   15.0   17.2  15:54   11.8  05:44    6.0    0.0    0.8    8.9   40.2  05:40    196
 22   17.7   21.3  15:59   14.7  01:13    1.2    0.0    0.0   10.6   40.2  14:16    194
 23   15.4   19.1  13:09    9.9  23:55    5.3    0.0   10.6    7.3   37.0  05:23    189
 24   10.3   12.3  13:05    9.2  19:56   14.5    0.0   16.4    3.0   22.5  13:10    178
 25    7.3    9.9  00:41    5.3  07:43   19.8    0.0    3.8    2.6   27.4  00:44    186
 26    6.6   10.3  15:34    4.1  09:28   21.1    0.0    0.2    1.4   11.3  13:12    207
 27    9.9   14.0  15:48    6.8  05:16   15.1    0.0   12.8   10.7   54.7  15:47    195
 28    7.9    8.9  14:47    6.7  06:21   18.8    0.0   26.0    7.7   45.1  12:05    172
 29    6.6    8.2  13:54    5.1  17:32   21.1    0.0   31.0    4.7   27.4  12:33    173
 30    6.9    8.1  23:56    5.7  00:18   20.5    0.0   18.0    3.5   29.0  00:07    177
 31    8.9   11.3  14:39    6.7  23:55   17.1    0.0    7.2    4.9   27.4  12:54    193
---------------------------------------------------------------------------------------
      10.9   21.3     22    4.1     26  412.5    0.0  348.8    5.2   59.5     16    190

Max >=  32.0:  0
Max <=   0.0:  0
Min <=   0.0:  0
Min <= -18.0:  0
Max Rain: 43.99 ON 08/12/20
Days of Rain: 25 (> .2 mm) 20 (> 2 mm) 6 (> 20 mm)
Heat Base:  18.0  Cool Base:  25.0  Method: Integration