NOAA Style Reports for San Sebastián

           escudo Sn.Sn

Report for 2021 Feb
                   MONTHLY CLIMATOLOGICAL SUMMARY for FEB. 2021

NAME: kocher   CITY: San Sebastian   STATE: Guipuzcoa 
ELEV:    80 m  LAT:  43 18' 42" N  LONG:   2 00' 56" W

                   TEMPERATURE (C), RAIN  (mm), WIND SPEED (km/hr)

                                      HEAT  COOL        AVG
    MEAN                              DEG   DEG         WIND                 DOM
DAY TEMP  HIGH   TIME   LOW    TIME   DAYS  DAYS  RAIN  SPEED HIGH   TIME    DIR
------------------------------------------------------------------------------------
 1  13.8  14.7   12:15  12.3   22:20   4.2   0.0   3.8   2.9  22.5    4:50   ESE
 2  17.0  20.7   15:00  13.5    6:30   1.4   0.0   0.0   8.0  38.6   11:30     S
 3  16.6  18.5   10:05  14.1   20:10   1.4   0.0   0.0   7.7  59.5    0:55     S
 4  14.9  16.9   14:40  12.1   23:50   3.1   0.0   0.0   2.9  20.9    1:35     S
 5  11.8  13.0   12:55  11.1   20:05   6.2   0.0   1.0   0.8  12.9    2:05     W
 6  10.5  11.7   12:10   8.1   22:20   7.5   0.0  34.6   1.3  20.9   22:40   WNW
 7   8.9  12.3   15:20   6.7    7:05   9.1   0.0   4.8   2.3  24.1   14:05   SSE
 8  11.6  14.3   14:30   9.9    0:05   6.5   0.0   4.6   4.0  33.8    1:10     S
 9  12.2  14.3   12:50   9.6    0:40   5.8   0.0   0.0   8.9  46.7    7:55     S
10  10.7  12.2    0:05   8.9    9:25   7.3   0.0   2.8   2.3  25.7   12:30   SSE
11  13.3  19.6   15:20   7.3    5:40   4.8   0.0   0.0   2.3  20.9   12:30     S
12  13.5  17.3    5:25  11.9   22:15   4.5   0.0  29.0   3.7  35.4    5:25   ESE
13  11.6  15.5   16:30   8.9    8:40   6.4   0.0   0.0   1.1  12.9   10:00   WNW
14  13.4  18.8   15:35   7.3    6:45   4.7   0.0   0.0  10.6  56.3   14:55     S
15  14.9  17.8   15:15  12.7    8:10   3.0   0.0   0.0  19.6  57.9   21:50     S
16  14.4  19.3   13:55  10.1   23:40   3.6   0.0   2.6   9.7  59.5    2:45     S
17  15.2  20.7   15:15   8.4    4:35   3.1   0.0   0.0   6.3  41.8   23:25     S
18  15.2  19.8   12:15  11.2   23:55   2.8   0.0   0.0   5.8  40.2    0:10     S
19  17.7  21.8   17:20  10.6    3:20   1.8   0.0   0.0   9.3  54.7   13:15     S
20  21.1  24.1   17:10  19.2    5:30   0.0   0.0   0.0  20.6  80.5    9:35     S
21  17.0  20.7   12:05   9.7   00:00   1.5   0.0   3.8  16.7  82.1    3:05     S
22   9.7  11.8   14:15   8.7    5:10   8.3   0.0  41.4   1.6  20.9    3:25   SSE
23  14.4  19.5   16:15   7.6    3:05   3.7   0.0   0.0  10.3  49.9   15:00     S
24  18.6  21.6   16:20  16.4    8:10   0.4   0.0   0.0  15.8  49.9    5:35     S
25  15.2  18.6    0:25  12.7   00:00   2.8   0.0   0.0   7.4  41.8    0:25     S
26  12.7  13.9   12:05  12.0    8:10   5.3   0.0   0.0   1.0  14.5    0:15    NE
27  11.1  12.3    0:35   9.2   22:40   7.0   0.0   0.0   1.4  14.5    9:35    SE
28  10.0  12.8   17:45   6.4    5:45   8.0   0.0   1.8   1.1   9.7   13:00     W
-------------------------------------------------------------------------------------
    13.8  24.1    20     6.4    28   124.4   0.0 130.2   6.6  82.1    21       S

Max >=  32.0:  0
Max <=   0.0:  0
Min <=   0.0:  0
Min <= -18.0:  0
Max Rain: 41.40 ON 22/02/21
Days of Rain: 11 (> .2 mm) 9 (> 2 mm) 3 (> 20 mm)
Heat Base:  18.0  Cool Base:  25.0  Method: Integration