NOAA Style Reports for San Sebastián

           escudo Sn.Sn

Report for 2021 Mar
                   MONTHLY CLIMATOLOGICAL SUMMARY for MAR. 2021

NAME: kocher   CITY: San Sebastian   STATE: Guipuzcoa 
ELEV:    80 m  LAT:  43 18' 42" N  LONG:   2 00' 56" W

                   TEMPERATURE (C), RAIN  (mm), WIND SPEED (km/hr)

                                      HEAT  COOL        AVG
    MEAN                              DEG   DEG         WIND                 DOM
DAY TEMP  HIGH   TIME   LOW    TIME   DAYS  DAYS  RAIN  SPEED HIGH   TIME    DIR
------------------------------------------------------------------------------------
 1  14.4  16.3   16:00  10.3    2:05   3.6   0.0   0.0   9.7  40.2    9:50     S
 2  16.0  18.1   15:15  14.4    7:50   2.0   0.0   0.0  15.1  56.3   12:55     S
 3  15.5  18.8   15:15  12.3   22:40   2.6   0.0   0.0   4.2  37.0    1:25     S
 4  14.4  18.3   15:20  11.3   23:05   3.5   0.0   0.0   2.1  14.5    6:35     W
 5  10.9  12.8   15:15   8.9    8:00   7.1   0.0   0.0   1.0  11.3   17:00     W
 6   9.8  11.3    0:05   8.2   00:00   8.1   0.0   0.0   0.8   9.7    0:35   ESE
 7   9.0  11.1   12:50   7.7    5:10   9.0   0.0   1.2   0.8   9.7   14:45   ESE
 8  10.1  13.2   15:55   8.0    6:25   7.9   0.0   0.0   1.1  14.5   12:40   WSW
 9   9.7  11.1   12:05   8.5   23:40   8.3   0.0   0.0   1.4  16.1   13:00   ESE
10  10.9  17.4   14:15   4.3    8:00   7.1   0.0   0.0   2.4  27.4   13:10     W
11  13.9  21.7   14:05   9.8    7:35   4.3   0.0   0.8   2.1  22.5   12:25     W
12  11.3  15.2   14:40   9.0    6:15   6.7   0.0   4.6   2.4  24.1   13:40   SSE
13  12.0  17.1   14:40   7.0    5:15   6.0   0.0   0.0   3.5  27.4   11:40     W
14  11.0  13.4   14:25   9.3    5:20   7.0   0.0  14.0   2.1  17.7    3:20    SE
15  10.8  12.8   15:30   9.3    7:15   7.2   0.0   0.2   1.8  16.1   16:10   SSE
16  11.9  13.9   11:00  10.9    7:30   6.1   0.0   0.6   1.3  17.7   15:35   SSE
17  12.3  15.4   15:15  10.8    6:05   5.7   0.0   3.6   2.4  19.3   13:40    SE
18  10.2  12.1   13:35   7.9    6:20   7.8   0.0   0.0   2.7  24.1   23:10    SE
19   9.2  11.1   15:10   7.6    6:25   8.8   0.0  20.2   3.2  25.7   19:40   SSE
20   8.2  11.1   17:10   4.8    6:05   9.8   0.0   0.0   3.2  22.5   19:00   SSE
21  10.8  13.8   13:55   7.1    7:45   7.2   0.0   0.0   3.1  20.9   10:15    SE
22  10.9  14.3   14:15   8.5    7:20   7.1   0.0   0.0   1.6  14.5    0:25    SE
23  10.3  15.1   15:40   5.4    7:30   7.7   0.0   0.0   1.8  14.5   16:35    NW
24  11.2  16.4   14:55   5.8    5:40   6.8   0.0   0.0   1.8  19.3   11:25     S
25  12.2  15.1   16:30   9.5   23:45   5.8   0.0   0.0   1.0  12.9   13:40   WSW
26  11.1  13.6   12:25   8.1    4:35   6.9   0.0   0.0   1.4  19.3   12:15   SSE
27  12.1  15.6   12:30   8.7   00:00   5.9   0.0   0.0   1.8  14.5   11:40    SE
28  15.2  23.2   15:25   7.2    8:45   3.9   0.0   0.0   1.6  14.5   18:00     W
29  21.8  26.4   18:00  16.9    0:05   0.0   0.1   0.0  10.6  46.7   12:05     S
30  22.7  26.8   16:45  19.4    4:55   0.0   0.2   0.0   9.8  40.2   13:05     S
31  24.0  28.5   16:55  21.1    8:45   0.0   0.5   0.0  13.0  46.7    9:10     S
-------------------------------------------------------------------------------------
    12.7  28.5    31     4.3    10   180.0   0.9  45.2   3.6  56.3     2       S

Max >=  32.0:  0
Max <=   0.0:  0
Min <=   0.0:  0
Min <= -18.0:  0
Max Rain: 20.19 ON 19/03/21
Days of Rain: 8 (> .2 mm) 4 (> 2 mm) 1 (> 20 mm)
Heat Base:  18.0  Cool Base:  25.0  Method: Integration