NOAA Style Reports for San Sebastián

           escudo Sn.Sn

Report for 2021 Jun
                   MONTHLY CLIMATOLOGICAL SUMMARY for JUN. 2021

NAME: kocher   CITY: San Sebastian   STATE: Guipuzcoa 
ELEV:    80 m  LAT:  43 18' 42" N  LONG:   2 00' 56" W

                   TEMPERATURE (C), RAIN  (mm), WIND SPEED (km/hr)

                                      HEAT  COOL        AVG
    MEAN                              DEG   DEG         WIND                 DOM
DAY TEMP  HIGH   TIME   LOW    TIME   DAYS  DAYS  RAIN  SPEED HIGH   TIME    DIR
------------------------------------------------------------------------------------
 1  21.0  24.1   14:20  16.9   23:10   0.1   0.0   0.2   9.2  41.8    6:35     S
 2  19.1  22.2   16:35  16.9    6:00   0.2   0.0   0.0   2.3  20.9   22:25     W
 3  16.3  17.9    0:05  14.4   23:55   1.7   0.0  22.8   2.3  25.7   20:10   SSE
 4  14.3  15.9   18:00  13.3    7:20   3.7   0.0  27.0   1.6  24.1   10:05   SSE
 5  15.9  18.9   18:05  13.7    5:05   2.1   0.0   0.0   1.1  12.9   14:15   SSE
 6  17.2  19.9   16:55  15.3    7:35   1.2   0.0   0.0   2.7  22.5   11:40     W
 7  17.2  21.2   16:40  13.3    6:15   1.6   0.0   0.0   1.9  17.7   12:10    SE
 8  18.1  23.1   14:55  14.2    7:00   1.3   0.0   0.0   2.6  29.0   18:30     W
 9  18.4  20.7   17:10  16.9    4:10   0.2   0.0   0.0   2.4  22.5   17:20   SSE
10  18.8  22.1   16:40  15.7    6:55   0.5   0.0   0.0   1.6  17.7   12:00    SE
11  18.2  21.7   15:45  14.9    6:35   0.8   0.0   0.0   2.4  20.9   13:45   WNW
12  19.5  22.1   16:55  17.7    7:00   0.0   0.0   0.0   1.9  14.5    0:05    NW
13  22.7  28.7   14:15  17.7    6:50   0.0   0.6   0.0   1.8  11.3   13:25    SE
14  22.4  27.8   13:45  19.2    3:30   0.0   0.2   0.0   3.2  38.6    2:05    NW
15  22.2  26.3   16:10  18.0    7:05   0.0   0.1   0.0   1.9  19.3   00:00     W
16  24.1  33.5   16:40  18.7   23:55   0.0   1.5  23.2   5.5  35.4   15:40    NW
17  19.2  20.3   11:00  18.1   00:00   0.0   0.0  30.8   1.6  30.6    1:40    SE
18  19.6  23.3   15:05  15.7    6:15   0.4   0.0   0.8   1.3  14.5   12:25   SSE
19  20.5  25.7   15:35  18.3    5:35   0.0   0.0  14.0   1.9  22.5   15:40   SSE
20  21.3  26.2   16:35  17.9    5:15   0.0   0.1   0.8   3.2  30.6   17:35   SSE
21  19.1  23.7   12:50  16.2   22:20   0.3   0.0   5.2   3.7  35.4   11:10     S
22  16.6  20.2   15:35  14.8    3:35   1.5   0.0   7.8   2.3  22.5   11:20   SSE
23  14.9  15.9    2:05  14.3    8:20   3.0   0.0  60.6   2.1  19.3    3:45   SSE
24  17.0  20.4   16:55  14.9    0:05   1.4   0.0   3.6   2.7  20.9   11:25     S
25  17.6  21.4   14:40  14.3    2:45   1.3   0.0   0.0   1.3  12.9   14:10     S
26  19.2  21.8   16:55  17.1    6:40   0.1   0.0   0.0   1.6  19.3   14:25   SSW
27  16.6  18.5    0:05  14.9   00:00   1.4   0.0   7.8   1.3  14.5   11:25   WNW
28  16.6  21.1   16:20  12.7    6:05   1.9   0.0   0.2   3.2  20.9   15:25   SSE
29  17.2  19.9   16:00  15.3    2:20   1.0   0.0   0.4   2.1  17.7   15:35   SSE
30  18.1  20.8   14:40  15.6    4:10   0.7   0.0   0.0   1.3  14.5   14:10   WNW
-------------------------------------------------------------------------------------
    18.6  33.5    16    12.7    28    26.7   2.4 205.2   2.5  41.8     1     SSE

Max >=  32.0:  1
Max <=   0.0:  0
Min <=   0.0:  0
Min <= -18.0:  0
Max Rain: 60.60 ON 23/06/21
Days of Rain: 15 (> .2 mm) 10 (> 2 mm) 5 (> 20 mm)
Heat Base:  18.0  Cool Base:  25.0  Method: Integration