NOAA Style Reports for San Sebastián

           escudo Sn.Sn

Report for 2021 Jul
                   MONTHLY CLIMATOLOGICAL SUMMARY for JUL. 2021

NAME: kocher   CITY: San Sebastian   STATE: Guipuzcoa 
ELEV:    80 m  LAT:  43 18' 42" N  LONG:   2 00' 56" W

                   TEMPERATURE (C), RAIN  (mm), WIND SPEED (km/hr)

                                      HEAT  COOL        AVG
    MEAN                              DEG   DEG         WIND                 DOM
DAY TEMP  HIGH   TIME   LOW    TIME   DAYS  DAYS  RAIN  SPEED HIGH   TIME    DIR
------------------------------------------------------------------------------------
 1  18.6  20.8   15:30  16.8    1:00   0.3   0.0   0.0   1.4  17.7   16:05   WSW
 2  19.8  24.7   14:00  16.8    4:45   0.3   0.0   0.4   2.7  29.0   17:35     S
 3  20.5  23.3   14:10  18.6    4:15   0.0   0.0   0.4   1.4  14.5   10:50   WNW
 4  20.9  24.8   17:30  18.4   10:45   0.0   0.0   4.0   1.0  11.3   13:35    SE
 5  22.1  27.9   17:40  17.7    6:45   0.0   0.3   0.0   2.6  38.6   20:40   SSE
 6  18.6  21.7    0:50  16.5    9:45   0.3   0.0   7.4   1.3  14.5   16:35    SE
 7  17.3  19.8   18:30  15.3   13:40   0.8   0.0   9.0   1.4  16.1   16:25   SSE
 8  17.1  20.2   17:30  14.7    7:25   1.3   0.0   3.2   1.9  19.3   14:35   SSE
 9  18.2  22.5   14:10  13.6    7:10   1.4   0.0   0.0   2.3  17.7   12:55    SE
10  19.8  22.9   18:30  17.3    7:10   0.1   0.0   0.0   1.8  17.7   11:35     S
11  19.6  25.1   15:05  14.9    7:25   0.6   0.0   0.0   2.3  22.5   17:20   SSE
12  17.1  19.8   16:55  14.9   21:10   1.2   0.0  18.4   2.1  17.7   19:55   SSE
13  16.6  19.1   16:30  14.8    0:55   1.5   0.0  21.2   2.4  19.3   11:35    SE
14  17.3  19.9   14:20  15.9    7:10   0.9   0.0   1.8   1.3  12.9   12:45    SE
15  17.9  20.9   17:30  15.7    7:05   0.8   0.0   0.2   1.0  11.3   13:35   ESE
16  19.3  22.7   15:30  16.6    0:15   0.3   0.0   0.0   1.4  19.3   13:30    SE
17  20.2  24.0   16:20  17.2    7:00   0.1   0.0   0.0   1.6  17.7   11:45     S
18  20.4  24.1   16:30  17.5    5:10   0.0   0.0   0.0   2.1  20.9   12:45   WNW
19  21.6  26.2   15:50  17.7    7:10   0.0   0.0   0.0   2.7  24.1   12:20    NW
20  21.5  26.4   12:00  18.2    6:40   0.0   0.1   0.0   3.2  22.5   15:20    NW
21  21.5  23.0   15:40  20.4    6:00   0.0   0.0   0.0   1.0  11.3   15:05   ENE
22  21.2  24.2   15:35  19.8    8:05   0.0   0.0   3.8   1.3  12.9   13:50   WNW
23  20.0  22.1   13:35  18.0   23:50   0.0   0.0   6.4   0.8  11.3   11:10    SE
24  19.9  24.1   15:50  16.0    4:30   0.5   0.0   0.0   1.6  12.9   13:10     W
25  20.1  23.2   13:05  17.6    6:45   0.0   0.0   0.0   2.1  17.7   11:10   WNW
26  20.6  23.7   14:40  18.2   23:55   0.0   0.0   0.0   1.6  16.1   12:25   WNW
27  19.4  22.9   14:40  15.5    6:55   0.6   0.0   0.0   1.6  14.5   15:55     W
28  20.1  22.1   13:40  17.6    6:10   0.0   0.0   0.0   1.4  16.1   12:35   SSE
29  19.7  22.6   14:35  17.2    3:35   0.1   0.0   0.0   0.8  12.9   14:05   NNW
30  20.3  23.9   16:55  18.1    7:55   0.0   0.0   0.2   1.6  17.7   17:05   SSW
31  17.0  19.4    0:05  15.4   00:00   1.1   0.0  23.2   1.6  19.3   23:35   SSE
-------------------------------------------------------------------------------------
    19.5  27.9     5    13.6     9    12.3   0.4  99.6   1.7  38.6     5     SSE

Max >=  32.0:  0
Max <=   0.0:  0
Min <=   0.0:  0
Min <= -18.0:  0
Max Rain: 23.19 ON 31/07/21
Days of Rain: 14 (> .2 mm) 9 (> 2 mm) 2 (> 20 mm)
Heat Base:  18.0  Cool Base:  25.0  Method: Integration