NOAA Style Reports for San Sebastián

           escudo Sn.Sn

Report for 2021 Aug
                   MONTHLY CLIMATOLOGICAL SUMMARY for AUG. 2021

NAME: kocher   CITY: San Sebastian   STATE: Guipuzcoa 
ELEV:    80 m  LAT:  43 18' 42" N  LONG:   2 00' 56" W

                   TEMPERATURE (C), RAIN  (mm), WIND SPEED (km/hr)

                                      HEAT  COOL        AVG
    MEAN                              DEG   DEG         WIND                 DOM
DAY TEMP  HIGH   TIME   LOW    TIME   DAYS  DAYS  RAIN  SPEED HIGH   TIME    DIR
------------------------------------------------------------------------------------
 1  17.4  21.5   15:35  14.5    4:50   1.4   0.0   1.4   1.9  19.3   11:55   WNW
 2  18.5  23.1   16:35  14.0    7:20   1.2   0.0   0.0   2.1  14.5   12:40    SE
 3  19.1  23.5   14:45  15.3    7:40   0.7   0.0   0.0   1.8  16.1   15:15    SE
 4  19.6  21.9   12:55  17.4    5:40   0.0   0.0  17.8   1.8  17.7   12:30   SSE
 5  21.3  28.9   14:50  17.1    4:20   0.1   0.5   5.8   1.9  20.9   18:05   SSE
 6  18.7  21.7   16:20  16.6    7:55   0.2   0.0   8.0   1.3  14.5   17:40    SE
 7  18.7  21.9   17:25  16.6    7:30   0.4   0.0   1.6   2.1  24.1   13:50   SSE
 8  19.3  22.7   16:00  16.9    2:35   0.2   0.0   0.0   2.3  19.3   12:30   WNW
 9  19.8  24.6   15:50  15.8    4:35   0.6   0.0   0.0   1.8  17.7   13:35     W
10  20.7  24.3   15:25  17.2    7:00   0.1   0.0   0.0   2.3  25.7   13:45     S
11  21.4  24.3   16:35  19.6    8:00   0.0   0.0   0.6   1.8  17.7   13:15     W
12  21.2  24.2   14:15  19.6    1:50   0.0   0.0   0.8   1.6  19.3   14:15   SSE
13  21.4  23.8   16:25  19.1    8:00   0.0   0.0   0.0   1.1  12.9   13:00    SE
14  22.2  24.9   15:05  20.5    7:40   0.0   0.0   0.0   1.3  16.1   13:45   SSE
15  20.6  21.9   14:45  19.3   23:35   0.0   0.0   0.4   0.8  11.3   16:35     W
16  20.1  23.3   13:35  18.3    6:05   0.0   0.0   0.2   1.9  17.7   14:20    SE
17  19.5  22.0   13:35  17.3   20:00   0.0   0.0   0.4   2.3  16.1   15:00    SE
18  18.4  21.5   17:25  15.5    9:50   0.5   0.0   0.0   1.6  19.3   16:40   ESE
19  18.6  21.3   17:30  15.9    7:10   0.5   0.0   0.4   1.4  12.9   13:30    SE
20  21.3  28.2   17:15  16.3    8:15   0.2   0.3   0.0   1.9  22.5   17:50    SE
21  21.8  24.9   15:55  19.3   23:50   0.0   0.0   0.0   1.3  16.1   14:05    SE
22  20.3  23.9   16:45  16.8    7:50   0.1   0.0   0.0   1.4  14.5   12:00     W
23  21.2  24.6   15:15  18.2    7:35   0.0   0.0   0.0   1.9  17.7   17:35    SE
24  20.3  23.8   17:35  16.4    7:55   0.2   0.0   0.0   1.4  14.5   14:10    SE
25  20.5  24.9   15:00  17.0    7:30   0.1   0.0   0.0   1.9  16.1   12:35     W
26  21.1  25.3   12:15  16.9    6:00   0.1   0.0   0.0   1.8  20.9   16:20     W
27  20.2  25.1   15:00  16.2    7:10   0.3   0.0   0.0   1.6  17.7   17:20   SSW
28  19.7  23.7   17:40  16.0    7:50   0.4   0.0   0.0   1.6  17.7   17:35     W
29  18.6  22.7   18:55  14.1    8:00   0.9   0.0   0.0   1.8  17.7   14:30   SSE
30  18.8  22.3   16:10  15.6    8:30   0.5   0.0   0.0   1.9  16.1   13:40     W
31  19.3  24.2   15:55  14.7    7:05   0.9   0.0   0.0   1.8  17.7   15:05   SSE
-------------------------------------------------------------------------------------
    20.0  28.9     5    14.0     2     9.8   0.8  37.4   1.7  25.7    10     SSE

Max >=  32.0:  0
Max <=   0.0:  0
Min <=   0.0:  0
Min <= -18.0:  0
Max Rain: 17.81 ON 04/08/21
Days of Rain: 11 (> .2 mm) 3 (> 2 mm) 0 (> 20 mm)
Heat Base:  18.0  Cool Base:  25.0  Method: Integration