NOAA Style Reports for San Sebastián

           escudo Sn.Sn

Report for 2022 Feb
                   MONTHLY CLIMATOLOGICAL SUMMARY for FEB. 2022

NAME: kocher   CITY: San Sebastian   STATE: Guipuzcoa 
ELEV:    80 m  LAT:  43 18' 42" N  LONG:   2 00' 56" W

                   TEMPERATURE (C), RAIN  (mm), WIND SPEED (km/hr)

                                      HEAT  COOL        AVG
    MEAN                              DEG   DEG         WIND                 DOM
DAY TEMP  HIGH   TIME   LOW    TIME   DAYS  DAYS  RAIN  SPEED HIGH   TIME    DIR
------------------------------------------------------------------------------------
 1   9.6  11.2   16:00   7.3    8:50   8.4   0.0   0.0   1.6  20.9    2:45   SSE
 2   9.9  15.7   15:20   5.4    8:35   8.0   0.0   0.0   1.8  12.9    3:15     W
 3  10.1  15.9   14:00   5.3    7:25   7.9   0.0   0.0   1.3  37.0    3:35   SSE
 4  10.0  12.9   13:35   7.7    5:30   8.0   0.0   3.8   1.1  11.3    2:45   SSE
 5   9.2  12.1   14:50   4.8   23:40   8.8   0.0   2.6   1.6  17.7    4:30   SSE
 6   7.8  12.5   16:55   3.8    3:25  10.2   0.0   0.0   1.6  14.5   14:20     W
 7  10.1  12.7   15:10   7.8    0:15   7.9   0.0   6.6   1.4  19.3   11:55   NNW
 8  10.8  16.2   16:45   5.9    7:00   7.1   0.0   0.2   1.1  16.1   22:25   NNW
 9  15.0  21.3   15:50   9.8   23:55   3.3   0.0   0.0   3.7  29.0   12:55     S
10  12.7  17.4   12:20   9.6    0:15   5.3   0.0   0.0   2.6  29.0   15:25   SSE
11  10.3  11.4   13:10   9.2   23:55   7.7   0.0   5.2   0.8  14.5    6:10    SE
12   9.9  15.2   13:55   6.6    8:35   8.1   0.0   0.0   1.0  11.3   15:00     W
13  14.2  18.4   17:30   7.0    4:50   3.8   0.0   0.0  10.8  54.7   16:50     S
14  10.0  13.2   15:05   8.3    8:45   8.0   0.0  10.4   4.3  29.0   15:15   SSE
15  10.7  14.1   15:15   7.8    8:20   7.4   0.0  16.2   2.4  22.5    0:35   SSE
16  13.0  15.9   13:30  11.1    0:10   5.0   0.0   1.6   1.9  29.0    5:20   SSE
17  14.1  17.7   14:30  10.3   23:40   3.9   0.0   0.0   1.0  12.9   12:25    NW
18  11.3  17.7   13:05   8.7    4:55   6.7   0.0   4.6   2.3  30.6   11:30    NW
19   9.5  12.9   16:15   7.2   23:45   8.5   0.0   7.2   1.8  16.1    8:30   WNW
20   9.8  13.1   17:15   6.3    0:55   8.2   0.0   2.0   1.9  16.1   14:05     W
21  11.4  13.7   12:00   9.0    2:05   6.5   0.0   2.6   1.4  17.7    8:20    SE
22  10.9  16.6   15:35   7.4    7:35   7.0   0.0   0.0   1.3  12.9    9:45    NW
23  10.4  17.7   16:15   4.1    7:25   7.5   0.0   0.0   1.3  12.9   17:35    NW
24  10.5  12.3   11:45   8.0    5:40   7.5   0.0   0.8   0.8  19.3    3:00   SSE
25   9.9  12.9   15:20   7.7   22:40   8.0   0.0   1.0   1.8  17.7   13:50   SSE
26  11.1  18.9   16:45   2.8    7:35   7.0   0.0   0.0   3.7  27.4   14:30   SSE
27  13.6  17.4   14:55   9.3   00:00   4.4   0.0   0.0   4.7  35.4    4:20     S
28  12.5  19.6   14:50   6.8    5:45   5.6   0.0   0.0   1.4  11.3    1:35     S
-------------------------------------------------------------------------------------
    11.0  21.3     9     2.8    26   196.0   0.0  64.8   2.2  54.7    13     SSE

Max >=  32.0:  0
Max <=   0.0:  0
Min <=   0.0:  0
Min <= -18.0:  0
Max Rain: 16.21 ON 15/02/22
Days of Rain: 14 (> .2 mm) 10 (> 2 mm) 0 (> 20 mm)
Heat Base:  18.0  Cool Base:  25.0  Method: Integration