NOAA Style Reports for San Sebastián

           escudo Sn.Sn

Report for 2022 Mar
                   MONTHLY CLIMATOLOGICAL SUMMARY for MAR. 2022

NAME: kocher   CITY: San Sebastian   STATE: Guipuzcoa 
ELEV:    80 m  LAT:  43 18' 42" N  LONG:   2 00' 56" W

                   TEMPERATURE (C), RAIN  (mm), WIND SPEED (km/hr)

                                      HEAT  COOL        AVG
    MEAN                              DEG   DEG         WIND                 DOM
DAY TEMP  HIGH   TIME   LOW    TIME   DAYS  DAYS  RAIN  SPEED HIGH   TIME    DIR
------------------------------------------------------------------------------------
 1  14.3  20.8   16:20   7.4    8:05   4.2   0.0   0.0   2.3  35.4   20:35    SE
 2  12.7  15.0    5:10  11.2   22:30   5.3   0.0   5.4   2.4  24.1    7:55   SSE
 3  10.9  14.8   12:35   8.1    7:05   7.1   0.0  19.6   2.6  24.1   13:35     S
 4   9.8  12.4   12:00   7.7   23:50   8.2   0.0  27.8   2.4  25.7   12:20    SE
 5   8.9  11.6   15:45   6.8    8:25   9.1   0.0   7.2   1.9  19.3   15:25   SSE
 6   8.7  10.4   11:55   7.1    7:05   9.3   0.0   0.2   1.6  12.9   11:00     S
 7  10.3  13.2   19:05   7.4    6:45   7.7   0.0   0.0   4.7  48.3   21:25   SSE
 8  11.8  15.7   15:35   8.5   23:35   6.2   0.0   0.6   6.1  45.1    3:15     S
 9  12.9  16.7   13:25   7.2    4:20   5.1   0.0   0.0   8.5  43.5   14:30     S
10  13.8  17.1   18:40  10.8    8:35   4.2   0.0   3.0   5.6  41.8   22:45     S
11  14.6  17.8   13:00   9.1   23:50   3.4   0.0   5.0   9.0  46.7    6:10     S
12  12.9  18.2   15:30   7.8    7:30   5.1   0.0   5.0   4.8  30.6   13:40     S
13  11.8  15.6    0:05   8.6    8:30   6.2   0.0  14.4   2.4  27.4    0:40   SSE
14  13.0  15.9   10:50   9.9    0:05   5.0   0.0   0.8   2.3  29.0    7:30    SE
15  19.5  21.5   16:05  11.7    0:05   0.3   0.0   0.0  13.8  59.5   12:05     S
16  15.6  19.3    0:40  11.9   23:50   2.6   0.0   5.4  10.3  62.8    1:30   SSE
17  11.1  12.1    0:05  10.1   23:55   6.9   0.0   9.6   2.9  20.9    5:50    SE
18  10.1  11.0   12:35   9.0   23:55   7.9   0.0   0.8   0.5  11.3    1:30    SE
19  14.4  19.2   13:25   8.1    3:35   3.7   0.0   0.0   6.9  35.4   23:20     S
20  16.3  19.3   16:00  14.4    4:25   1.8   0.0   0.0  14.2  51.5   11:05     S
21  16.7  19.7   13:25  14.8    4:50   1.5   0.0   0.0  12.1  46.7   12:35     S
22  14.6  15.9   11:40  13.7    6:35   3.4   0.0   0.0  15.8  56.3    2:30     S
23  14.6  18.6   16:35  11.8    6:40   3.4   0.0   0.0  15.1  59.5    1:40     S
24  14.8  19.1   14:35  10.7    6:35   3.2   0.0   0.0   5.8  32.2    0:55     S
25  15.3  19.6   12:15  13.0   00:00   2.7   0.0   0.0   1.6  14.5   13:30     N
26  15.6  19.5   12:20  11.2    4:55   2.6   0.0   0.0   3.2  27.4   22:40     S
27  16.8  21.3   16:30  11.7    9:05   2.0   0.0   0.0   9.7  43.5   15:45     S
28  18.7  21.3   18:35  16.6    8:35   0.2   0.0   0.0  11.6  41.8   17:50     S
29  15.0  18.4    1:30  12.7   23:45   3.0   0.0   0.0   3.4  24.1    1:30     S
30  12.0  13.8   13:40  10.2   00:00   6.0   0.0   4.4   1.8  16.1   17:50   SSE
31   9.9  11.7   17:25   8.2   22:50   8.1   0.0  33.8   3.1  24.1   20:40   SSE
-------------------------------------------------------------------------------------
    13.5  21.5    15     6.8     5   145.4   0.0 143.0   6.1  62.8    16       S

Max >=  32.0:  0
Max <=   0.0:  0
Min <=   0.0:  0
Min <= -18.0:  0
Max Rain: 33.81 ON 31/03/22
Days of Rain: 16 (> .2 mm) 12 (> 2 mm) 2 (> 20 mm)
Heat Base:  18.0  Cool Base:  25.0  Method: Integration