NOAA Style Reports for San Sebastián

           escudo Sn.Sn

Report for 2022 Apr
                   MONTHLY CLIMATOLOGICAL SUMMARY for APR. 2022

NAME: kocher   CITY: San Sebastian   STATE: Guipuzcoa 
ELEV:    80 m  LAT:  43 18' 42" N  LONG:   2 00' 56" W

                   TEMPERATURE (C), RAIN  (mm), WIND SPEED (km/hr)

                                      HEAT  COOL        AVG
    MEAN                              DEG   DEG         WIND                 DOM
DAY TEMP  HIGH   TIME   LOW    TIME   DAYS  DAYS  RAIN  SPEED HIGH   TIME    DIR
------------------------------------------------------------------------------------
 1   7.0   9.8   14:35   4.9    7:50  11.0   0.0   9.0   4.0  32.2   21:40   SSE
 2   7.4  11.2   15:15   4.5    3:35  10.6   0.0   8.0   3.5  27.4    1:35   SSE
 3   6.7  11.1   16:30   3.0    4:15  11.3   0.0   4.4   2.7  17.7    0:20   SSE
 4   6.8  10.7   16:45   1.3    7:45  11.2   0.0   0.0   1.9  20.9   16:05    SE
 5   8.2  12.9   17:35   2.8    7:10   9.9   0.0   0.0   1.9  16.1   12:45   SSE
 6   9.6  14.7   15:45   5.2    5:45   8.4   0.0   0.0   2.1  19.3   14:10     S
 7  14.9  22.1   16:25   8.7    8:20   3.6   0.0   0.0   4.0  30.6   13:25     S
 8  15.5  19.9   15:00  11.6   23:35   2.7   0.0   1.0   6.3  48.3   12:50     S
 9  11.9  15.2   16:30   9.6    7:35   6.1   0.0   2.4   1.8  16.1    9:40     S
10  15.9  24.1   18:45   6.3    6:15   4.0   0.0   0.0   8.9  46.7   11:45     S
11  21.9  26.6   17:45  18.7    9:10   0.0   0.1   0.0  17.2  59.5    0:15     S
12  18.9  22.9   17:35  14.9    8:15   0.6   0.0   0.0   8.4  48.3    4:25     S
13  14.8  17.6   14:30  11.8    8:00   3.1   0.0   0.0   2.9  24.1    0:20   SSE
14  14.2  17.1   14:40  12.7    6:35   3.8   0.0   7.4   1.8  17.7   14:45   SSE
15  13.2  16.4   15:05  11.3    6:35   4.8   0.0   0.2   1.4  17.7   15:15     W
16  13.3  16.7   16:40  11.1   23:40   4.7   0.0   0.0   2.4  25.7   15:25   SSE
17  13.5  18.7   13:50   9.4    7:45   4.5   0.0   0.0   2.1  22.5   14:20   SSE
18  14.3  16.4   16:05  13.1    5:55   3.7   0.0   0.0   1.8  17.7   13:15    SE
19  11.6  13.6    0:30   9.9   23:55   6.4   0.0  16.2   1.4  16.1   10:00    SE
20  10.3  11.3   15:20   9.6   18:25   7.7   0.0  34.2   2.6  20.9   10:40    SE
21  10.8  12.2   18:05   9.3    7:55   7.2   0.0  32.4   2.3  24.1    7:35   SSE
22  14.7  19.7   17:30   7.4    5:25   3.6   0.0   0.0   7.1  30.6   18:50     S
23  12.6  16.1    0:05  10.0   19:10   5.4   0.0  22.2   5.1  32.2    0:25   SSE
24  13.7  16.3   14:45  10.9    0:05   4.4   0.0   8.6   3.1  24.1    4:25   SSE
25  13.9  18.2   15:10   9.9    6:40   4.1   0.0   0.0   1.6  12.9   12:00    SW
26  16.4  24.3   16:50   9.4    7:30   3.2   0.0   0.0   1.9  37.0   23:05    NW
27  14.3  15.5   11:35  13.3   23:20   3.7   0.0   6.2   2.1  29.0    0:05   WNW
28  13.7  14.6   15:50  13.0    3:20   4.3   0.0   2.2   1.1  11.3   15:35    SE
29  14.4  17.8   15:55  12.5    6:05   3.6   0.0   0.0   1.0  14.5   17:00    SE
30  14.3  17.4   16:00  12.4    1:40   3.7   0.0   0.0   1.6  16.1   13:40   SSE
-------------------------------------------------------------------------------------
    13.0  26.6    11     1.3     4   161.7   0.1 154.4   3.5  59.5    11     SSE

Max >=  32.0:  0
Max <=   0.0:  0
Min <=   0.0:  0
Min <= -18.0:  0
Max Rain: 34.19 ON 20/04/22
Days of Rain: 14 (> .2 mm) 12 (> 2 mm) 3 (> 20 mm)
Heat Base:  18.0  Cool Base:  25.0  Method: Integration