NOAA Style Reports for San Sebastián

           escudo Sn.Sn

Report for 2022 May
                   MONTHLY CLIMATOLOGICAL SUMMARY for MAY. 2022

NAME: kocher   CITY: San Sebastian   STATE: Guipuzcoa 
ELEV:    80 m  LAT:  43 18' 42" N  LONG:   2 00' 56" W

                   TEMPERATURE (C), RAIN  (mm), WIND SPEED (km/hr)

                                      HEAT  COOL        AVG
    MEAN                              DEG   DEG         WIND                 DOM
DAY TEMP  HIGH   TIME   LOW    TIME   DAYS  DAYS  RAIN  SPEED HIGH   TIME    DIR
------------------------------------------------------------------------------------
01  13,5  16,8   16:56  11,1   08:12   4,5   0,0   0,0   1,8  16,1   14:14    SW
02  14,0  15,8   15:16  12,7   07:03   4,0   0,0   0,0   1,3  19,3   15:19   SSE
03  14,4  16,1   17:10  12,7   03:48   3,6   0,0   0,8   2,0  16,1   12:52   SSE
04  14,6  17,3   16:07  13,4   07:08   3,4   0,0   0,0   2,0  17,7   15:11   SSE
05  14,8  17,6   15:55  12,1   07:25   3,2   0,0   0,0   2,2  17,7   12:30   SSE
06  14,0  17,7   15:27  10,2   06:19   4,0   0,0   0,0   2,1  20,9   14:38   SSE
07  14,9  18,7   15:53  11,0   06:42   3,2   0,0   0,0   2,3  19,3   13:27   WSW
08  15,5  20,4   16:12  11,2   06:20   2,8   0,0   0,0   1,8  17,7   11:10     W
09  17,2  22,8   16:02  11,3   06:32   2,2   0,0   0,0   1,5  16,1   13:06   ESE
10  17,9  24,3   10:50  14,9   05:30   0,9   0,0   0,0   3,0  30,6   11:30   WNW
11  16,4  19,2   13:06  15,3   23:49   1,6   0,0   0,0   1,6  19,3   13:40    SW
12  16,5  19,8   16:04  14,6   07:09   1,6   0,0   0,4   1,4  14,5   13:49    SE
13  17,5  21,1   16:40  15,1   06:53   1,1   0,0   1,0   1,4  16,1   00:29   ESE
14  18,5  25,2   17:52  13,9   06:41   1,2   0,0   1,0   2,3  32,2   18:25   WNW
15  22,9  30,8   15:26  17,6   23:59   0,0   0,8  26,8   7,5  46,7   07:56     S
16  21,8  27,9   14:25  16,2   05:27   0,3   0,4   0,0   3,1  29,0   10:36   SSW
17  23,3  30,1   14:25  17,8   05:33   0,0   0,7   0,0   3,4  29,0   23:46   SSW
18  21,2  33,6   16:12  16,3   07:37   0,2   0,9   1,2   3,3  38,6   18:29     S
19  18,7  21,6   16:50  16,4   05:23   0,3   0,0   0,0   1,9  16,1   16:11    NW
20  18,1  19,2   14:48  17,2   06:16   0,2   0,0   0,0   3,2  32,2   03:15   WNW
21  20,0  24,6   16:54  17,2   07:17   0,2   0,0   0,0   2,0  24,1   18:49   WNW
22  20,8  28,2   13:16  16,9   23:59   0,0   0,3   5,4   3,6  41,8   17:20   SSW
23  16,5  19,1   14:31  13,2   23:55   1,5   0,0   5,2   1,7  20,9   19:52    SW
24  14,7  17,7   15:21  12,8   08:05   3,2   0,0   2,8   2,4  17,7   13:41   SSE
25  15,8  19,6   13:41  12,6   06:26   2,3   0,0   4,8   3,0  17,7   14:54   SSE
26  15,8  19,3   15:34  12,2   05:11   2,4   0,0   0,0   1,2  14,5   15:27    SE
27  17,5  20,6   15:56  15,3   06:51   1,0   0,0   1,0   1,8  16,1   13:59   ESE
28  17,7  21,4   15:33  14,6   02:25   1,1   0,0   0,0   2,2  19,3   12:49     W
29  17,6  21,8   17:20  13,1   07:16   1,5   0,0   0,0   2,4  19,3   14:00     S
30  17,4  20,5   17:22  14,5   07:14   1,1   0,0   0,0   2,0  19,3   13:42     S
31  18,0  22,5   15:22  13,0   06:45   1,3   0,0   0,0   1,8  16,1   12:41   SSE
----------------------------------------------------------------------------------
    17,3  33,6    18    10,2     6    53,9   3,1  50,4   2,3  46,7    15     SSW

Max >=  32.0:  1
Max <=   0.0:  0
Min <=   0.0:  0
Min <= -18.0:  0
Max Rain: 26.80 ON 15/05/22
Days of Rain: 11 (> .2 mm) 5 (> 2 mm) 1 (> 20 mm)
Heat Base:  18.0  Cool Base:  25.0  Method: Integration