NOAA Style Reports for San Sebastián

           escudo Sn.Sn

Report for 2022 Aug
                   MONTHLY CLIMATOLOGICAL SUMMARY for AUG. 2022

NAME: kocher   CITY: San Sebastian   STATE: Guipuzcoa 
ELEV:    80 m  LAT:  43 18' 42" N  LONG:   2 00' 56" W

                   TEMPERATURE (C), RAIN  (mm), WIND SPEED (km/hr)

                                      HEAT  COOL        AVG
    MEAN                              DEG   DEG         WIND                 DOM
DAY TEMP  HIGH   TIME   LOW    TIME   DAYS  DAYS  RAIN  SPEED HIGH   TIME    DIR
------------------------------------------------------------------------------------
 1  22.4  25.0   15:00  20.2    5:00   0.0   0.0   0.0   1.3  12.9   15:40   SSE
 2  22.9  27.2   19:05  18.8    6:45   0.0   0.4   0.0   1.4  16.1   13:50    NW
 3  23.7  27.9   16:45  20.9    7:45   0.0   0.3   0.0   2.1  19.3   18:05   SSE
 4  23.1  25.5   12:25  21.7   19:35   0.0   0.0   0.2   1.6  22.5   12:10    SE
 5  22.2  25.3   14:05  20.6    5:50   0.0   0.0   0.8   1.9  17.7   13:15   SSE
 6  22.7  26.4   18:05  18.8    7:30   0.0   0.1   0.0   1.9  16.1   12:20     W
 7  22.5  26.3   11:55  18.8    6:55   0.0   0.1   0.0   2.3  20.9   12:35   SSE
 8  21.4  26.3   16:30  17.6    7:30   0.0   0.1   0.0   2.7  25.7   15:40    NW
 9  23.8  28.4   16:20  20.1    4:00   0.0   0.6   0.0   2.6  24.1   10:10   WNW
10  26.4  33.9   15:00  20.6    7:40   0.0   2.7   0.0   1.8  29.0   23:35   SSE
11  29.5  35.5   14:45  24.3    8:10   0.0   4.5   1.2   3.1  24.1   22:50   SSE
12  24.3  26.8   16:50  22.4   23:45   0.0   0.2   0.0   1.9  16.1   17:00   SSE
13  22.8  25.4   16:55  20.6    7:45   0.0   0.0   1.0   2.1  16.1   17:00   SSE
14  21.9  25.1   15:25  19.5    7:15   0.0   0.0   6.0   1.8  19.3   14:20   SSE
15  21.6  25.9   16:55  17.9    8:05   0.0   0.0   0.0   1.9  16.1   12:55     W
16  21.6  25.2   15:10  18.7    7:00   0.0   0.0   0.0   2.3  20.9   13:00     W
17  19.9  24.8   14:30  16.4    7:25   0.3   0.0  14.6   3.4  33.8   21:35   SSE
18  17.9  18.9    7:50  16.8   10:50   0.3   0.0  61.2   2.9  22.5   18:45   ESE
19  19.7  23.7   15:10  16.8    7:20   0.3   0.0   0.0   1.9  16.1   15:05    NW
20  22.2  26.1   15:10  17.4    7:35   0.0   0.1   0.0   1.8  17.7   17:00     S
21  22.6  25.9   16:00  21.0    6:35   0.0   0.0   0.6   1.3  14.5   15:35     S
22  20.8  22.4   12:00  19.1    6:30   0.0   0.0   9.6   1.4  14.5   12:50   SSE
23  22.0  25.5   18:00  19.7    7:50   0.0   0.0   2.8   1.3  12.9   13:20     S
24  23.5  30.4   15:00  19.7    7:10   0.0   0.7   0.0   1.9  30.6   19:45    SE
25  22.7  24.6   13:40  20.9    5:20   0.0   0.0   0.6   1.8  14.5    9:35   ESE
26  22.1  24.5   13:30  20.4    7:55   0.0   0.0   0.8   1.3  14.5   12:20   SSE
27  21.3  24.9   16:45  18.2    8:30   0.0   0.0   0.0   1.4  12.9   15:10   WNW
28  24.7  31.7   15:50  18.4    8:00   0.0   1.9   0.6   2.1  30.6   22:10     W
29  27.1  32.2   14:00  21.7    5:10   0.0   2.3   1.0   4.7  30.6   23:30     S
30  23.4  26.8   16:45  20.0    6:55   0.0   0.2   0.0   1.9  22.5    0:05   SSE
31  21.7  23.3    0:25  20.8    8:50   0.0   0.0   2.0   1.6  12.9   11:05     W
-------------------------------------------------------------------------------------
    22.7  35.5    11    16.4    17     0.9  14.3 103.0   2.0  33.8    17     SSE

Max >=  32.0:  3
Max <=   0.0:  0
Min <=   0.0:  0
Min <= -18.0:  0
Max Rain: 61.19 ON 18/08/22
Days of Rain: 15 (> .2 mm) 6 (> 2 mm) 1 (> 20 mm)
Heat Base:  18.0  Cool Base:  25.0  Method: Integration