NOAA Style Reports for San Sebastián

           escudo Sn.Sn

Report for 2022 Sep
                   MONTHLY CLIMATOLOGICAL SUMMARY for SEP. 2022

NAME: kocher   CITY: San Sebastian   STATE: Guipuzcoa 
ELEV:    80 m  LAT:  43 18' 42" N  LONG:   2 00' 56" W

                   TEMPERATURE (C), RAIN  (mm), WIND SPEED (km/hr)

                                      HEAT  COOL        AVG
    MEAN                              DEG   DEG         WIND                 DOM
DAY TEMP  HIGH   TIME   LOW    TIME   DAYS  DAYS  RAIN  SPEED HIGH   TIME    DIR
------------------------------------------------------------------------------------
 1  22.8  26.3   14:40  20.2    7:45   0.0   0.1   0.2   1.1  16.1   13:15    SE
 2  21.4  23.1   18:10  20.1   00:00   0.0   0.0   1.0   1.4  14.5   14:15   WNW
 3  20.7  23.9   16:50  18.4    6:55   0.0   0.0   0.2   1.0  16.1   15:20    NW
 4  22.4  26.8   16:35  17.8    8:15   0.0   0.2   0.0   1.6  14.5   14:10   WNW
 5  24.2  32.6   15:15  17.5    7:00   0.0   1.8   0.0   2.4  29.0   14:05   WNW
 6  22.7  30.7   14:05  17.9    5:35   0.0   0.7   0.0   2.7  25.7   13:35     S
 7  20.8  25.4   13:10  17.1    6:55   0.0   0.0   0.0   1.9  24.1   13:10    NW
 8  20.6  25.2   14:20  16.4    7:40   0.3   0.0   0.0   1.4  14.5   14:25    SW
 9  20.6  24.2   14:00  17.6   23:55   0.0   0.0   5.4   2.1  19.3   12:10   SSE
10  20.7  26.9   15:55  15.5    8:05   0.6   0.2   0.0   1.6  16.1   17:00    NW
11  26.2  36.3   16:05  17.5    6:30   0.0   3.8   0.0   1.1  17.7   13:35    NW
12  30.2  34.7   16:50  23.4   21:50   0.0   5.3   0.4   5.0  48.3   21:00     S
13  28.1  31.8   16:35  24.2    0:05   0.0   3.1   0.0  13.0  51.5   12:20     S
14  25.4  29.3   16:15  22.4   23:05   0.0   1.0   0.0   4.0  30.6   12:50     S
15  22.4  25.4   16:20  19.2    7:50   0.0   0.0   0.0   1.3  22.5   13:00   SSE
16  20.4  23.3   15:25  18.9   00:00   0.0   0.0  17.2   1.9  22.5   13:30   SSE
17  19.0  22.4   16:20  15.9   23:30   0.3   0.0   0.0   2.1  14.5    2:50   SSE
18  17.3  23.4   16:35  12.2    8:45   2.0   0.0   0.0   1.3  11.3    5:55     W
19  17.8  22.3   15:25  13.9    8:00   1.4   0.0   0.0   2.3  16.1   15:30     W
20  16.7  21.3   16:05  12.7    8:10   2.1   0.0   0.0   2.3  14.5   11:55   SSE
21  16.6  22.1   16:25  12.2    7:20   2.2   0.0   0.0   2.4  17.7   14:20     W
22  17.3  22.6   15:25  12.9    5:20   1.9   0.0   0.0   2.3  17.7   12:35     W
23  16.9  19.6   13:50  14.4    7:55   1.4   0.0   1.4   0.8   9.7   13:55     W
24  15.9  17.7   12:00  14.7   00:00   2.1   0.0  15.8   1.9  16.1   14:05   WNW
25  15.1  19.4   15:35  11.8    7:50   3.0   0.0  11.8   2.4  20.9    2:00   WNW
26  15.9  20.0   16:15  12.9    2:00   2.3   0.0   0.6   2.1  19.3   15:45   SSE
27  16.9  19.6   14:35  14.9    4:05   1.2   0.0   9.0   2.7  24.1   15:10   SSE
28  16.9  20.1   12:35  15.6   22:20   1.2   0.0  11.8   3.1  22.5    2:20   SSE
29  14.4  16.2    0:50  13.1   10:55   3.6   0.0  52.0   2.7  27.4    3:35   SSE
30  15.5  19.4   14:35  12.8    3:05   2.6   0.0  12.4   2.3  24.1    8:50    SE
-------------------------------------------------------------------------------------
    20.1  36.3    11    11.8    25    28.3  16.1 139.2   2.5  51.5    13     SSE

Max >=  32.0:  3
Max <=   0.0:  0
Min <=   0.0:  0
Min <= -18.0:  0
Max Rain: 51.99 ON 29/09/22
Days of Rain: 14 (> .2 mm) 8 (> 2 mm) 1 (> 20 mm)
Heat Base:  18.0  Cool Base:  25.0  Method: Integration