NOAA Style Reports for San Sebastián

           escudo Sn.Sn

Report for 2022 Nov
                   MONTHLY CLIMATOLOGICAL SUMMARY for NOV. 2022

NAME: kocher   CITY: San Sebastian   STATE: Guipuzcoa 
ELEV:    80 m  LAT:  43 18' 42" N  LONG:   2 00' 56" W

                   TEMPERATURE (C), RAIN  (mm), WIND SPEED (km/hr)

                                      HEAT  COOL        AVG
    MEAN                              DEG   DEG         WIND                 DOM
DAY TEMP  HIGH   TIME   LOW    TIME   DAYS  DAYS  RAIN  SPEED HIGH   TIME    DIR
------------------------------------------------------------------------------------
 1  16.4  20.7   13:35  13.0    7:50   1.9   0.0   2.0   1.8  12.9   10:40    SE
 2  16.1  21.1   13:55  12.6    5:10   2.5   0.0   0.0   1.3  11.3   11:10    SW
 3  17.2  21.3   11:55  12.6   21:00   1.8   0.0  10.4   6.9  48.3    8:30     S
 4  14.2  17.6   13:55  11.9    8:40   3.9   0.0  19.8   3.4  25.7    7:45   SSE
 5  13.7  18.7   13:25  10.1    7:45   4.3   0.0   0.0   2.1  12.9   20:20     W
 6  15.5  22.7   14:00   9.4    4:40   3.1   0.0   0.0   2.6  20.9   11:25     S
 7  17.1  21.9   13:40  10.4    4:55   2.5   0.0   0.0   5.1  46.7   22:20     S
 8  20.3  21.3   15:45  19.5    2:05   0.0   0.0   0.0   9.5  51.5   10:45     S
 9  15.7  19.7    0:05  11.8   23:35   2.5   0.0   6.8   2.1  22.5   10:50   WNW
10  14.2  19.8   13:30  10.3    6:30   3.9   0.0   0.0   2.3  12.9    1:10   SSE
11  16.0  23.2   16:15   8.9    5:30   3.1   0.0   0.0   3.1  38.6   13:20   SSE
12  20.1  23.6   15:00  15.9    2:35   0.1   0.0   0.0   8.5  43.5    7:25     S
13  20.2  24.3   14:55  16.9   21:05   0.0   0.0   0.0   5.6  30.6    8:15     S
14  15.7  20.7    1:05  12.8   23:10   2.8   0.0  19.6   4.2  41.8    4:55     S
15  16.9  20.1    9:35  12.7   23:55   1.6   0.0  14.0  10.1  57.9    3:50     S
16  16.8  21.2   21:05  12.1    4:35   1.9   0.0   0.0   9.5  48.3   16:35     S
17  15.8  19.7   13:55  12.1   22:55   2.3   0.0  13.6   1.8  20.9   17:00   SSE
18  11.1  13.7   11:15   8.7   00:00   6.9   0.0  34.2   2.4  24.1   14:10   SSE
19   8.8  10.1   14:15   8.1    6:40   9.2   0.0  37.2   3.2  24.1    7:25   SSE
20  11.6  14.6   15:45   9.0    0:05   6.2   0.0   4.8   2.6  20.9    7:25   WNW
21  11.3  16.8    9:05   6.8   23:30   6.6   0.0  61.6   5.1  35.4    5:45    SE
22   9.9  13.3   20:45   7.1    8:10   8.1   0.0   2.6   5.5  35.4   16:00    SE
23  14.5  17.0   15:00  11.3    0:25   3.5   0.0   7.4   3.1  35.4    8:30    SE
24  11.8  15.0   12:10   8.8    5:00   6.2   0.0  10.8   5.1  32.2   10:25     S
25  10.2  12.7    2:35   7.6   21:30   7.8   0.0  15.8   2.4  27.4    2:55    SE
26  10.3  14.8   13:50   6.5    8:25   7.6   0.0   0.0   2.9  19.3   23:20     W
27  13.6  17.8   14:50   9.9   23:55   4.4   0.0   6.6   7.7  49.9   11:00   SSE
28   9.7  12.6   12:00   8.7    2:30   8.3   0.0  37.4   3.2  27.4   14:40    SE
29  10.0  11.3   13:20   9.1   23:40   7.9   0.0  43.0   2.3  19.3   10:15   ESE
30   9.4  13.4   14:50   6.3   23:05   8.6   0.0   0.8   1.0  11.3    1:15     W
-------------------------------------------------------------------------------------
    14.1  24.3    13     6.3    30   129.6   0.0 348.4   4.2  57.9    15       S

Max >=  32.0:  0
Max <=   0.0:  0
Min <=   0.0:  0
Min <= -18.0:  0
Max Rain: 61.59 ON 21/11/22
Days of Rain: 19 (> .2 mm) 18 (> 2 mm) 5 (> 20 mm)
Heat Base:  18.0  Cool Base:  25.0  Method: Integration