NOAA Style Reports for San Sebastián

           escudo Sn.Sn

Report for 2023 Feb
                   MONTHLY CLIMATOLOGICAL SUMMARY for FEB. 2023

NAME: kocher   CITY: San Sebastian   STATE: Guipuzcoa 
ELEV:    80 m  LAT:  43 18' 42" N  LONG:   2 00' 56" W

                   TEMPERATURE (C), RAIN  (mm), WIND SPEED (km/hr)

                                      HEAT  COOL        AVG
    MEAN                              DEG   DEG         WIND                 DOM
DAY TEMP  HIGH   TIME   LOW    TIME   DAYS  DAYS  RAIN  SPEED HIGH   TIME    DIR
------------------------------------------------------------------------------------
 1   7.4   9.4   17:20   5.4    0:50  10.5   0.0   0.0   0.8  11.3    7:05     E
 2   6.0  10.8   14:25   1.7    9:00  12.0   0.0   0.0   1.3  16.1   13:50    SE
 3   4.8  10.4   16:15  -0.1    8:30  13.2   0.0   0.0   1.4  14.5   16:35    SE
 4   5.3   8.5   16:10   1.9    9:05  12.6   0.0   0.0   0.6  14.5   14:15   WSW
 5   7.7   8.8   13:30   6.4    8:30  10.3   0.0   0.0   0.6  22.5   23:55   ESE
 6   6.6   9.2   16:30   3.3   00:00  11.4   0.0   0.0   1.6  14.5    3:15   ESE
 7   4.3   6.8   12:45   1.3    5:50  13.7   0.0   0.0   1.1  16.1   20:40   ESE
 8   5.7  10.8   16:40   0.9    8:25  12.4   0.0   0.0   1.0  12.9   12:55     W
 9   5.9  12.0   15:50   1.8    7:00  12.0   0.0   0.0   1.1  14.5   11:05    SW
10   5.7  11.3   15:30   0.9    8:25  12.3   0.0   0.0   2.4  12.9   15:40    SE
11   8.1  15.4   16:20   0.9    5:50   9.9   0.0   0.0   2.4  32.2   14:15   ESE
12  11.3  16.3   15:15   7.2    8:55   6.7   0.0   0.0   6.0  37.0   12:40   SSE
13  12.2  17.7   15:30   6.0    3:25   5.8   0.0   0.0   6.0  37.0   14:35   SSE
14  14.3  16.7   14:50  11.8    6:05   3.7   0.0   0.0  13.7  59.5    7:10   SSE
15  13.7  18.9   14:45   8.9   23:00   4.3   0.0   0.0   9.0  45.1    3:00   SSE
16  10.1  15.4   12:45   5.9    8:10   7.9   0.0   0.0   1.8  20.9   14:35    SE
17   9.9  15.7   13:55   5.2    5:50   8.1   0.0   0.0   1.1  12.9   14:15     N
18  11.6  19.1   13:40   5.9    5:25   6.4   0.0   0.0   1.1  14.5   13:50   ESE
19   9.0  12.6   12:35   5.1    6:40   9.0   0.0   0.0   1.0  17.7   13:45    NW
20  13.4  20.5   23:25   8.4    9:00   4.9   0.0   0.0   1.9  29.0   23:20   ESE
21  15.3  20.2    0:15  10.7   23:45   3.0   0.0   0.0   5.3  41.8    2:55   WNW
22  10.8  13.1   15:55   9.4    2:30   7.2   0.0   1.2   0.8  12.9   14:30     W
23   5.9  10.3    0:10   3.5   00:00  12.1   0.0  64.6   2.1  29.0    1:45    SE
24   6.6  11.6   15:10   2.8    4:15  11.4   0.0   3.6   5.8  33.8   11:10   SSE
25   7.1  10.4   13:30   2.6    8:25  10.9   0.0   0.0   2.1  22.5   20:50   ESE
26   6.4   8.1    0:05   3.8   23:55  11.6   0.0   0.0   4.3  24.1   23:25    SE
27   1.7   3.8    0:30  -1.0   14:15  16.3   0.0   2.0   3.4  33.8    5:45    SE
28   3.7   5.7   16:00   0.4    0:05  14.3   0.0   0.0   2.7  17.7    5:25    SE
-------------------------------------------------------------------------------------
     8.2  20.5    20    -1.0    27   274.0   0.0  71.4   2.9  59.5    14     SSE

Max >=  32.0:  0
Max <=   0.0:  0
Min <=   0.0:  2
Min <= -18.0:  0
Max Rain: 64.80 ON 23/02/23
Days of Rain: 4 (> .2 mm) 3 (> 2 mm) 1 (> 20 mm)
Heat Base:  18.0  Cool Base:  25.0  Method: Integration