NOAA Style Reports for San Sebastián

           escudo Sn.Sn

Report for 2023 Mar
                   MONTHLY CLIMATOLOGICAL SUMMARY for MAR. 2023

NAME: kocher   CITY: San Sebastian   STATE: Guipuzcoa 
ELEV:    80 m  LAT:  43 18' 42" N  LONG:   2 00' 56" W

                   TEMPERATURE (C), RAIN  (mm), WIND SPEED (km/hr)

                                      HEAT  COOL        AVG
    MEAN                              DEG   DEG         WIND                 DOM
DAY TEMP  HIGH   TIME   LOW    TIME   DAYS  DAYS  RAIN  SPEED HIGH   TIME    DIR
------------------------------------------------------------------------------------
                                         HEAT   COOL         AVG
      MEAN                               DEG    DEG          WIND                   DOM
DAY   TEMP   HIGH   TIME    LOW   TIME   DAYS   DAYS   RAIN  SPEED   HIGH   TIME    DIR
---------------------------------------------------------------------------------------
 01    3,8    6,2  14:25    1,3  06:42   14,6    0,0    0,0    2,0   16,1  13:35    145
 02    6,2    8,6  13:25    3,2  02:22   12,2    0,0    0,0    1,9   19,3  13:35    121
 03    6,4    7,6  00:09    4,2  23:24   12,0    0,0    1,2    1,1   12,9  00:04    188
 04    5,6   10,8  14:57    1,3  06:54   12,7    0,0    0,0    1,9   11,3  10:02    156
 05    6,2   11,4  15:44    1,3  07:29   12,2    0,0    0,0    2,0   12,9  13:44    170
 06    8,0   11,4  15:24    5,7  00:00   10,4    0,0    0,0    1,2   12,9  15:48    139
 07   10,3   15,9  11:59    5,3  04:28    8,0    0,0    4,2    3,7   32,2  08:47    170
 08   16,9   20,2  11:16   13,4  00:00    1,4    0,0    0,0   12,9   53,1  16:14    163
 09   15,3   21,1  14:20   11,0  06:06    3,1    0,0    0,6    5,6   46,7  12:41    164
 10   15,1   19,4  20:47   10,9  00:21    3,3    0,0    0,6    2,3   14,5  18:31    147
 11   15,1   18,3  00:00   12,8  17:51    3,3    0,0   29,6    1,9   17,7  16:24    172
 12   15,1   20,8  14:07   12,6  07:28    3,2    0,0   15,4    1,4   14,5  11:57    138
 13   18,1   24,8  13:53   10,4  20:08    0,2    0,0    3,4    8,5   51,5  13:53    167
 14   11,6   14,7  16:12    9,2  23:28    6,7    0,0    4,6    3,1   32,2  04:05    124
 15   12,4   15,8  12:44    9,1  00:20    6,0    0,0    0,0    1,5   16,1  16:46    147
 16   19,7   24,8  15:19   10,9  00:12    0,0    1,4    0,0    8,2   48,3  23:49    166
 17   17,7   21,7  16:46   11,6  23:59    0,7    0,0    0,6   10,1   51,5  14:45    167
 18   13,0   17,5  13:19   10,4  23:25    5,3    0,0    6,8    4,4   27,4  03:56    165
 19   11,0   14,1  16:28    8,4  23:59    7,4    0,0    8,0    2,2   16,1  02:12    110
 20   10,9   16,7  17:09    5,9  08:15    7,5    0,0    0,0    1,6   12,9  08:48    164
 21   10,7   15,3  15:54    6,6  07:47    7,7    0,0    0,0    1,4   16,1  12:12    111
 22   13,0   19,7  23:54    7,7  03:03    5,4    0,0    0,0    2,1   25,7  07:55    262
 23   20,1   22,9  13:35   14,7  04:37    0,0    1,8    0,0    5,4   33,8  20:10    165
 24   13,8   21,4  00:11    9,9  22:45    4,5    0,0    0,0    3,8   40,2  01:30    164
 25   12,7   19,6  23:19    7,3  05:58    5,6    0,0    0,0    2,8   30,6  23:53    163
 26   13,1   18,3  00:00   10,6  08:20    5,2    0,0    1,8    4,2   25,7  15:34    118
 27   11,2   14,4  15:10    8,8  23:54    7,1    0,0    4,2    2,5   19,3  11:16    130
 28   15,8   25,4  18:08    6,0  06:53    2,5    0,0    0,0    5,1   25,7  12:38    172
 29   22,5   27,3  16:00   19,0  08:07    0,0    4,2    0,0   12,3   45,1  08:49    165
 30   17,4   23,2  00:00   11,4  08:04    0,9    0,0    0,0    4,2   38,6  23:55    160
 31   15,2   21,4  00:00   12,7  23:03    3,1    0,0    0,0    3,5   38,6  00:00    134
---------------------------------------------------------------------------------------
      13,0   27,3     29    1,3     04  172,0    7,4   81,0    4,0   53,1     08    160

Max >=  32.0:  0
Max <=   0.0:  0
Min <=   0.0:  0
Min <= -18.0:  0
Max Rain: 29.79 ON 11/03/23
Days of Rain: 13 (> .2 mm) 9 (> 2 mm) 1 (> 20 mm)
Heat Base:  18.0  Cool Base:  25.0  Method: Integration