NOAA Style Reports for San Sebastián

           escudo Sn.Sn

Report for 2023 Apr
                   MONTHLY CLIMATOLOGICAL SUMMARY for APR. 2023

NAME: kocher   CITY: San Sebastian   STATE: Guipuzcoa 
ELEV:    80 m  LAT:  43 18' 42" N  LONG:   2 00' 56" W

                   TEMPERATURE (C), RAIN  (mm), WIND SPEED (km/hr)

                                      HEAT  COOL        AVG
    MEAN                              DEG   DEG         WIND                 DOM
DAY TEMP  HIGH   TIME   LOW    TIME   DAYS  DAYS  RAIN  SPEED HIGH   TIME    DIR
------------------------------------------------------------------------------------
 1  10.9  12.6    0:05   8.7   16:55   7.0   0.0  10.0   3.1  20.9   11:35   ESE
 2  10.2  12.2   15:35   8.7    0:45   7.8   0.0  12.8   3.9  22.5    3:45   ESE
 3  10.2  13.9   15:15   7.4    5:40   7.8   0.0   0.8   1.9  16.1   16:35   ESE
 4   8.9  12.3   17:25   5.3    8:05   9.1   0.0   0.0   1.8  20.9   17:25   WNW
 5   8.5  13.1   15:35   3.5    5:50   9.5   0.0   0.0   2.3  12.9   13:05     W
 6  10.1  14.7   15:55   6.0    6:20   7.9   0.0   0.0   1.8  16.1   13:55   NNW
 7  10.8  17.7   16:35   4.6    7:05   7.2   0.0   0.0   1.6  14.5   12:15   ESE
 8  12.6  18.2   16:20   7.3    7:35   5.4   0.0   0.0   1.6  16.1   13:20   ESE
 9  14.6  23.6   13:50   9.2    5:45   4.1   0.0   0.0   3.1  20.9   16:00    SE
10  13.4  17.6   15:30   9.4    8:55   4.6   0.0   0.0   2.1  19.3   12:55    SE
11  14.1  16.3   15:40  12.4    7:40   3.9   0.0   0.0   1.9  17.7   12:35     W
12  10.4  14.0    9:50   8.1   00:00   7.5   0.0  13.2   2.1  20.9   11:45   WSW
13   7.7  10.1   16:15   4.8    8:15  10.3   0.0  26.6   3.2  27.4   14:30    SE
14  11.2  14.8   13:35   8.4    3:15   6.8   0.0   3.0   2.7  25.7   20:20   ESE
15  10.8  12.1    0:05   9.7   22:25   7.2   0.0   6.2   2.3  17.7    6:55   ESE
16  10.3  14.3   15:00   5.5    7:45   7.7   0.0   0.0   1.9  14.5   14:20    NW
17  10.8  15.0   17:20   6.7    7:10   7.2   0.0   0.0   2.1  19.3   12:25    SE
18  11.1  14.8   17:15   7.1    5:55   7.0   0.0   0.0   1.9  17.7   12:30     W
19  13.9  21.0   15:25   6.8    7:30   4.6   0.0   0.0   1.9  16.1   16:05   ESE
20  13.3  17.9   11:10   9.8    5:35   4.7   0.0   0.0   3.1  24.1   13:30    NW
21  13.2  18.9   17:05   7.7    7:45   4.8   0.0   6.2   2.4  40.2   18:35     W
22  13.2  17.3   15:25  11.0    9:15   4.8   0.0   7.6   1.4  16.1    0:05   WNW
23  13.8  17.2    7:45  11.0    1:50   4.2   0.0   4.8   2.9  30.6    5:05   WNW
24  13.1  16.1   15:35   9.3    4:45   4.9   0.0   0.4   1.8  17.7   16:50     W
25  15.0  18.6   16:45  13.2    7:15   3.0   0.0   2.2   1.3  14.5   13:55   WNW
26  16.2  20.0   15:50  13.6    3:35   2.1   0.0   0.6   1.9  14.5   15:35     W
27  17.9  23.3   15:15  14.1    5:45   1.5   0.0   0.0   1.4  16.1   13:00    SE
28  16.6  22.1   13:10  13.5    7:40   1.9   0.0   0.0   2.3  30.6   18:50   ESE
29  14.3  15.6   17:20  13.3   23:20   3.7   0.0   1.0   3.1  20.9    3:15    SE
30  13.8  16.2   16:00  11.8    5:30   4.1   0.0   2.0   1.8  14.5   12:15   ESE
-------------------------------------------------------------------------------------
    12.4  23.6     9     3.5     5   172.5   0.0  97.4   2.2  40.2    21     ESE

Max >=  32.0:  0
Max <=   0.0:  0
Min <=   0.0:  0
Min <= -18.0:  0
Max Rain: 26.59 ON 13/04/23
Days of Rain: 15 (> .2 mm) 11 (> 2 mm) 1 (> 20 mm)
Heat Base:  18.0  Cool Base:  25.0  Method: Integration