NOAA Style Reports for San Sebastián

           escudo Sn.Sn

Report for 2023 May
                   MONTHLY CLIMATOLOGICAL SUMMARY for MAY. 2023

NAME: kocher   CITY: San Sebastian   STATE: Guipuzcoa 
ELEV:    80 m  LAT:  43 18' 42" N  LONG:   2 00' 56" W

                   TEMPERATURE (C), RAIN  (mm), WIND SPEED (km/hr)

                                      HEAT  COOL        AVG
    MEAN                              DEG   DEG         WIND                 DOM
DAY TEMP  HIGH   TIME   LOW    TIME   DAYS  DAYS  RAIN  SPEED HIGH   TIME    DIR
------------------------------------------------------------------------------------
 1  13.6  16.8   17:00  11.2   23:55   4.4   0.0   1.2   1.6  20.9   14:25   ESE
 2  14.2  20.1   15:35   9.3    8:10   3.9   0.0   0.0   2.3  16.1   15:20   ESE
 3  21.1  30.8   17:45  10.8    7:35   2.1   1.6   0.0   5.8  48.3   22:30     S
 4  17.7  21.5   11:30  13.8    7:25   1.2   0.0   0.0   2.7  35.4    0:05    SE
 5  16.0  20.9   15:40  11.7    7:15   2.3   0.0   0.0   1.8  14.5   13:10   WSW
 6  15.5  19.5   16:45  12.6    6:00   2.5   0.0   1.2   3.2  29.0   11:40     W
 7  15.2  18.2   15:55  13.0   23:40   2.8   0.0   0.0   1.4  16.1   11:05     W
 8  15.0  19.9   15:55  10.4    7:10   3.2   0.0   0.0   2.1  14.5   13:15     W
 9  14.3  17.0   15:20  12.8    4:25   3.7   0.0   5.2   1.8  14.5   17:25    SE
10  13.2  16.1   13:35  10.7    8:15   4.8   0.0   6.6   2.3  19.3   14:50    SE
11  11.3  14.8   17:10   9.5    6:45   6.7   0.0  38.0   2.6  24.1    5:35    SE
12  11.0  14.0   17:55   8.8    6:00   7.0   0.0  27.6   3.1  25.7   14:35    SE
13  12.6  15.6   16:10  11.3   12:35   5.4   0.0   6.8   1.9  19.3    8:20   ESE
14  13.4  14.7   16:10  11.9    2:25   4.6   0.0   7.2   2.7  24.1    9:20   ESE
15  13.2  15.4   11:55  12.0   21:20   4.8   0.0   2.6   2.1  19.3   12:05   ESE
16  13.2  15.3   16:20  11.5    1:40   4.8   0.0   1.4   3.1  25.7    2:05   ESE
17  12.9  16.9   16:10   7.7    7:20   5.1   0.0   0.0   2.4  19.3   16:30   ESE
18  13.9  17.7   14:50   9.0    6:50   4.1   0.0   0.0   3.2  19.3   16:05   ESE
19  15.1  17.8   14:30  13.1   23:10   2.9   0.0   0.0   3.7  20.9   14:50   ESE
20  14.8  17.8   15:45  12.9    2:20   3.2   0.0   0.0   2.9  24.1    2:10   ESE
21  14.5  17.5   13:45  11.8    7:30   3.5   0.0   0.0   2.1  25.7   13:35   SSE
22  14.4  15.8   17:55  13.4    3:10   3.6   0.0   3.0   1.3  12.9    9:25   SSE
23  15.4  17.1   13:15  14.3    1:10   2.6   0.0   0.2   1.9  17.7   11:50   ESE
24  15.9  17.8   13:35  14.6   23:20   2.1   0.0   0.4   2.6  19.3   11:30    SE
25  15.5  17.9   14:25  13.4   23:20   2.5   0.0   1.2   2.7  16.1    0:05    SE
26  16.2  20.8   16:30  10.8    6:45   2.4   0.0   0.0   1.9  16.1   13:15    NW
27  21.0  27.1   14:10  15.4    6:45   0.5   0.2   0.0   2.3  17.7   12:05   ESE
28  18.1  21.6   11:00  15.2    7:35   0.6   0.0   0.0   3.2  30.6   15:05   WNW
29  18.4  21.8   13:15  15.7    5:40   0.7   0.0   0.0   1.9  14.5   16:55    NW
30  18.1  21.4   16:35  14.8    7:45   0.9   0.0   0.0   2.3  19.3   12:30   WNW
31  17.6  20.3   14:50  15.6    4:40   0.8   0.0   0.0   2.6  19.3   11:45    SE
-------------------------------------------------------------------------------------
    15.2  30.8     3     7.7    17    99.8   1.8 102.6   2.5  48.3     3     ESE

Max >=  32.0:  0
Max <=   0.0:  0
Min <=   0.0:  0
Min <= -18.0:  0
Max Rain: 38.00 ON 11/05/23
Days of Rain: 14 (> .2 mm) 8 (> 2 mm) 2 (> 20 mm)
Heat Base:  18.0  Cool Base:  25.0  Method: Integration