NOAA Style Reports for San Sebastián

           escudo Sn.Sn

Report for 2023 Jul
                   MONTHLY CLIMATOLOGICAL SUMMARY for JUL. 2023

NAME: kocher   CITY: San Sebastian   STATE: Guipuzcoa 
ELEV:    80 m  LAT:  43 18' 42" N  LONG:   2 00' 56" W

                   TEMPERATURE (C), RAIN  (mm), WIND SPEED (km/hr)

                                      HEAT  COOL        AVG
    MEAN                              DEG   DEG         WIND                 DOM
DAY TEMP  HIGH   TIME   LOW    TIME   DAYS  DAYS  RAIN  SPEED HIGH   TIME    DIR
------------------------------------------------------------------------------------
 1  18.7  21.7   14:40  16.7    6:55   0.2   0.0   0.4   1.8  16.1    5:40     W
 2  19.3  21.8   16:55  17.6    3:05   0.0   0.0   9.6   1.4  14.5   11:05   WNW
 3  19.9  23.5   16:30  16.2    7:25   0.3   0.0   0.0   1.8  12.9   11:20     E
 4  20.4  23.3   16:45  18.4    9:50   0.0   0.0   1.4   1.3  16.1   16:45     W
 5  20.0  23.0   14:40  17.5    4:50   0.0   0.0   0.0   1.9  17.7   14:25     W
 6  20.1  23.1   15:45  17.8    7:35   0.0   0.0   0.0   1.8  16.1   22:30   WNW
 7  24.1  31.9   15:05  16.3    6:55   0.2   2.0   0.0   4.2  29.0   13:40     W
 8  22.1  25.6    0:05  19.4    6:55   0.0   0.0   0.0   2.7  30.6    0:55   WNW
 9  21.6  24.4   13:30  18.9   23:45   0.0   0.0   0.4   1.9  17.7   21:50     E
10  21.3  25.4   15:35  17.3    7:25   0.0   0.0   0.0   2.1  17.7   13:40     W
11  20.1  21.1    4:10  18.4   23:55   0.0   0.0   4.6   1.3  11.3    4:15    SE
12  20.1  24.1   17:45  16.4    6:25   0.3   0.0   0.0   1.6  16.1   14:35   WNW
13  20.3  23.7   17:40  17.4    6:25   0.0   0.0   5.0   1.6  14.5   18:25   ESE
14  23.5  35.3   16:15  17.3    3:40   0.1   1.8   0.0   4.3  38.6   16:40    SE
15  18.9  21.4    1:25  16.9   17:05   0.1   0.0   5.8   1.6  17.7   13:35     W
16  18.9  21.5   14:20  15.9    7:30   0.5   0.0   2.8   1.8  19.3   10:50     W
17  20.2  23.7   17:00  17.6    4:05   0.0   0.0   0.0   0.8  11.3   15:25   ESE
18  20.6  22.6   11:10  17.9    6:15   0.0   0.0   0.0   1.8  16.1   11:20   ESE
19  20.4  22.2   16:35  17.7   00:00   0.0   0.0   0.0   1.1  11.3   16:35    SW
20  19.7  22.3   15:35  17.0    1:00   0.1   0.0   0.0   1.4  14.5   13:50   ESE
21  19.4  22.9   15:50  16.9    5:45   0.2   0.0   4.4   1.9  17.7   15:40    SE
22  20.0  23.7   16:00  16.1    6:35   0.3   0.0   0.0   1.6  19.3   17:30   WSW
23  20.6  24.1   14:15  17.9    3:30   0.0   0.0   0.0   1.4  14.5   14:00   WNW
24  18.4  20.2   17:30  16.9   23:55   0.1   0.0   6.4   1.8  16.1   17:50     W
25  17.0  19.2   19:15  15.6    8:40   1.0   0.0  16.4   2.4  19.3   13:50   ESE
26  19.1  22.6   17:00  15.6    1:35   0.6   0.0   0.0   2.1  17.7   14:45     W
27  20.2  26.2   14:10  16.0    6:45   0.4   0.0   0.0   2.4  30.6   15:25     W
28  21.3  27.1   13:50  16.8    6:50   0.1   0.2   0.0   1.8  14.5   14:25     W
29  21.3  26.3   12:50  17.7    7:20   0.0   0.0   1.6   2.3  27.4   14:00    SE
30  20.1  24.0   16:30  17.7   23:35   0.0   0.0   9.8   1.3  16.1    4:35   WNW
31  19.7  24.3   16:20  15.2    6:05   0.7   0.0   0.0   2.4  17.7   18:30   WSW
-------------------------------------------------------------------------------------
    20.2  35.3    14    15.2    31     5.6   4.1  68.6   1.9  38.6    14       W

Max >=  32.0:  1
Max <=   0.0:  0
Min <=   0.0:  0
Min <= -18.0:  0
Max Rain: 16.41 ON 25/07/23
Days of Rain: 13 (> .2 mm) 9 (> 2 mm) 0 (> 20 mm)
Heat Base:  18.0  Cool Base:  25.0  Method: Integration