NOAA Style Reports for San Sebastián

           escudo Sn.Sn

Report for 2023 Aug
                   MONTHLY CLIMATOLOGICAL SUMMARY for AUG. 2023

NAME: kocher   CITY: San Sebastian   STATE: Guipuzcoa 
ELEV:    80 m  LAT:  43 18' 42" N  LONG:   2 00' 56" W

                   TEMPERATURE (C), RAIN  (mm), WIND SPEED (km/hr)

                                      HEAT  COOL        AVG
    MEAN                              DEG   DEG         WIND                 DOM
DAY TEMP  HIGH   TIME   LOW    TIME   DAYS  DAYS  RAIN  SPEED HIGH   TIME    DIR
------------------------------------------------------------------------------------
 1  20.3  23.7   14:00  17.2    5:15   0.0   0.0   0.0   1.9  16.1   12:05     W
 2  20.8  29.4   14:15  17.6   23:55   0.0   0.3   6.6   2.6  22.5   15:00     W
 3  17.4  20.4   13:30  15.9   10:45   0.8   0.0  14.0   2.9  27.4   15:40    SE
 4  17.2  20.5   15:15  14.6    6:55   1.2   0.0   9.2   2.7  20.9   11:35    NW
 5  17.8  22.6   16:25  13.6    7:30   1.3   0.0   4.6   2.6  19.3   17:05    SE
 6  18.4  21.5   13:15  16.1    5:25   0.5   0.0   0.0   2.1  14.5   13:10   ESE
 7  18.2  22.8   16:20  14.0    7:10   1.2   0.0   0.0   2.3  16.1   12:45    SE
 8  19.6  24.8   16:45  14.7    7:15   0.9   0.0   0.0   2.1  16.1   13:50   SSE
 9  24.0  33.4   18:05  16.4    7:20   0.2   2.3   0.0   2.4  43.5   22:50   ESE
10  22.4  25.0   17:00  20.0   23:50   0.0   0.0   0.0   2.9  25.7    0:40    NW
11  21.4  26.0   16:15  16.6    6:50   0.1   0.1   0.0   1.9  16.1   14:00     W
12  20.9  25.6   15:40  17.1    7:05   0.1   0.0   5.0   2.1  16.1   16:25    SE
13  19.8  22.8   12:55  17.7    4:45   0.0   0.0   0.8   1.1  12.9   11:35     E
14  20.3  22.3   15:15  18.6    7:35   0.0   0.0   0.0   1.4  14.5   11:05     W
15  20.6  23.2   12:45  17.5    8:30   0.0   0.0   0.0   1.4  14.5   10:45   ESE
16  20.4  23.9   15:30  19.0   00:00   0.0   0.0   1.6   1.0  17.7   16:25   ESE
17  21.3  25.1   15:15  18.7    4:50   0.0   0.0   0.0   1.1  16.1   14:35   SSW
18  25.0  33.3   17:35  19.7    6:45   0.0   1.9   0.0   1.1  22.5   19:35   ESE
19  24.0  27.5   16:20  19.9    7:45   0.0   0.5   0.0   2.1  29.0    1:10    SW
20  22.4  24.3   16:25  21.0    9:10   0.0   0.0   0.0   2.6  19.3   12:25    SE
21  22.8  26.4   15:40  20.3    8:30   0.0   0.1   0.0   2.4  20.9   18:00     S
22  23.1  27.2   15:40  20.7    4:15   0.0   0.2   0.0   1.4  19.3   14:15     W
23  27.5  37.5   18:00  20.0    8:00   0.0   4.2   0.0   1.3  11.3   16:00   ESE
24  27.8  33.9   10:40  22.9   23:55   0.0   3.0   0.0   5.3  38.6   11:35    SE
25  21.7  23.4    1:05  18.9   23:55   0.0   0.0   0.8   1.4  19.3   13:30   ESE
26  17.7  19.6   14:00  15.2   00:00   0.6   0.0  10.6   1.9  17.7   14:15     W
27  17.2  20.4   16:00  14.2    4:30   1.2   0.0  10.8   3.2  24.1   11:40   ESE
28  18.6  20.8   13:50  17.0    4:10   0.1   0.0  22.6   3.5  27.4   14:00   ESE
29  17.6  20.3   15:50  15.9   00:00   0.7   0.0   5.2   2.6  25.7   11:30   WNW
30  17.7  21.4   17:40  15.6    3:15   0.9   0.0   9.2   2.1  30.6   10:05   ESE
31  18.8  23.8   15:25  14.3    3:00   1.0   0.0   0.0   2.3  16.1   12:30     W
-------------------------------------------------------------------------------------
    20.7  37.5    23    13.6     5    11.1  12.6 101.0   2.2  43.5     9     ESE

Max >=  32.0:  4
Max <=   0.0:  0
Min <=   0.0:  0
Min <= -18.0:  0
Max Rain: 22.61 ON 28/08/23
Days of Rain: 13 (> .2 mm) 10 (> 2 mm) 1 (> 20 mm)
Heat Base:  18.0  Cool Base:  25.0  Method: Integration