NOAA Style Reports for San Sebastián

           escudo Sn.Sn

Report for 2023 Nov
                   MONTHLY CLIMATOLOGICAL SUMMARY for NOV. 2023

NAME: kocher   CITY: San Sebastian   STATE: Guipuzcoa 
ELEV:    80 m  LAT:  43 18' 42" N  LONG:   2 00' 56" W

                   TEMPERATURE (C), RAIN  (mm), WIND SPEED (km/hr)

                                      HEAT  COOL        AVG
    MEAN                              DEG   DEG         WIND                 DOM
DAY TEMP  HIGH   TIME   LOW    TIME   DAYS  DAYS  RAIN  SPEED HIGH   TIME    DIR
------------------------------------------------------------------------------------
 1  16.7  21.6   23:55  12.6   10:20   1.8   0.0   4.8   9.8  77.2   22:30   SSE
 2  12.4  22.3    2:10   8.3   20:25   6.0   0.0  45.6   6.4  91.7    1:15    SE
 3  10.5  11.9   23:35   8.7   12:05   7.5   0.0  13.2   6.3  46.7    9:05    SE
 4  15.0  20.1   10:30  11.2    0:25   3.1   0.0  23.8  11.6  67.6    9:40   SSE
 5  14.6  18.4   14:10  11.4   00:00   3.4   0.0   0.2   6.4  41.8    0:05   SSE
 6  12.1  16.3   13:50   9.6   23:00   5.9   0.0   3.0   2.6  24.1   11:15    NW
 7  10.9  14.8   14:35   7.6    5:35   7.1   0.0   2.0   5.1  45.1    9:30   SSE
 8  13.8  17.3   14:10   9.1    3:45   4.2   0.0   0.4  12.7  51.5   19:25   SSE
 9  12.6  16.5   15:45  10.1    5:40   5.4   0.0  17.6   2.6  27.4   11:05    SE
10  11.3  12.3   14:15  10.2    6:10   6.7   0.0  18.0   1.3  16.1   10:30    SE
11  14.1  17.5   17:40  11.4    0:05   3.9   0.0  11.0   1.0  17.7   00:00     W
12  17.2  21.5   14:55  14.7    8:35   1.3   0.0   3.6   1.6  16.1    1:55   WNW
13  21.3  23.9   14:15  18.1    0:20   0.0   0.0   0.0  11.7  53.1   13:00   SSE
14  18.6  23.7   13:40  13.8   00:00   1.1   0.0   5.6   5.8  41.8    9:40   SSE
15  15.2  18.7   00:00  13.6    8:00   2.9   0.0   2.6   1.4  30.6   23:50    NW
16  16.7  20.4    6:45  12.9   00:00   2.0   0.0   2.4   4.3  30.6    2:00    SE
17  13.3  16.9   13:45  11.4   21:55   4.7   0.0   2.0   1.4  12.9   14:05     W
18  14.7  20.7   12:35  10.7    1:05   3.5   0.0   0.0   3.1  27.4   13:15   WSW
19  14.0  20.6   13:55  10.6    6:10   4.1   0.0   0.0   2.3  19.3   14:35     W
20  12.4  14.1   11:35  10.5   00:00   5.6   0.0  25.2   1.3  19.3   18:35   ESE
21  11.6  13.3   12:10  10.4    0:35   6.4   0.0  24.4   3.5  32.2   22:50    SE
22  11.3  12.3   14:30  10.2    1:10   6.7   0.0   4.2   2.1  27.4   19:35   SSE
23   9.8  12.9   13:45   6.8    8:45   8.2   0.0   0.0   1.0  14.5    0:10   ENE
24  10.2  12.7   16:50   8.6    2:45   7.8   0.0   0.4   1.1  12.9   10:10   SSE
25  10.4  12.9   13:15   7.0   00:00   7.6   0.0   4.2   0.6  12.9    3:50   ESE
26   8.0  12.8   14:55   5.0    8:30  10.0   0.0   0.0   1.6  11.3    4:10     W
27  10.3  13.2   00:00   6.8    0:20   7.7   0.0  11.8   1.9  22.5   22:05   ESE
28  12.1  13.5    2:35  10.4   22:30   5.9   0.0   6.8   1.6  16.1    3:20   ESE
29  14.3  19.2   22:50  10.2    5:40   3.8   0.0   0.8   6.3  53.1   15:50   SSE
30  11.9  16.3    1:50   9.0   23:30   6.1   0.0  35.6   2.1  22.5    2:35     W
-------------------------------------------------------------------------------------
    13.2  23.9    13     5.0    26   150.3   0.0 269.2   4.0  91.7     2     SSE

Max >=  32.0:  0
Max <=   0.0:  0
Min <=   0.0:  0
Min <= -18.0:  0
Max Rain: 45.59 ON 02/11/23
Days of Rain: 25 (> .2 mm) 21 (> 2 mm) 5 (> 20 mm)
Heat Base:  18.0  Cool Base:  25.0  Method: Integration