NOAA Style Reports for San Sebastián

           escudo Sn.Sn

Report for 2023 Dec
                   MONTHLY CLIMATOLOGICAL SUMMARY for DEC. 2023

NAME: kocher   CITY: San Sebastian   STATE: Guipuzcoa 
ELEV:    80 m  LAT:  43 18' 42" N  LONG:   2 00' 56" W

                   TEMPERATURE (C), RAIN  (mm), WIND SPEED (km/hr)

                                      HEAT  COOL        AVG
    MEAN                              DEG   DEG         WIND                 DOM
DAY TEMP  HIGH   TIME   LOW    TIME   DAYS  DAYS  RAIN  SPEED HIGH   TIME    DIR
------------------------------------------------------------------------------------
 1   8.9  10.6   14:50   7.6   10:30   9.1   0.0  16.0   1.4  22.5   23:15    SE
 2   8.2   9.8   12:05   6.7   23:55   9.8   0.0  30.4   1.8  19.3   11:45     W
 3   9.2  13.5   15:15   4.6    7:45   8.8   0.0   0.0   6.6  41.8   21:35   SSE
 4  11.8  15.7   13:15   7.6   00:00   6.2   0.0   6.6  10.8  54.7    3:50   SSE
 5   8.5  11.2   14:20   6.2    6:45   9.5   0.0   5.2   1.4  24.1    2:50    SE
 6   9.5  13.3   14:00   6.7    8:45   8.5   0.0   0.0   1.8  16.1   23:35     W
 7  12.4  13.9   10:00   9.8    0:40   5.6   0.0   4.8  15.1  70.8   11:50   SSE
 8  10.6  13.1   14:30   8.5   20:45   7.4   0.0   9.0   2.4  24.1   16:00     W
 9  14.2  18.6   16:15   9.6    0:05   3.9   0.0   3.2   7.1  53.1   10:15   SSE
10  16.3  20.2   15:35  10.1    4:35   2.3   0.0   0.2   4.0  35.4   13:40     S
11  17.9  19.7   14:20  16.2   21:20   0.3   0.0   0.0   4.7  35.4   12:10   SSE
12  14.6  18.8    3:55  11.7   23:55   3.5   0.0  12.0   4.2  37.0    5:35   SSE
13  10.7  11.9    0:05   9.4   14:50   7.3   0.0  17.8   4.5  32.2   11:35    SE
14  11.3  14.1   12:35   9.1    6:40   6.7   0.0   5.8   3.2  27.4    8:00   ESE
15  11.7  13.9   15:15  10.6    1:15   6.3   0.0   9.2   1.1  19.3    4:55    SE
16   9.4  13.0   14:00   5.3   23:40   8.6   0.0   0.0   1.3  14.5   12:05   NNW
17   7.3  14.2   14:30   2.4    8:55  10.7   0.0   0.0   1.0  11.3    3:00   WNW
18   7.9  13.3   13:25   3.5    8:45  10.0   0.0   0.0   1.0  14.5   14:00   WSW
19   8.8  10.3   15:40   6.8    8:05   9.2   0.0   0.0   2.4  16.1   23:30   SSE
20  10.4  12.2    4:30   8.3    1:30   7.6   0.0  17.0   3.1  27.4    7:55     W
21  11.1  12.5   19:25   9.9    5:20   6.9   0.0  16.4   2.7  17.7   10:30   ESE
22  11.3  12.4    1:35   9.9   23:10   6.7   0.0  14.0   2.4  16.1    0:10   ESE
23  10.2  11.5   11:55   9.3    2:20   7.8   0.0  20.4   1.3  17.7   12:30   ESE
24  10.1  13.9   14:10   7.2   23:30   7.9   0.0   0.8   1.1  12.9   12:20     W
25   8.6  15.8   14:50   5.2    7:25   9.4   0.0   0.0   2.1  12.9   10:40   SSE
26   8.0  14.3   15:25   3.6    8:45  10.0   0.0   0.0   1.1  16.1   22:40   WSW
27  14.2  18.5   13:45   6.8    0:30   3.9   0.0   0.0  11.1  46.7    8:20   SSE
28  14.9  16.4   15:35  13.3    4:35   3.1   0.0   0.0   9.8  51.5    3:30   SSE
29  12.2  14.9   12:00   9.6    8:00   5.8   0.0  10.4   1.0  22.5   12:30    NW
30  13.2  17.2   14:30   9.2    8:30   4.8   0.0   0.0   5.8  49.9   23:55   SSE
31  11.5  16.3    1:45   8.2   23:40   6.5   0.0   6.6   4.3  45.1    0:25    SE
-------------------------------------------------------------------------------------
    11.1  20.2    10     2.4    17   214.1   0.0 205.8   3.9  70.8     7     SSE

Max >=  32.0:  0
Max <=   0.0:  0
Min <=   0.0:  0
Min <= -18.0:  0
Max Rain: 30.40 ON 02/12/23
Days of Rain: 19 (> .2 mm) 17 (> 2 mm) 2 (> 20 mm)
Heat Base:  18.0  Cool Base:  25.0  Method: Integration